{"version":"1.0","provider_name":"El Diario - Bolivia","provider_url":"https:\/\/www.eldiario.net\/portal","title":"Rechazan acci\u00f3n de libertad de Cerimedo - El Diario - Bolivia","type":"rich","width":600,"height":338,"html":"<blockquote class=\"wp-embedded-content\" data-secret=\"4EuY113dcI\"><a href=\"https:\/\/www.eldiario.net\/portal\/2026\/09\/05\/rechazan-accion-de-libertad-de-cerimedo\/\">Rechazan acci\u00f3n de libertad de Cerimedo<\/a><\/blockquote><iframe sandbox=\"allow-scripts\" security=\"restricted\" src=\"https:\/\/www.eldiario.net\/portal\/2026\/09\/05\/rechazan-accion-de-libertad-de-cerimedo\/embed\/#?secret=4EuY113dcI\" width=\"600\" height=\"338\" title=\"\u00abRechazan acci\u00f3n de libertad de Cerimedo\u00bb \u2014 El Diario - Bolivia\" data-secret=\"4EuY113dcI\" frameborder=\"0\" marginwidth=\"0\" marginheight=\"0\" scrolling=\"no\" class=\"wp-embedded-content\"><\/iframe><script>\n\/*! This file is auto-generated *\/\n!function(d,l){\"use strict\";l.querySelector&&d.addEventListener&&\"undefined\"!=typeof URL&&(d.wp=d.wp||{},d.wp.receiveEmbedMessage||(d.wp.receiveEmbedMessage=function(e){var t=e.data;if((t||t.secret||t.message||t.value)&&!\/[^a-zA-Z0-9]\/.test(t.secret)){for(var s,r,n,a=l.querySelectorAll('iframe[data-secret=\"'+t.secret+'\"]'),o=l.querySelectorAll('blockquote[data-secret=\"'+t.secret+'\"]'),c=new RegExp(\"^https?:$\",\"i\"),i=0;i<o.length;i++)o[i].style.display=\"none\";for(i=0;i<a.length;i++)s=a[i],e.source===s.contentWindow&&(s.removeAttribute(\"style\"),\"height\"===t.message?(1e3<(r=parseInt(t.value,10))?r=1e3:~~r<200&&(r=200),s.height=r):\"link\"===t.message&&(r=new URL(s.getAttribute(\"src\")),n=new URL(t.value),c.test(n.protocol))&&n.host===r.host&&l.activeElement===s&&(d.top.location.href=t.value))}},d.addEventListener(\"message\",d.wp.receiveEmbedMessage,!1),l.addEventListener(\"DOMContentLoaded\",function(){for(var e,t,s=l.querySelectorAll(\"iframe.wp-embedded-content\"),r=0;r<s.length;r++)(t=(e=s[r]).getAttribute(\"data-secret\"))||(t=Math.random().toString(36).substring(2,12),e.src+=\"#?secret=\"+t,e.setAttribute(\"data-secret\",t)),e.contentWindow.postMessage({message:\"ready\",secret:t},\"*\")},!1)))}(window,document);\n\/\/# sourceURL=https:\/\/www.eldiario.net\/portal\/wp-includes\/js\/wp-embed.min.js\n<\/script>\n","thumbnail_url":"https:\/\/www.eldiario.net\/portal\/wp-content\/uploads\/2026\/09\/5-RECH.webp","thumbnail_width":1254,"thumbnail_height":896,"description":"La Justicia rechaz\u00f3 ayer la acci\u00f3n de libertad presentada por la defensa de Fernando Cerimedo, con la que buscaba impedir su traslado al penal de m\u00e1xima seguridad de Chonchocoro, en La Paz. Durante la audiencia, el asesor pol\u00edtico afirm\u00f3 que su vida corre peligro y se\u00f1al\u00f3 que enfrenta problemas de salud. La audiencia se desarroll\u00f3 [&hellip;]"}

Rechazan acción de libertad de Cerimedo - El Diario - Bolivia

<blockquote class="wp-embedded-content" data-secret="4EuY113dcI"><a href="https://www.eldiario.net/portal/2026/09/05/rechazan-accion-de-libertad-de-cerimedo/">Rechazan acción de libertad de Cerimedo</a></blockquote><iframe sandbox="allow-scripts" security="restricted" src="https://www.eldiario.net/portal/2026/09/05/rechazan-accion-de-libertad-de-cerimedo/embed/#?secret=4EuY113dcI" width="600" height="338" title="«Rechazan acción de libertad de Cerimedo» — El Diario - Bolivia" data-secret="4EuY113dcI" frameborder="0" marginwidth="0" marginheight="0" scrolling="no" class="wp-embedded-content"></iframe><script>
/*! This file is auto-generated */
!function(d,l){"use strict";l.querySelector&&d.addEventListener&&"undefined"!=typeof URL&&(d.wp=d.wp||{},d.wp.receiveEmbedMessage||(d.wp.receiveEmbedMessage=function(e){var t=e.data;if((t||t.secret||t.message||t.value)&&!/[^a-zA-Z0-9]/.test(t.secret)){for(var s,r,n,a=l.querySelectorAll('iframe[data-secret="'+t.secret+'"]'),o=l.querySelectorAll('blockquote[data-secret="'+t.secret+'"]'),c=new RegExp("^https?:$","i"),i=0;i<o.length;i++)o[i].style.display="none";for(i=0;i<a.length;i++)s=a[i],e.source===s.contentWindow&&(s.removeAttribute("style"),"height"===t.message?(1e3<(r=parseInt(t.value,10))?r=1e3:~~r<200&&(r=200),s.height=r):"link"===t.message&&(r=new URL(s.getAttribute("src")),n=new URL(t.value),c.test(n.protocol))&&n.host===r.host&&l.activeElement===s&&(d.top.location.href=t.value))}},d.addEventListener("message",d.wp.receiveEmbedMessage,!1),l.addEventListener("DOMContentLoaded",function(){for(var e,t,s=l.querySelectorAll("iframe.wp-embedded-content"),r=0;r<s.length;r++)(t=(e=s[r]).getAttribute("data-secret"))||(t=Math.random().toString(36).substring(2,12),e.src+="#?secret="+t,e.setAttribute("data-secret",t)),e.contentWindow.postMessage({message:"ready",secret:t},"*")},!1)))}(window,document);
//# sourceURL=https://www.eldiario.net/portal/wp-includes/js/wp-embed.min.js
</script>

La Justicia rechazó ayer la acción de libertad presentada por la defensa de Fernando Cerimedo, con la que buscaba impedir su traslado al penal de máxima seguridad de Chonchocoro, en La Paz. Durante la audiencia, el asesor político afirmó que su vida corre peligro y señaló que enfrenta problemas de salud. La audiencia se desarrolló [&hellip;]
