{"version":"1.0","provider_name":"El Diario - Bolivia","provider_url":"https:\/\/www.eldiario.net\/portal","title":"18 : La FECHA DE LAS TRES CABEZAS - El Diario - Bolivia","type":"rich","width":600,"height":338,"html":"<blockquote class=\"wp-embedded-content\" data-secret=\"7pDDIrEHnx\"><a href=\"https:\/\/www.eldiario.net\/portal\/2026\/09\/04\/18-la-fecha-de-las-tres-cabezas\/\">18 : La FECHA DE LAS TRES CABEZAS<\/a><\/blockquote><iframe sandbox=\"allow-scripts\" security=\"restricted\" src=\"https:\/\/www.eldiario.net\/portal\/2026\/09\/04\/18-la-fecha-de-las-tres-cabezas\/embed\/#?secret=7pDDIrEHnx\" width=\"600\" height=\"338\" title=\"\u00ab18 : La FECHA DE LAS TRES CABEZAS\u00bb \u2014 El Diario - Bolivia\" data-secret=\"7pDDIrEHnx\" frameborder=\"0\" marginwidth=\"0\" marginheight=\"0\" scrolling=\"no\" class=\"wp-embedded-content\"><\/iframe><script>\n\/*! This file is auto-generated *\/\n!function(d,l){\"use strict\";l.querySelector&&d.addEventListener&&\"undefined\"!=typeof URL&&(d.wp=d.wp||{},d.wp.receiveEmbedMessage||(d.wp.receiveEmbedMessage=function(e){var t=e.data;if((t||t.secret||t.message||t.value)&&!\/[^a-zA-Z0-9]\/.test(t.secret)){for(var s,r,n,a=l.querySelectorAll('iframe[data-secret=\"'+t.secret+'\"]'),o=l.querySelectorAll('blockquote[data-secret=\"'+t.secret+'\"]'),c=new RegExp(\"^https?:$\",\"i\"),i=0;i<o.length;i++)o[i].style.display=\"none\";for(i=0;i<a.length;i++)s=a[i],e.source===s.contentWindow&&(s.removeAttribute(\"style\"),\"height\"===t.message?(1e3<(r=parseInt(t.value,10))?r=1e3:~~r<200&&(r=200),s.height=r):\"link\"===t.message&&(r=new URL(s.getAttribute(\"src\")),n=new URL(t.value),c.test(n.protocol))&&n.host===r.host&&l.activeElement===s&&(d.top.location.href=t.value))}},d.addEventListener(\"message\",d.wp.receiveEmbedMessage,!1),l.addEventListener(\"DOMContentLoaded\",function(){for(var e,t,s=l.querySelectorAll(\"iframe.wp-embedded-content\"),r=0;r<s.length;r++)(t=(e=s[r]).getAttribute(\"data-secret\"))||(t=Math.random().toString(36).substring(2,12),e.src+=\"#?secret=\"+t,e.setAttribute(\"data-secret\",t)),e.contentWindow.postMessage({message:\"ready\",secret:t},\"*\")},!1)))}(window,document);\n\/\/# sourceURL=https:\/\/www.eldiario.net\/portal\/wp-includes\/js\/wp-embed.min.js\n<\/script>\n","thumbnail_url":"https:\/\/www.eldiario.net\/portal\/wp-content\/uploads\/2026\/09\/FOTO-70-C.webp","thumbnail_width":1200,"thumbnail_height":800,"description":"La Divisi\u00f3n Profesional del F\u00fatbol Boliviano arde a falta de 12 fechas para el final. La jornada 18, que se desarrollar\u00e1 desde hoy, se perfila como un punto de inflexi\u00f3n absoluto en el torneo, con un escenario matem\u00e1tico tan cerrado que podr\u00eda dejar a tres equipos empatados exactamente con 36 puntos en la cima de [&hellip;]"}

La División Profesional del Fútbol Boliviano arde a falta de 12 fechas para el final. La jornada 18, que se desarrollará desde hoy, se perfila como un punto de inflexión absoluto en el torneo, con un escenario matemático tan cerrado que podría dejar a tres equipos empatados exactamente con 36 puntos en la cima de [&hellip;]
