{"version":"1.0","provider_name":"El Diario - Bolivia","provider_url":"https:\/\/www.eldiario.net\/portal","title":"Eligen a \u00c1ngela Calabi como alcaldesa interina - El Diario - Bolivia","type":"rich","width":600,"height":338,"html":"<blockquote class=\"wp-embedded-content\" data-secret=\"JZgJ0ky6xv\"><a href=\"https:\/\/www.eldiario.net\/portal\/2026\/09\/03\/eligen-a-angela-calabi-como-alcaldesa-interina\/\">Eligen a \u00c1ngela Calabi  como alcaldesa interina<\/a><\/blockquote><iframe sandbox=\"allow-scripts\" security=\"restricted\" src=\"https:\/\/www.eldiario.net\/portal\/2026\/09\/03\/eligen-a-angela-calabi-como-alcaldesa-interina\/embed\/#?secret=JZgJ0ky6xv\" width=\"600\" height=\"338\" title=\"\u00abEligen a \u00c1ngela Calabi  como alcaldesa interina\u00bb \u2014 El Diario - Bolivia\" data-secret=\"JZgJ0ky6xv\" frameborder=\"0\" marginwidth=\"0\" marginheight=\"0\" scrolling=\"no\" class=\"wp-embedded-content\"><\/iframe><script>\n\/*! This file is auto-generated *\/\n!function(d,l){\"use strict\";l.querySelector&&d.addEventListener&&\"undefined\"!=typeof URL&&(d.wp=d.wp||{},d.wp.receiveEmbedMessage||(d.wp.receiveEmbedMessage=function(e){var t=e.data;if((t||t.secret||t.message||t.value)&&!\/[^a-zA-Z0-9]\/.test(t.secret)){for(var s,r,n,a=l.querySelectorAll('iframe[data-secret=\"'+t.secret+'\"]'),o=l.querySelectorAll('blockquote[data-secret=\"'+t.secret+'\"]'),c=new RegExp(\"^https?:$\",\"i\"),i=0;i<o.length;i++)o[i].style.display=\"none\";for(i=0;i<a.length;i++)s=a[i],e.source===s.contentWindow&&(s.removeAttribute(\"style\"),\"height\"===t.message?(1e3<(r=parseInt(t.value,10))?r=1e3:~~r<200&&(r=200),s.height=r):\"link\"===t.message&&(r=new URL(s.getAttribute(\"src\")),n=new URL(t.value),c.test(n.protocol))&&n.host===r.host&&l.activeElement===s&&(d.top.location.href=t.value))}},d.addEventListener(\"message\",d.wp.receiveEmbedMessage,!1),l.addEventListener(\"DOMContentLoaded\",function(){for(var e,t,s=l.querySelectorAll(\"iframe.wp-embedded-content\"),r=0;r<s.length;r++)(t=(e=s[r]).getAttribute(\"data-secret\"))||(t=Math.random().toString(36).substring(2,12),e.src+=\"#?secret=\"+t,e.setAttribute(\"data-secret\",t)),e.contentWindow.postMessage({message:\"ready\",secret:t},\"*\")},!1)))}(window,document);\n\/\/# sourceURL=https:\/\/www.eldiario.net\/portal\/wp-includes\/js\/wp-embed.min.js\n<\/script>\n","thumbnail_url":"https:\/\/www.eldiario.net\/portal\/wp-content\/uploads\/2026\/09\/ALCALDESA-FOTO-1.webp","thumbnail_width":2048,"thumbnail_height":1366,"description":"Tras una discusi\u00f3n jur\u00eddica sobre la ausencia del alcalde de La Paz, C\u00e9sar Dockweiler, quien se encuentra en Colombia para participar en una reuni\u00f3n de alcaldes organizada por el Banco Interamericano de Desarrollo (BID), el Concejo Municipal de La Paz aprob\u00f3 la designaci\u00f3n de \u00c1ngela Calabi como alcaldesa interina, con seis votos a favor de [&hellip;]"}

Eligen a Ángela Calabi como alcaldesa interina - El Diario - Bolivia

<blockquote class="wp-embedded-content" data-secret="JZgJ0ky6xv"><a href="https://www.eldiario.net/portal/2026/09/03/eligen-a-angela-calabi-como-alcaldesa-interina/">Eligen a Ángela Calabi  como alcaldesa interina</a></blockquote><iframe sandbox="allow-scripts" security="restricted" src="https://www.eldiario.net/portal/2026/09/03/eligen-a-angela-calabi-como-alcaldesa-interina/embed/#?secret=JZgJ0ky6xv" width="600" height="338" title="«Eligen a Ángela Calabi  como alcaldesa interina» — El Diario - Bolivia" data-secret="JZgJ0ky6xv" frameborder="0" marginwidth="0" marginheight="0" scrolling="no" class="wp-embedded-content"></iframe><script>
/*! This file is auto-generated */
!function(d,l){"use strict";l.querySelector&&d.addEventListener&&"undefined"!=typeof URL&&(d.wp=d.wp||{},d.wp.receiveEmbedMessage||(d.wp.receiveEmbedMessage=function(e){var t=e.data;if((t||t.secret||t.message||t.value)&&!/[^a-zA-Z0-9]/.test(t.secret)){for(var s,r,n,a=l.querySelectorAll('iframe[data-secret="'+t.secret+'"]'),o=l.querySelectorAll('blockquote[data-secret="'+t.secret+'"]'),c=new RegExp("^https?:$","i"),i=0;i<o.length;i++)o[i].style.display="none";for(i=0;i<a.length;i++)s=a[i],e.source===s.contentWindow&&(s.removeAttribute("style"),"height"===t.message?(1e3<(r=parseInt(t.value,10))?r=1e3:~~r<200&&(r=200),s.height=r):"link"===t.message&&(r=new URL(s.getAttribute("src")),n=new URL(t.value),c.test(n.protocol))&&n.host===r.host&&l.activeElement===s&&(d.top.location.href=t.value))}},d.addEventListener("message",d.wp.receiveEmbedMessage,!1),l.addEventListener("DOMContentLoaded",function(){for(var e,t,s=l.querySelectorAll("iframe.wp-embedded-content"),r=0;r<s.length;r++)(t=(e=s[r]).getAttribute("data-secret"))||(t=Math.random().toString(36).substring(2,12),e.src+="#?secret="+t,e.setAttribute("data-secret",t)),e.contentWindow.postMessage({message:"ready",secret:t},"*")},!1)))}(window,document);
//# sourceURL=https://www.eldiario.net/portal/wp-includes/js/wp-embed.min.js
</script>

Tras una discusión jurídica sobre la ausencia del alcalde de La Paz, César Dockweiler, quien se encuentra en Colombia para participar en una reunión de alcaldes organizada por el Banco Interamericano de Desarrollo (BID), el Concejo Municipal de La Paz aprobó la designación de Ángela Calabi como alcaldesa interina, con seis votos a favor de [&hellip;]
