{"version":"1.0","provider_name":"El Diario - Bolivia","provider_url":"https:\/\/www.eldiario.net\/portal","title":"Bolivia asume Secretar\u00eda General de la ALADI - El Diario - Bolivia","type":"rich","width":600,"height":338,"html":"<blockquote class=\"wp-embedded-content\" data-secret=\"q0hTRPF52b\"><a href=\"https:\/\/www.eldiario.net\/portal\/2026\/09\/03\/bolivia-asume-secretaria-general-de-la-aladi\/\">Bolivia asume Secretar\u00eda  General de la ALADI<\/a><\/blockquote><iframe sandbox=\"allow-scripts\" security=\"restricted\" src=\"https:\/\/www.eldiario.net\/portal\/2026\/09\/03\/bolivia-asume-secretaria-general-de-la-aladi\/embed\/#?secret=q0hTRPF52b\" width=\"600\" height=\"338\" title=\"\u00abBolivia asume Secretar\u00eda  General de la ALADI\u00bb \u2014 El Diario - Bolivia\" data-secret=\"q0hTRPF52b\" frameborder=\"0\" marginwidth=\"0\" marginheight=\"0\" scrolling=\"no\" class=\"wp-embedded-content\"><\/iframe><script>\n\/*! This file is auto-generated *\/\n!function(d,l){\"use strict\";l.querySelector&&d.addEventListener&&\"undefined\"!=typeof URL&&(d.wp=d.wp||{},d.wp.receiveEmbedMessage||(d.wp.receiveEmbedMessage=function(e){var t=e.data;if((t||t.secret||t.message||t.value)&&!\/[^a-zA-Z0-9]\/.test(t.secret)){for(var s,r,n,a=l.querySelectorAll('iframe[data-secret=\"'+t.secret+'\"]'),o=l.querySelectorAll('blockquote[data-secret=\"'+t.secret+'\"]'),c=new RegExp(\"^https?:$\",\"i\"),i=0;i<o.length;i++)o[i].style.display=\"none\";for(i=0;i<a.length;i++)s=a[i],e.source===s.contentWindow&&(s.removeAttribute(\"style\"),\"height\"===t.message?(1e3<(r=parseInt(t.value,10))?r=1e3:~~r<200&&(r=200),s.height=r):\"link\"===t.message&&(r=new URL(s.getAttribute(\"src\")),n=new URL(t.value),c.test(n.protocol))&&n.host===r.host&&l.activeElement===s&&(d.top.location.href=t.value))}},d.addEventListener(\"message\",d.wp.receiveEmbedMessage,!1),l.addEventListener(\"DOMContentLoaded\",function(){for(var e,t,s=l.querySelectorAll(\"iframe.wp-embedded-content\"),r=0;r<s.length;r++)(t=(e=s[r]).getAttribute(\"data-secret\"))||(t=Math.random().toString(36).substring(2,12),e.src+=\"#?secret=\"+t,e.setAttribute(\"data-secret\",t)),e.contentWindow.postMessage({message:\"ready\",secret:t},\"*\")},!1)))}(window,document);\n\/\/# sourceURL=https:\/\/www.eldiario.net\/portal\/wp-includes\/js\/wp-embed.min.js\n<\/script>\n","thumbnail_url":"https:\/\/www.eldiario.net\/portal\/wp-content\/uploads\/2026\/09\/Consejo-Com-Prensa.webp","thumbnail_width":800,"thumbnail_height":375,"description":"Los pa\u00edses miembros de la Asociaci\u00f3n Latinoamericana de Integraci\u00f3n (Aladi) eligieron por unanimidad al boliviano Adhemar Guzm\u00e1n Ballivi\u00e1n como Secretario General para el per\u00edodo 2026\u20132029, durante la XX Reuni\u00f3n del Consejo de Ministros de Relaciones Exteriores. La decisi\u00f3n constituye un resultado de especial relevancia para Bolivia y expresa la confianza regional depositada en su candidatura. [&hellip;]"}

Bolivia asume Secretaría General de la ALADI - El Diario - Bolivia

<blockquote class="wp-embedded-content" data-secret="q0hTRPF52b"><a href="https://www.eldiario.net/portal/2026/09/03/bolivia-asume-secretaria-general-de-la-aladi/">Bolivia asume Secretaría  General de la ALADI</a></blockquote><iframe sandbox="allow-scripts" security="restricted" src="https://www.eldiario.net/portal/2026/09/03/bolivia-asume-secretaria-general-de-la-aladi/embed/#?secret=q0hTRPF52b" width="600" height="338" title="«Bolivia asume Secretaría  General de la ALADI» — El Diario - Bolivia" data-secret="q0hTRPF52b" frameborder="0" marginwidth="0" marginheight="0" scrolling="no" class="wp-embedded-content"></iframe><script>
/*! This file is auto-generated */
!function(d,l){"use strict";l.querySelector&&d.addEventListener&&"undefined"!=typeof URL&&(d.wp=d.wp||{},d.wp.receiveEmbedMessage||(d.wp.receiveEmbedMessage=function(e){var t=e.data;if((t||t.secret||t.message||t.value)&&!/[^a-zA-Z0-9]/.test(t.secret)){for(var s,r,n,a=l.querySelectorAll('iframe[data-secret="'+t.secret+'"]'),o=l.querySelectorAll('blockquote[data-secret="'+t.secret+'"]'),c=new RegExp("^https?:$","i"),i=0;i<o.length;i++)o[i].style.display="none";for(i=0;i<a.length;i++)s=a[i],e.source===s.contentWindow&&(s.removeAttribute("style"),"height"===t.message?(1e3<(r=parseInt(t.value,10))?r=1e3:~~r<200&&(r=200),s.height=r):"link"===t.message&&(r=new URL(s.getAttribute("src")),n=new URL(t.value),c.test(n.protocol))&&n.host===r.host&&l.activeElement===s&&(d.top.location.href=t.value))}},d.addEventListener("message",d.wp.receiveEmbedMessage,!1),l.addEventListener("DOMContentLoaded",function(){for(var e,t,s=l.querySelectorAll("iframe.wp-embedded-content"),r=0;r<s.length;r++)(t=(e=s[r]).getAttribute("data-secret"))||(t=Math.random().toString(36).substring(2,12),e.src+="#?secret="+t,e.setAttribute("data-secret",t)),e.contentWindow.postMessage({message:"ready",secret:t},"*")},!1)))}(window,document);
//# sourceURL=https://www.eldiario.net/portal/wp-includes/js/wp-embed.min.js
</script>

Los países miembros de la Asociación Latinoamericana de Integración (Aladi) eligieron por unanimidad al boliviano Adhemar Guzmán Ballivián como Secretario General para el período 2026–2029, durante la XX Reunión del Consejo de Ministros de Relaciones Exteriores. La decisión constituye un resultado de especial relevancia para Bolivia y expresa la confianza regional depositada en su candidatura. [&hellip;]
