{"version":"1.0","provider_name":"El Diario - Bolivia","provider_url":"https:\/\/www.eldiario.net\/portal","title":"Maduro planea quedar libre ante justicia estadounidense - El Diario - Bolivia","type":"rich","width":600,"height":338,"html":"<blockquote class=\"wp-embedded-content\" data-secret=\"uKUfMiMcW4\"><a href=\"https:\/\/www.eldiario.net\/portal\/2026\/09\/02\/maduro-planea-quedar-libre-ante-justicia-estadounidense\/\">Maduro planea quedar libre ante justicia estadounidense<\/a><\/blockquote><iframe sandbox=\"allow-scripts\" security=\"restricted\" src=\"https:\/\/www.eldiario.net\/portal\/2026\/09\/02\/maduro-planea-quedar-libre-ante-justicia-estadounidense\/embed\/#?secret=uKUfMiMcW4\" width=\"600\" height=\"338\" title=\"\u00abMaduro planea quedar libre ante justicia estadounidense\u00bb \u2014 El Diario - Bolivia\" data-secret=\"uKUfMiMcW4\" frameborder=\"0\" marginwidth=\"0\" marginheight=\"0\" scrolling=\"no\" class=\"wp-embedded-content\"><\/iframe><script>\n\/*! This file is auto-generated *\/\n!function(d,l){\"use strict\";l.querySelector&&d.addEventListener&&\"undefined\"!=typeof URL&&(d.wp=d.wp||{},d.wp.receiveEmbedMessage||(d.wp.receiveEmbedMessage=function(e){var t=e.data;if((t||t.secret||t.message||t.value)&&!\/[^a-zA-Z0-9]\/.test(t.secret)){for(var s,r,n,a=l.querySelectorAll('iframe[data-secret=\"'+t.secret+'\"]'),o=l.querySelectorAll('blockquote[data-secret=\"'+t.secret+'\"]'),c=new RegExp(\"^https?:$\",\"i\"),i=0;i<o.length;i++)o[i].style.display=\"none\";for(i=0;i<a.length;i++)s=a[i],e.source===s.contentWindow&&(s.removeAttribute(\"style\"),\"height\"===t.message?(1e3<(r=parseInt(t.value,10))?r=1e3:~~r<200&&(r=200),s.height=r):\"link\"===t.message&&(r=new URL(s.getAttribute(\"src\")),n=new URL(t.value),c.test(n.protocol))&&n.host===r.host&&l.activeElement===s&&(d.top.location.href=t.value))}},d.addEventListener(\"message\",d.wp.receiveEmbedMessage,!1),l.addEventListener(\"DOMContentLoaded\",function(){for(var e,t,s=l.querySelectorAll(\"iframe.wp-embedded-content\"),r=0;r<s.length;r++)(t=(e=s[r]).getAttribute(\"data-secret\"))||(t=Math.random().toString(36).substring(2,12),e.src+=\"#?secret=\"+t,e.setAttribute(\"data-secret\",t)),e.contentWindow.postMessage({message:\"ready\",secret:t},\"*\")},!1)))}(window,document);\n\/\/# sourceURL=https:\/\/www.eldiario.net\/portal\/wp-includes\/js\/wp-embed.min.js\n<\/script>\n","thumbnail_url":"https:\/\/www.eldiario.net\/portal\/wp-content\/uploads\/2026\/09\/MADURO-AP.webp","thumbnail_width":980,"thumbnail_height":551,"description":"El depuesto dictador venezolano, Nicol\u00e1s Maduro, presentar\u00e1 hoy ante el juez federal de Manhattan Alvin Hellerstein las mociones con las que buscar\u00e1 que su caso penal por narcotr\u00e1fico sea desestimado antes de llegar a juicio, seg\u00fan revel\u00f3 Reuters, citando a seis expertos estadounidenses en derecho internacional y defensa penal. La estrategia de la defensa gira [&hellip;]"}

El depuesto dictador venezolano, Nicolás Maduro, presentará hoy ante el juez federal de Manhattan Alvin Hellerstein las mociones con las que buscará que su caso penal por narcotráfico sea desestimado antes de llegar a juicio, según reveló Reuters, citando a seis expertos estadounidenses en derecho internacional y defensa penal. La estrategia de la defensa gira [&hellip;]
