{"version":"1.0","provider_name":"El Diario - Bolivia","provider_url":"https:\/\/www.eldiario.net\/portal","title":"Desmienten suspensi\u00f3n de inhumaciones en Mercedario - El Diario - Bolivia","type":"rich","width":600,"height":338,"html":"<blockquote class=\"wp-embedded-content\" data-secret=\"b1kNJOS3mZ\"><a href=\"https:\/\/www.eldiario.net\/portal\/2026\/09\/02\/desmienten-suspension-de-inhumaciones-en-mercedario\/\">Desmienten suspensi\u00f3n de inhumaciones en Mercedario<\/a><\/blockquote><iframe sandbox=\"allow-scripts\" security=\"restricted\" src=\"https:\/\/www.eldiario.net\/portal\/2026\/09\/02\/desmienten-suspension-de-inhumaciones-en-mercedario\/embed\/#?secret=b1kNJOS3mZ\" width=\"600\" height=\"338\" title=\"\u00abDesmienten suspensi\u00f3n de inhumaciones en Mercedario\u00bb \u2014 El Diario - Bolivia\" data-secret=\"b1kNJOS3mZ\" frameborder=\"0\" marginwidth=\"0\" marginheight=\"0\" scrolling=\"no\" class=\"wp-embedded-content\"><\/iframe><script>\n\/*! This file is auto-generated *\/\n!function(d,l){\"use strict\";l.querySelector&&d.addEventListener&&\"undefined\"!=typeof URL&&(d.wp=d.wp||{},d.wp.receiveEmbedMessage||(d.wp.receiveEmbedMessage=function(e){var t=e.data;if((t||t.secret||t.message||t.value)&&!\/[^a-zA-Z0-9]\/.test(t.secret)){for(var s,r,n,a=l.querySelectorAll('iframe[data-secret=\"'+t.secret+'\"]'),o=l.querySelectorAll('blockquote[data-secret=\"'+t.secret+'\"]'),c=new RegExp(\"^https?:$\",\"i\"),i=0;i<o.length;i++)o[i].style.display=\"none\";for(i=0;i<a.length;i++)s=a[i],e.source===s.contentWindow&&(s.removeAttribute(\"style\"),\"height\"===t.message?(1e3<(r=parseInt(t.value,10))?r=1e3:~~r<200&&(r=200),s.height=r):\"link\"===t.message&&(r=new URL(s.getAttribute(\"src\")),n=new URL(t.value),c.test(n.protocol))&&n.host===r.host&&l.activeElement===s&&(d.top.location.href=t.value))}},d.addEventListener(\"message\",d.wp.receiveEmbedMessage,!1),l.addEventListener(\"DOMContentLoaded\",function(){for(var e,t,s=l.querySelectorAll(\"iframe.wp-embedded-content\"),r=0;r<s.length;r++)(t=(e=s[r]).getAttribute(\"data-secret\"))||(t=Math.random().toString(36).substring(2,12),e.src+=\"#?secret=\"+t,e.setAttribute(\"data-secret\",t)),e.contentWindow.postMessage({message:\"ready\",secret:t},\"*\")},!1)))}(window,document);\n\/\/# sourceURL=https:\/\/www.eldiario.net\/portal\/wp-includes\/js\/wp-embed.min.js\n<\/script>\n","thumbnail_url":"https:\/\/www.eldiario.net\/portal\/wp-content\/uploads\/2026\/09\/F-3-cementerios.webp","thumbnail_width":1027,"thumbnail_height":546,"description":"Ante versiones sobre una supuesta suspensi\u00f3n de los entierros, el secretario municipal de Desarrollo Econ\u00f3mico del municipio alte\u00f1o, Willy Tancara, asegur\u00f3 que los cementerios municipales de El Alto brindan atenci\u00f3n con normalidad y mantienen habilitado el servicio de inhumaciones. La autoridad atribuy\u00f3 el comunicado falso a personas que buscan \u201cgenerar malestar\u201d con la gesti\u00f3n municipal. [&hellip;]"}

Desmienten suspensión de inhumaciones en Mercedario - El Diario - Bolivia

<blockquote class="wp-embedded-content" data-secret="b1kNJOS3mZ"><a href="https://www.eldiario.net/portal/2026/09/02/desmienten-suspension-de-inhumaciones-en-mercedario/">Desmienten suspensión de inhumaciones en Mercedario</a></blockquote><iframe sandbox="allow-scripts" security="restricted" src="https://www.eldiario.net/portal/2026/09/02/desmienten-suspension-de-inhumaciones-en-mercedario/embed/#?secret=b1kNJOS3mZ" width="600" height="338" title="«Desmienten suspensión de inhumaciones en Mercedario» — El Diario - Bolivia" data-secret="b1kNJOS3mZ" frameborder="0" marginwidth="0" marginheight="0" scrolling="no" class="wp-embedded-content"></iframe><script>
/*! This file is auto-generated */
!function(d,l){"use strict";l.querySelector&&d.addEventListener&&"undefined"!=typeof URL&&(d.wp=d.wp||{},d.wp.receiveEmbedMessage||(d.wp.receiveEmbedMessage=function(e){var t=e.data;if((t||t.secret||t.message||t.value)&&!/[^a-zA-Z0-9]/.test(t.secret)){for(var s,r,n,a=l.querySelectorAll('iframe[data-secret="'+t.secret+'"]'),o=l.querySelectorAll('blockquote[data-secret="'+t.secret+'"]'),c=new RegExp("^https?:$","i"),i=0;i<o.length;i++)o[i].style.display="none";for(i=0;i<a.length;i++)s=a[i],e.source===s.contentWindow&&(s.removeAttribute("style"),"height"===t.message?(1e3<(r=parseInt(t.value,10))?r=1e3:~~r<200&&(r=200),s.height=r):"link"===t.message&&(r=new URL(s.getAttribute("src")),n=new URL(t.value),c.test(n.protocol))&&n.host===r.host&&l.activeElement===s&&(d.top.location.href=t.value))}},d.addEventListener("message",d.wp.receiveEmbedMessage,!1),l.addEventListener("DOMContentLoaded",function(){for(var e,t,s=l.querySelectorAll("iframe.wp-embedded-content"),r=0;r<s.length;r++)(t=(e=s[r]).getAttribute("data-secret"))||(t=Math.random().toString(36).substring(2,12),e.src+="#?secret="+t,e.setAttribute("data-secret",t)),e.contentWindow.postMessage({message:"ready",secret:t},"*")},!1)))}(window,document);
//# sourceURL=https://www.eldiario.net/portal/wp-includes/js/wp-embed.min.js
</script>

Ante versiones sobre una supuesta suspensión de los entierros, el secretario municipal de Desarrollo Económico del municipio alteño, Willy Tancara, aseguró que los cementerios municipales de El Alto brindan atención con normalidad y mantienen habilitado el servicio de inhumaciones. La autoridad atribuyó el comunicado falso a personas que buscan “generar malestar” con la gestión municipal. [&hellip;]
