{"version":"1.0","provider_name":"El Diario - Bolivia","provider_url":"https:\/\/www.eldiario.net\/portal","title":"Alfa Inmobiliaria ingresa en el mercado pace\u00f1o - El Diario - Bolivia","type":"rich","width":600,"height":338,"html":"<blockquote class=\"wp-embedded-content\" data-secret=\"9tfvKGIUOG\"><a href=\"https:\/\/www.eldiario.net\/portal\/2026\/09\/02\/alfa-inmobiliaria-ingresa-en-el-mercado-paceno\/\">Alfa Inmobiliaria ingresa en el mercado pace\u00f1o<\/a><\/blockquote><iframe sandbox=\"allow-scripts\" security=\"restricted\" src=\"https:\/\/www.eldiario.net\/portal\/2026\/09\/02\/alfa-inmobiliaria-ingresa-en-el-mercado-paceno\/embed\/#?secret=9tfvKGIUOG\" width=\"600\" height=\"338\" title=\"\u00abAlfa Inmobiliaria ingresa en el mercado pace\u00f1o\u00bb \u2014 El Diario - Bolivia\" data-secret=\"9tfvKGIUOG\" frameborder=\"0\" marginwidth=\"0\" marginheight=\"0\" scrolling=\"no\" class=\"wp-embedded-content\"><\/iframe><script>\n\/*! This file is auto-generated *\/\n!function(d,l){\"use strict\";l.querySelector&&d.addEventListener&&\"undefined\"!=typeof URL&&(d.wp=d.wp||{},d.wp.receiveEmbedMessage||(d.wp.receiveEmbedMessage=function(e){var t=e.data;if((t||t.secret||t.message||t.value)&&!\/[^a-zA-Z0-9]\/.test(t.secret)){for(var s,r,n,a=l.querySelectorAll('iframe[data-secret=\"'+t.secret+'\"]'),o=l.querySelectorAll('blockquote[data-secret=\"'+t.secret+'\"]'),c=new RegExp(\"^https?:$\",\"i\"),i=0;i<o.length;i++)o[i].style.display=\"none\";for(i=0;i<a.length;i++)s=a[i],e.source===s.contentWindow&&(s.removeAttribute(\"style\"),\"height\"===t.message?(1e3<(r=parseInt(t.value,10))?r=1e3:~~r<200&&(r=200),s.height=r):\"link\"===t.message&&(r=new URL(s.getAttribute(\"src\")),n=new URL(t.value),c.test(n.protocol))&&n.host===r.host&&l.activeElement===s&&(d.top.location.href=t.value))}},d.addEventListener(\"message\",d.wp.receiveEmbedMessage,!1),l.addEventListener(\"DOMContentLoaded\",function(){for(var e,t,s=l.querySelectorAll(\"iframe.wp-embedded-content\"),r=0;r<s.length;r++)(t=(e=s[r]).getAttribute(\"data-secret\"))||(t=Math.random().toString(36).substring(2,12),e.src+=\"#?secret=\"+t,e.setAttribute(\"data-secret\",t)),e.contentWindow.postMessage({message:\"ready\",secret:t},\"*\")},!1)))}(window,document);\n\/\/# sourceURL=https:\/\/www.eldiario.net\/portal\/wp-includes\/js\/wp-embed.min.js\n<\/script>\n","thumbnail_url":"https:\/\/www.eldiario.net\/portal\/wp-content\/uploads\/2026\/09\/DSC_3206.webp","thumbnail_width":1200,"thumbnail_height":801,"description":"La marca espa\u00f1ola Alfa Inmobiliaria oficializ\u00f3 su ingreso en el mercado pace\u00f1o mediante la apertura de sus dos primeras oficinas en La Paz. El evento coincidi\u00f3 con la celebraci\u00f3n de su primer a\u00f1o de operaciones en Bolivia, tras alcanzar una red de 65 oficinas activas y 1.750 asesores inmobiliarios en todo el pa\u00eds. Respaldada por [&hellip;]"}

Alfa Inmobiliaria ingresa en el mercado paceño - El Diario - Bolivia

<blockquote class="wp-embedded-content" data-secret="9tfvKGIUOG"><a href="https://www.eldiario.net/portal/2026/09/02/alfa-inmobiliaria-ingresa-en-el-mercado-paceno/">Alfa Inmobiliaria ingresa en el mercado paceño</a></blockquote><iframe sandbox="allow-scripts" security="restricted" src="https://www.eldiario.net/portal/2026/09/02/alfa-inmobiliaria-ingresa-en-el-mercado-paceno/embed/#?secret=9tfvKGIUOG" width="600" height="338" title="«Alfa Inmobiliaria ingresa en el mercado paceño» — El Diario - Bolivia" data-secret="9tfvKGIUOG" frameborder="0" marginwidth="0" marginheight="0" scrolling="no" class="wp-embedded-content"></iframe><script>
/*! This file is auto-generated */
!function(d,l){"use strict";l.querySelector&&d.addEventListener&&"undefined"!=typeof URL&&(d.wp=d.wp||{},d.wp.receiveEmbedMessage||(d.wp.receiveEmbedMessage=function(e){var t=e.data;if((t||t.secret||t.message||t.value)&&!/[^a-zA-Z0-9]/.test(t.secret)){for(var s,r,n,a=l.querySelectorAll('iframe[data-secret="'+t.secret+'"]'),o=l.querySelectorAll('blockquote[data-secret="'+t.secret+'"]'),c=new RegExp("^https?:$","i"),i=0;i<o.length;i++)o[i].style.display="none";for(i=0;i<a.length;i++)s=a[i],e.source===s.contentWindow&&(s.removeAttribute("style"),"height"===t.message?(1e3<(r=parseInt(t.value,10))?r=1e3:~~r<200&&(r=200),s.height=r):"link"===t.message&&(r=new URL(s.getAttribute("src")),n=new URL(t.value),c.test(n.protocol))&&n.host===r.host&&l.activeElement===s&&(d.top.location.href=t.value))}},d.addEventListener("message",d.wp.receiveEmbedMessage,!1),l.addEventListener("DOMContentLoaded",function(){for(var e,t,s=l.querySelectorAll("iframe.wp-embedded-content"),r=0;r<s.length;r++)(t=(e=s[r]).getAttribute("data-secret"))||(t=Math.random().toString(36).substring(2,12),e.src+="#?secret="+t,e.setAttribute("data-secret",t)),e.contentWindow.postMessage({message:"ready",secret:t},"*")},!1)))}(window,document);
//# sourceURL=https://www.eldiario.net/portal/wp-includes/js/wp-embed.min.js
</script>

La marca española Alfa Inmobiliaria oficializó su ingreso en el mercado paceño mediante la apertura de sus dos primeras oficinas en La Paz. El evento coincidió con la celebración de su primer año de operaciones en Bolivia, tras alcanzar una red de 65 oficinas activas y 1.750 asesores inmobiliarios en todo el país. Respaldada por [&hellip;]
