{"version":"1.0","provider_name":"El Diario - Bolivia","provider_url":"https:\/\/www.eldiario.net\/portal","title":"Nuevo comandante policial debe aprehender a Morales - El Diario - Bolivia","type":"rich","width":600,"height":338,"html":"<blockquote class=\"wp-embedded-content\" data-secret=\"fllvQjI3c6\"><a href=\"https:\/\/www.eldiario.net\/portal\/2026\/09\/01\/nuevo-comandante-policial-debe-aprehender-a-morales\/\">Nuevo comandante policial debe aprehender a Morales<\/a><\/blockquote><iframe sandbox=\"allow-scripts\" security=\"restricted\" src=\"https:\/\/www.eldiario.net\/portal\/2026\/09\/01\/nuevo-comandante-policial-debe-aprehender-a-morales\/embed\/#?secret=fllvQjI3c6\" width=\"600\" height=\"338\" title=\"\u00abNuevo comandante policial debe aprehender a Morales\u00bb \u2014 El Diario - Bolivia\" data-secret=\"fllvQjI3c6\" frameborder=\"0\" marginwidth=\"0\" marginheight=\"0\" scrolling=\"no\" class=\"wp-embedded-content\"><\/iframe><script>\n\/*! This file is auto-generated *\/\n!function(d,l){\"use strict\";l.querySelector&&d.addEventListener&&\"undefined\"!=typeof URL&&(d.wp=d.wp||{},d.wp.receiveEmbedMessage||(d.wp.receiveEmbedMessage=function(e){var t=e.data;if((t||t.secret||t.message||t.value)&&!\/[^a-zA-Z0-9]\/.test(t.secret)){for(var s,r,n,a=l.querySelectorAll('iframe[data-secret=\"'+t.secret+'\"]'),o=l.querySelectorAll('blockquote[data-secret=\"'+t.secret+'\"]'),c=new RegExp(\"^https?:$\",\"i\"),i=0;i<o.length;i++)o[i].style.display=\"none\";for(i=0;i<a.length;i++)s=a[i],e.source===s.contentWindow&&(s.removeAttribute(\"style\"),\"height\"===t.message?(1e3<(r=parseInt(t.value,10))?r=1e3:~~r<200&&(r=200),s.height=r):\"link\"===t.message&&(r=new URL(s.getAttribute(\"src\")),n=new URL(t.value),c.test(n.protocol))&&n.host===r.host&&l.activeElement===s&&(d.top.location.href=t.value))}},d.addEventListener(\"message\",d.wp.receiveEmbedMessage,!1),l.addEventListener(\"DOMContentLoaded\",function(){for(var e,t,s=l.querySelectorAll(\"iframe.wp-embedded-content\"),r=0;r<s.length;r++)(t=(e=s[r]).getAttribute(\"data-secret\"))||(t=Math.random().toString(36).substring(2,12),e.src+=\"#?secret=\"+t,e.setAttribute(\"data-secret\",t)),e.contentWindow.postMessage({message:\"ready\",secret:t},\"*\")},!1)))}(window,document);\n\/\/# sourceURL=https:\/\/www.eldiario.net\/portal\/wp-includes\/js\/wp-embed.min.js\n<\/script>\n","thumbnail_url":"https:\/\/www.eldiario.net\/portal\/wp-content\/uploads\/2026\/09\/adelantos-12-copia.webp","thumbnail_width":507,"thumbnail_height":509,"description":"Tras la posesi\u00f3n de un nuevo comandante general de la Polic\u00eda Boliviana, el jefe de bancada por la alianza Libre en la C\u00e1mara de Diputados, Rafael L\u00f3pez, se\u00f1al\u00f3 que una de las primeras tareas de la nueva m\u00e1xima autoridad en la instituci\u00f3n verde olivo, debe ser dar cumplimiento a la orden de aprehensi\u00f3n contra Evo [&hellip;]"}

Tras la posesión de un nuevo comandante general de la Policía Boliviana, el jefe de bancada por la alianza Libre en la Cámara de Diputados, Rafael López, señaló que una de las primeras tareas de la nueva máxima autoridad en la institución verde olivo, debe ser dar cumplimiento a la orden de aprehensión contra Evo [&hellip;]
