{"version":"1.0","provider_name":"El Diario - Bolivia","provider_url":"https:\/\/www.eldiario.net\/portal","title":"Aparece supuesto sicario del caso Beller - El Diario - Bolivia","type":"rich","width":600,"height":338,"html":"<blockquote class=\"wp-embedded-content\" data-secret=\"OZ6D4thXKe\"><a href=\"https:\/\/www.eldiario.net\/portal\/2026\/09\/01\/aparece-supuesto-sicario-del-caso-beller\/\">Aparece supuesto  sicario del caso Beller<\/a><\/blockquote><iframe sandbox=\"allow-scripts\" security=\"restricted\" src=\"https:\/\/www.eldiario.net\/portal\/2026\/09\/01\/aparece-supuesto-sicario-del-caso-beller\/embed\/#?secret=OZ6D4thXKe\" width=\"600\" height=\"338\" title=\"\u00abAparece supuesto  sicario del caso Beller\u00bb \u2014 El Diario - Bolivia\" data-secret=\"OZ6D4thXKe\" frameborder=\"0\" marginwidth=\"0\" marginheight=\"0\" scrolling=\"no\" class=\"wp-embedded-content\"><\/iframe><script>\n\/*! This file is auto-generated *\/\n!function(d,l){\"use strict\";l.querySelector&&d.addEventListener&&\"undefined\"!=typeof URL&&(d.wp=d.wp||{},d.wp.receiveEmbedMessage||(d.wp.receiveEmbedMessage=function(e){var t=e.data;if((t||t.secret||t.message||t.value)&&!\/[^a-zA-Z0-9]\/.test(t.secret)){for(var s,r,n,a=l.querySelectorAll('iframe[data-secret=\"'+t.secret+'\"]'),o=l.querySelectorAll('blockquote[data-secret=\"'+t.secret+'\"]'),c=new RegExp(\"^https?:$\",\"i\"),i=0;i<o.length;i++)o[i].style.display=\"none\";for(i=0;i<a.length;i++)s=a[i],e.source===s.contentWindow&&(s.removeAttribute(\"style\"),\"height\"===t.message?(1e3<(r=parseInt(t.value,10))?r=1e3:~~r<200&&(r=200),s.height=r):\"link\"===t.message&&(r=new URL(s.getAttribute(\"src\")),n=new URL(t.value),c.test(n.protocol))&&n.host===r.host&&l.activeElement===s&&(d.top.location.href=t.value))}},d.addEventListener(\"message\",d.wp.receiveEmbedMessage,!1),l.addEventListener(\"DOMContentLoaded\",function(){for(var e,t,s=l.querySelectorAll(\"iframe.wp-embedded-content\"),r=0;r<s.length;r++)(t=(e=s[r]).getAttribute(\"data-secret\"))||(t=Math.random().toString(36).substring(2,12),e.src+=\"#?secret=\"+t,e.setAttribute(\"data-secret\",t)),e.contentWindow.postMessage({message:\"ready\",secret:t},\"*\")},!1)))}(window,document);\n\/\/# sourceURL=https:\/\/www.eldiario.net\/portal\/wp-includes\/js\/wp-embed.min.js\n<\/script>\n","thumbnail_url":"https:\/\/www.eldiario.net\/portal\/wp-content\/uploads\/2026\/09\/APARECE-FOTO.webp","thumbnail_width":1280,"thumbnail_height":545,"description":"El hombre identificado como Aldo Silva Pe\u00f1a, alias \u2018el Juancho\u2019, se\u00f1alado por la Polic\u00eda como quien dispar\u00f3 contra Nadia Beller, apareci\u00f3 en un video en el que asegura que el atentado ten\u00eda otro objetivo. Seg\u00fan su versi\u00f3n, reflejada en un video difundido desde la clandestinidad, la orden no era matar a Beller, sino darle un [&hellip;]"}

El hombre identificado como Aldo Silva Peña, alias ‘el Juancho’, señalado por la Policía como quien disparó contra Nadia Beller, apareció en un video en el que asegura que el atentado tenía otro objetivo. Según su versión, reflejada en un video difundido desde la clandestinidad, la orden no era matar a Beller, sino darle un [&hellip;]
