{"version":"1.0","provider_name":"El Diario - Bolivia","provider_url":"https:\/\/www.eldiario.net\/portal","title":"Posesionan a nueva autoridad de la DGAC - El Diario - Bolivia","type":"rich","width":600,"height":338,"html":"<blockquote class=\"wp-embedded-content\" data-secret=\"ssNFCFK9hM\"><a href=\"https:\/\/www.eldiario.net\/portal\/2026\/08\/31\/posesionan-a-nueva-autoridad-de-la-dgac\/\">Posesionan a nueva autoridad de la DGAC<\/a><\/blockquote><iframe sandbox=\"allow-scripts\" security=\"restricted\" src=\"https:\/\/www.eldiario.net\/portal\/2026\/08\/31\/posesionan-a-nueva-autoridad-de-la-dgac\/embed\/#?secret=ssNFCFK9hM\" width=\"600\" height=\"338\" title=\"\u00abPosesionan a nueva autoridad de la DGAC\u00bb \u2014 El Diario - Bolivia\" data-secret=\"ssNFCFK9hM\" frameborder=\"0\" marginwidth=\"0\" marginheight=\"0\" scrolling=\"no\" class=\"wp-embedded-content\"><\/iframe><script>\n\/*! This file is auto-generated *\/\n!function(d,l){\"use strict\";l.querySelector&&d.addEventListener&&\"undefined\"!=typeof URL&&(d.wp=d.wp||{},d.wp.receiveEmbedMessage||(d.wp.receiveEmbedMessage=function(e){var t=e.data;if((t||t.secret||t.message||t.value)&&!\/[^a-zA-Z0-9]\/.test(t.secret)){for(var s,r,n,a=l.querySelectorAll('iframe[data-secret=\"'+t.secret+'\"]'),o=l.querySelectorAll('blockquote[data-secret=\"'+t.secret+'\"]'),c=new RegExp(\"^https?:$\",\"i\"),i=0;i<o.length;i++)o[i].style.display=\"none\";for(i=0;i<a.length;i++)s=a[i],e.source===s.contentWindow&&(s.removeAttribute(\"style\"),\"height\"===t.message?(1e3<(r=parseInt(t.value,10))?r=1e3:~~r<200&&(r=200),s.height=r):\"link\"===t.message&&(r=new URL(s.getAttribute(\"src\")),n=new URL(t.value),c.test(n.protocol))&&n.host===r.host&&l.activeElement===s&&(d.top.location.href=t.value))}},d.addEventListener(\"message\",d.wp.receiveEmbedMessage,!1),l.addEventListener(\"DOMContentLoaded\",function(){for(var e,t,s=l.querySelectorAll(\"iframe.wp-embedded-content\"),r=0;r<s.length;r++)(t=(e=s[r]).getAttribute(\"data-secret\"))||(t=Math.random().toString(36).substring(2,12),e.src+=\"#?secret=\"+t,e.setAttribute(\"data-secret\",t)),e.contentWindow.postMessage({message:\"ready\",secret:t},\"*\")},!1)))}(window,document);\n\/\/# sourceURL=https:\/\/www.eldiario.net\/portal\/wp-includes\/js\/wp-embed.min.js\n<\/script>\n","thumbnail_url":"https:\/\/www.eldiario.net\/portal\/wp-content\/uploads\/2026\/08\/adelantos-8-copia-18.webp","thumbnail_width":505,"thumbnail_height":507,"description":"El ministro de Obras P\u00fablicas, Mauricio Zamora, posesion\u00f3 al nuevo director ejecutivo a.i. de la Direcci\u00f3n General de Aeron\u00e1utica Civil (DGAC), Erick Eduardo Vargas Campero. Tiene 48 a\u00f1os de experiencia en el \u00e1mbito aeron\u00e1utico, m\u00e1s de 20.000 horas de vuelo y es especialista en seguridad operacional."}

El ministro de Obras Públicas, Mauricio Zamora, posesionó al nuevo director ejecutivo a.i. de la Dirección General de Aeronáutica Civil (DGAC), Erick Eduardo Vargas Campero. Tiene 48 años de experiencia en el ámbito aeronáutico, más de 20.000 horas de vuelo y es especialista en seguridad operacional.
