{"version":"1.0","provider_name":"El Diario - Bolivia","provider_url":"https:\/\/www.eldiario.net\/portal","title":"Defensa de Rojas prepara nueva estrategia judicial - El Diario - Bolivia","type":"rich","width":600,"height":338,"html":"<blockquote class=\"wp-embedded-content\" data-secret=\"kdVw8V8J77\"><a href=\"https:\/\/www.eldiario.net\/portal\/2026\/08\/12\/defensa-de-rojas-prepara-nueva-estrategia-judicial\/\">Defensa de Rojas prepara nueva estrategia judicial<\/a><\/blockquote><iframe sandbox=\"allow-scripts\" security=\"restricted\" src=\"https:\/\/www.eldiario.net\/portal\/2026\/08\/12\/defensa-de-rojas-prepara-nueva-estrategia-judicial\/embed\/#?secret=kdVw8V8J77\" width=\"600\" height=\"338\" title=\"\u00abDefensa de Rojas prepara nueva estrategia judicial\u00bb \u2014 El Diario - Bolivia\" data-secret=\"kdVw8V8J77\" frameborder=\"0\" marginwidth=\"0\" marginheight=\"0\" scrolling=\"no\" class=\"wp-embedded-content\"><\/iframe><script>\n\/*! This file is auto-generated *\/\n!function(d,l){\"use strict\";l.querySelector&&d.addEventListener&&\"undefined\"!=typeof URL&&(d.wp=d.wp||{},d.wp.receiveEmbedMessage||(d.wp.receiveEmbedMessage=function(e){var t=e.data;if((t||t.secret||t.message||t.value)&&!\/[^a-zA-Z0-9]\/.test(t.secret)){for(var s,r,n,a=l.querySelectorAll('iframe[data-secret=\"'+t.secret+'\"]'),o=l.querySelectorAll('blockquote[data-secret=\"'+t.secret+'\"]'),c=new RegExp(\"^https?:$\",\"i\"),i=0;i<o.length;i++)o[i].style.display=\"none\";for(i=0;i<a.length;i++)s=a[i],e.source===s.contentWindow&&(s.removeAttribute(\"style\"),\"height\"===t.message?(1e3<(r=parseInt(t.value,10))?r=1e3:~~r<200&&(r=200),s.height=r):\"link\"===t.message&&(r=new URL(s.getAttribute(\"src\")),n=new URL(t.value),c.test(n.protocol))&&n.host===r.host&&l.activeElement===s&&(d.top.location.href=t.value))}},d.addEventListener(\"message\",d.wp.receiveEmbedMessage,!1),l.addEventListener(\"DOMContentLoaded\",function(){for(var e,t,s=l.querySelectorAll(\"iframe.wp-embedded-content\"),r=0;r<s.length;r++)(t=(e=s[r]).getAttribute(\"data-secret\"))||(t=Math.random().toString(36).substring(2,12),e.src+=\"#?secret=\"+t,e.setAttribute(\"data-secret\",t)),e.contentWindow.postMessage({message:\"ready\",secret:t},\"*\")},!1)))}(window,document);\n\/\/# sourceURL=https:\/\/www.eldiario.net\/portal\/wp-includes\/js\/wp-embed.min.js\n<\/script>\n","thumbnail_url":"https:\/\/www.eldiario.net\/portal\/wp-content\/uploads\/2026\/08\/12-ROJAS.webp","thumbnail_width":1001,"thumbnail_height":636,"description":"La defensa de la exdiputada, Laura Rojas, prepara un nuevo frente judicial en el caso maletas, mientras busca concretar la detenci\u00f3n domiciliaria que le fue concedida por la Justicia. Rojas sali\u00f3 ayer de Palmasola para cumplir un microaspirado a tres maletas en la Fiscal\u00eda Departamental de Santa Cruz y realizar su registro de arraigo, pero [&hellip;]"}

La defensa de la exdiputada, Laura Rojas, prepara un nuevo frente judicial en el caso maletas, mientras busca concretar la detención domiciliaria que le fue concedida por la Justicia. Rojas salió ayer de Palmasola para cumplir un microaspirado a tres maletas en la Fiscalía Departamental de Santa Cruz y realizar su registro de arraigo, pero [&hellip;]
