{"version":"1.0","provider_name":"El Diario - Bolivia","provider_url":"https:\/\/www.eldiario.net\/portal","title":"Gestionan declaratoria de patrimonio para marraqueta - El Diario - Bolivia","type":"rich","width":600,"height":338,"html":"<blockquote class=\"wp-embedded-content\" data-secret=\"C6vw4h0h7I\"><a href=\"https:\/\/www.eldiario.net\/portal\/2026\/07\/29\/gestionan-declaratoria-de-patrimonio-para-marraqueta\/\">Gestionan declaratoria de  patrimonio para marraqueta<\/a><\/blockquote><iframe sandbox=\"allow-scripts\" security=\"restricted\" src=\"https:\/\/www.eldiario.net\/portal\/2026\/07\/29\/gestionan-declaratoria-de-patrimonio-para-marraqueta\/embed\/#?secret=C6vw4h0h7I\" width=\"600\" height=\"338\" title=\"\u00abGestionan declaratoria de  patrimonio para marraqueta\u00bb \u2014 El Diario - Bolivia\" data-secret=\"C6vw4h0h7I\" frameborder=\"0\" marginwidth=\"0\" marginheight=\"0\" scrolling=\"no\" class=\"wp-embedded-content\"><\/iframe><script>\n\/*! This file is auto-generated *\/\n!function(d,l){\"use strict\";l.querySelector&&d.addEventListener&&\"undefined\"!=typeof URL&&(d.wp=d.wp||{},d.wp.receiveEmbedMessage||(d.wp.receiveEmbedMessage=function(e){var t=e.data;if((t||t.secret||t.message||t.value)&&!\/[^a-zA-Z0-9]\/.test(t.secret)){for(var s,r,n,a=l.querySelectorAll('iframe[data-secret=\"'+t.secret+'\"]'),o=l.querySelectorAll('blockquote[data-secret=\"'+t.secret+'\"]'),c=new RegExp(\"^https?:$\",\"i\"),i=0;i<o.length;i++)o[i].style.display=\"none\";for(i=0;i<a.length;i++)s=a[i],e.source===s.contentWindow&&(s.removeAttribute(\"style\"),\"height\"===t.message?(1e3<(r=parseInt(t.value,10))?r=1e3:~~r<200&&(r=200),s.height=r):\"link\"===t.message&&(r=new URL(s.getAttribute(\"src\")),n=new URL(t.value),c.test(n.protocol))&&n.host===r.host&&l.activeElement===s&&(d.top.location.href=t.value))}},d.addEventListener(\"message\",d.wp.receiveEmbedMessage,!1),l.addEventListener(\"DOMContentLoaded\",function(){for(var e,t,s=l.querySelectorAll(\"iframe.wp-embedded-content\"),r=0;r<s.length;r++)(t=(e=s[r]).getAttribute(\"data-secret\"))||(t=Math.random().toString(36).substring(2,12),e.src+=\"#?secret=\"+t,e.setAttribute(\"data-secret\",t)),e.contentWindow.postMessage({message:\"ready\",secret:t},\"*\")},!1)))}(window,document);\n\/\/# sourceURL=https:\/\/www.eldiario.net\/portal\/wp-includes\/js\/wp-embed.min.js\n<\/script>\n","thumbnail_url":"https:\/\/www.eldiario.net\/portal\/wp-content\/uploads\/2026\/07\/Marraqueta-Efe.webp","thumbnail_width":400,"thumbnail_height":225,"description":"La Brigada Parlamentaria de La Paz present\u00f3 un proyecto de ley para declarar a la marraqueta Patrimonio Cultural del Estado Plurinacional de Bolivia e instituir el D\u00eda Nacional del Panadero. La presidenta de la Brigada Parlamentaria de La Paz, Claudia Bilbao, se\u00f1al\u00f3 que el objetivo es preservar uno de los alimentos m\u00e1s representativos de la [&hellip;]"}

La Brigada Parlamentaria de La Paz presentó un proyecto de ley para declarar a la marraqueta Patrimonio Cultural del Estado Plurinacional de Bolivia e instituir el Día Nacional del Panadero. La presidenta de la Brigada Parlamentaria de La Paz, Claudia Bilbao, señaló que el objetivo es preservar uno de los alimentos más representativos de la [&hellip;]
