{"version":"1.0","provider_name":"El Diario - Bolivia","provider_url":"https:\/\/www.eldiario.net\/portal","title":"Rechazan pedido de gracia presidencial para Castillo - El Diario - Bolivia","type":"rich","width":600,"height":338,"html":"<blockquote class=\"wp-embedded-content\" data-secret=\"eImiyeRgZZ\"><a href=\"https:\/\/www.eldiario.net\/portal\/2026\/07\/24\/rechazan-pedido-de-gracia-presidencial-para-castillo\/\">Rechazan pedido de gracia  presidencial para Castillo<\/a><\/blockquote><iframe sandbox=\"allow-scripts\" security=\"restricted\" src=\"https:\/\/www.eldiario.net\/portal\/2026\/07\/24\/rechazan-pedido-de-gracia-presidencial-para-castillo\/embed\/#?secret=eImiyeRgZZ\" width=\"600\" height=\"338\" title=\"\u00abRechazan pedido de gracia  presidencial para Castillo\u00bb \u2014 El Diario - Bolivia\" data-secret=\"eImiyeRgZZ\" frameborder=\"0\" marginwidth=\"0\" marginheight=\"0\" scrolling=\"no\" class=\"wp-embedded-content\"><\/iframe><script>\n\/*! This file is auto-generated *\/\n!function(d,l){\"use strict\";l.querySelector&&d.addEventListener&&\"undefined\"!=typeof URL&&(d.wp=d.wp||{},d.wp.receiveEmbedMessage||(d.wp.receiveEmbedMessage=function(e){var t=e.data;if((t||t.secret||t.message||t.value)&&!\/[^a-zA-Z0-9]\/.test(t.secret)){for(var s,r,n,a=l.querySelectorAll('iframe[data-secret=\"'+t.secret+'\"]'),o=l.querySelectorAll('blockquote[data-secret=\"'+t.secret+'\"]'),c=new RegExp(\"^https?:$\",\"i\"),i=0;i<o.length;i++)o[i].style.display=\"none\";for(i=0;i<a.length;i++)s=a[i],e.source===s.contentWindow&&(s.removeAttribute(\"style\"),\"height\"===t.message?(1e3<(r=parseInt(t.value,10))?r=1e3:~~r<200&&(r=200),s.height=r):\"link\"===t.message&&(r=new URL(s.getAttribute(\"src\")),n=new URL(t.value),c.test(n.protocol))&&n.host===r.host&&l.activeElement===s&&(d.top.location.href=t.value))}},d.addEventListener(\"message\",d.wp.receiveEmbedMessage,!1),l.addEventListener(\"DOMContentLoaded\",function(){for(var e,t,s=l.querySelectorAll(\"iframe.wp-embedded-content\"),r=0;r<s.length;r++)(t=(e=s[r]).getAttribute(\"data-secret\"))||(t=Math.random().toString(36).substring(2,12),e.src+=\"#?secret=\"+t,e.setAttribute(\"data-secret\",t)),e.contentWindow.postMessage({message:\"ready\",secret:t},\"*\")},!1)))}(window,document);\n\/\/# sourceURL=https:\/\/www.eldiario.net\/portal\/wp-includes\/js\/wp-embed.min.js\n<\/script>\n","thumbnail_url":"https:\/\/www.eldiario.net\/portal\/wp-content\/uploads\/2023\/12\/Internacional.jpg","thumbnail_width":800,"thumbnail_height":500,"description":"El Ministerio de Justicia y Derechos Humanos (Minjusdh) rechaz\u00f3 la solicitud de gracia presidencial presentada a favor del expresidente Pedro Castillo por el congresista El\u00edas Varas Mel\u00e9ndez, tras concluir que el pedido no cumple con los requisitos establecidos para iniciar su evaluaci\u00f3n. De acuerdo con un informe emitido por la cartera, la solicitud fue declarada [&hellip;]"}

El Ministerio de Justicia y Derechos Humanos (Minjusdh) rechazó la solicitud de gracia presidencial presentada a favor del expresidente Pedro Castillo por el congresista Elías Varas Meléndez, tras concluir que el pedido no cumple con los requisitos establecidos para iniciar su evaluación. De acuerdo con un informe emitido por la cartera, la solicitud fue declarada [&hellip;]
