{"version":"1.0","provider_name":"El Diario - Bolivia","provider_url":"https:\/\/www.eldiario.net\/portal","title":"Cuestionan tr\u00e1mite de invalidez de Argollo - El Diario - Bolivia","type":"rich","width":600,"height":338,"html":"<blockquote class=\"wp-embedded-content\" data-secret=\"LQxaDlkzW3\"><a href=\"https:\/\/www.eldiario.net\/portal\/2026\/07\/14\/cuestionan-tramite-de-invalidez-de-argollo\/\">Cuestionan tr\u00e1mite de invalidez de Argollo<\/a><\/blockquote><iframe sandbox=\"allow-scripts\" security=\"restricted\" src=\"https:\/\/www.eldiario.net\/portal\/2026\/07\/14\/cuestionan-tramite-de-invalidez-de-argollo\/embed\/#?secret=LQxaDlkzW3\" width=\"600\" height=\"338\" title=\"\u00abCuestionan tr\u00e1mite de invalidez de Argollo\u00bb \u2014 El Diario - Bolivia\" data-secret=\"LQxaDlkzW3\" frameborder=\"0\" marginwidth=\"0\" marginheight=\"0\" scrolling=\"no\" class=\"wp-embedded-content\"><\/iframe><script>\n\/*! This file is auto-generated *\/\n!function(d,l){\"use strict\";l.querySelector&&d.addEventListener&&\"undefined\"!=typeof URL&&(d.wp=d.wp||{},d.wp.receiveEmbedMessage||(d.wp.receiveEmbedMessage=function(e){var t=e.data;if((t||t.secret||t.message||t.value)&&!\/[^a-zA-Z0-9]\/.test(t.secret)){for(var s,r,n,a=l.querySelectorAll('iframe[data-secret=\"'+t.secret+'\"]'),o=l.querySelectorAll('blockquote[data-secret=\"'+t.secret+'\"]'),c=new RegExp(\"^https?:$\",\"i\"),i=0;i<o.length;i++)o[i].style.display=\"none\";for(i=0;i<a.length;i++)s=a[i],e.source===s.contentWindow&&(s.removeAttribute(\"style\"),\"height\"===t.message?(1e3<(r=parseInt(t.value,10))?r=1e3:~~r<200&&(r=200),s.height=r):\"link\"===t.message&&(r=new URL(s.getAttribute(\"src\")),n=new URL(t.value),c.test(n.protocol))&&n.host===r.host&&l.activeElement===s&&(d.top.location.href=t.value))}},d.addEventListener(\"message\",d.wp.receiveEmbedMessage,!1),l.addEventListener(\"DOMContentLoaded\",function(){for(var e,t,s=l.querySelectorAll(\"iframe.wp-embedded-content\"),r=0;r<s.length;r++)(t=(e=s[r]).getAttribute(\"data-secret\"))||(t=Math.random().toString(36).substring(2,12),e.src+=\"#?secret=\"+t,e.setAttribute(\"data-secret\",t)),e.contentWindow.postMessage({message:\"ready\",secret:t},\"*\")},!1)))}(window,document);\n\/\/# sourceURL=https:\/\/www.eldiario.net\/portal\/wp-includes\/js\/wp-embed.min.js\n<\/script>\n","thumbnail_url":"https:\/\/www.eldiario.net\/portal\/wp-content\/uploads\/2026\/07\/ARGOLLO-FOTO.webp","thumbnail_width":1200,"thumbnail_height":700,"description":"El periodista, Juan Carlos Arana, cuestion\u00f3 la legalidad del tr\u00e1mite de renta por invalidez del ejecutivo de la Central Obrera Boliviana (COB), Mario Argollo, al afirmar que el dirigente se benefici\u00f3 de un mecanismo que permit\u00eda cobrar pagos retroactivos tras a\u00f1os de espera. En su programa Posdata 32, sostuvo que el caso evidencia presuntas falencias [&hellip;]"}

Cuestionan trámite de invalidez de Argollo - El Diario - Bolivia

<blockquote class="wp-embedded-content" data-secret="LQxaDlkzW3"><a href="https://www.eldiario.net/portal/2026/07/14/cuestionan-tramite-de-invalidez-de-argollo/">Cuestionan trámite de invalidez de Argollo</a></blockquote><iframe sandbox="allow-scripts" security="restricted" src="https://www.eldiario.net/portal/2026/07/14/cuestionan-tramite-de-invalidez-de-argollo/embed/#?secret=LQxaDlkzW3" width="600" height="338" title="«Cuestionan trámite de invalidez de Argollo» — El Diario - Bolivia" data-secret="LQxaDlkzW3" frameborder="0" marginwidth="0" marginheight="0" scrolling="no" class="wp-embedded-content"></iframe><script>
/*! This file is auto-generated */
!function(d,l){"use strict";l.querySelector&&d.addEventListener&&"undefined"!=typeof URL&&(d.wp=d.wp||{},d.wp.receiveEmbedMessage||(d.wp.receiveEmbedMessage=function(e){var t=e.data;if((t||t.secret||t.message||t.value)&&!/[^a-zA-Z0-9]/.test(t.secret)){for(var s,r,n,a=l.querySelectorAll('iframe[data-secret="'+t.secret+'"]'),o=l.querySelectorAll('blockquote[data-secret="'+t.secret+'"]'),c=new RegExp("^https?:$","i"),i=0;i<o.length;i++)o[i].style.display="none";for(i=0;i<a.length;i++)s=a[i],e.source===s.contentWindow&&(s.removeAttribute("style"),"height"===t.message?(1e3<(r=parseInt(t.value,10))?r=1e3:~~r<200&&(r=200),s.height=r):"link"===t.message&&(r=new URL(s.getAttribute("src")),n=new URL(t.value),c.test(n.protocol))&&n.host===r.host&&l.activeElement===s&&(d.top.location.href=t.value))}},d.addEventListener("message",d.wp.receiveEmbedMessage,!1),l.addEventListener("DOMContentLoaded",function(){for(var e,t,s=l.querySelectorAll("iframe.wp-embedded-content"),r=0;r<s.length;r++)(t=(e=s[r]).getAttribute("data-secret"))||(t=Math.random().toString(36).substring(2,12),e.src+="#?secret="+t,e.setAttribute("data-secret",t)),e.contentWindow.postMessage({message:"ready",secret:t},"*")},!1)))}(window,document);
//# sourceURL=https://www.eldiario.net/portal/wp-includes/js/wp-embed.min.js
</script>

El periodista, Juan Carlos Arana, cuestionó la legalidad del trámite de renta por invalidez del ejecutivo de la Central Obrera Boliviana (COB), Mario Argollo, al afirmar que el dirigente se benefició de un mecanismo que permitía cobrar pagos retroactivos tras años de espera. En su programa Posdata 32, sostuvo que el caso evidencia presuntas falencias [&hellip;]
