{"version":"1.0","provider_name":"El Diario - Bolivia","provider_url":"https:\/\/www.eldiario.net\/portal","title":"COLOMBIA VA POR EL PASE A OCTAVOS - El Diario - Bolivia","type":"rich","width":600,"height":338,"html":"<blockquote class=\"wp-embedded-content\" data-secret=\"Aj35ihZ6Yu\"><a href=\"https:\/\/www.eldiario.net\/portal\/2026\/07\/03\/colombia-va-por-el-pase-a-octavos\/\">COLOMBIA VA POR EL PASE A OCTAVOS<\/a><\/blockquote><iframe sandbox=\"allow-scripts\" security=\"restricted\" src=\"https:\/\/www.eldiario.net\/portal\/2026\/07\/03\/colombia-va-por-el-pase-a-octavos\/embed\/#?secret=Aj35ihZ6Yu\" width=\"600\" height=\"338\" title=\"\u00abCOLOMBIA VA POR EL PASE A OCTAVOS\u00bb \u2014 El Diario - Bolivia\" data-secret=\"Aj35ihZ6Yu\" frameborder=\"0\" marginwidth=\"0\" marginheight=\"0\" scrolling=\"no\" class=\"wp-embedded-content\"><\/iframe><script>\n\/*! This file is auto-generated *\/\n!function(d,l){\"use strict\";l.querySelector&&d.addEventListener&&\"undefined\"!=typeof URL&&(d.wp=d.wp||{},d.wp.receiveEmbedMessage||(d.wp.receiveEmbedMessage=function(e){var t=e.data;if((t||t.secret||t.message||t.value)&&!\/[^a-zA-Z0-9]\/.test(t.secret)){for(var s,r,n,a=l.querySelectorAll('iframe[data-secret=\"'+t.secret+'\"]'),o=l.querySelectorAll('blockquote[data-secret=\"'+t.secret+'\"]'),c=new RegExp(\"^https?:$\",\"i\"),i=0;i<o.length;i++)o[i].style.display=\"none\";for(i=0;i<a.length;i++)s=a[i],e.source===s.contentWindow&&(s.removeAttribute(\"style\"),\"height\"===t.message?(1e3<(r=parseInt(t.value,10))?r=1e3:~~r<200&&(r=200),s.height=r):\"link\"===t.message&&(r=new URL(s.getAttribute(\"src\")),n=new URL(t.value),c.test(n.protocol))&&n.host===r.host&&l.activeElement===s&&(d.top.location.href=t.value))}},d.addEventListener(\"message\",d.wp.receiveEmbedMessage,!1),l.addEventListener(\"DOMContentLoaded\",function(){for(var e,t,s=l.querySelectorAll(\"iframe.wp-embedded-content\"),r=0;r<s.length;r++)(t=(e=s[r]).getAttribute(\"data-secret\"))||(t=Math.random().toString(36).substring(2,12),e.src+=\"#?secret=\"+t,e.setAttribute(\"data-secret\",t)),e.contentWindow.postMessage({message:\"ready\",secret:t},\"*\")},!1)))}(window,document);\n\/\/# sourceURL=https:\/\/www.eldiario.net\/portal\/wp-includes\/js\/wp-embed.min.js\n<\/script>\n","thumbnail_url":"https:\/\/www.eldiario.net\/portal\/wp-content\/uploads\/2026\/07\/Colombia.webp","thumbnail_width":818,"thumbnail_height":825,"description":"Colombia, que termin\u00f3 l\u00edder del grupo K por encima de Portugal, se enfrentar\u00e1 hoy (21:30HB) por los dieciseisavos de final del Mundial 2026 a una Ghana que reserv\u00f3 un cupo en la segunda fase como uno de los ocho mejores terceros, en un encuentro que los suramericanos afrontar\u00e1n impulsados por su gran trabajo en la [&hellip;]"}

Colombia, que terminó líder del grupo K por encima de Portugal, se enfrentará hoy (21:30HB) por los dieciseisavos de final del Mundial 2026 a una Ghana que reservó un cupo en la segunda fase como uno de los ocho mejores terceros, en un encuentro que los suramericanos afrontarán impulsados por su gran trabajo en la [&hellip;]
