{"version":"1.0","provider_name":"El Diario - Bolivia","provider_url":"https:\/\/www.eldiario.net\/portal","title":"Camiones con carga ingresan desde Yungas - El Diario - Bolivia","type":"rich","width":600,"height":338,"html":"<blockquote class=\"wp-embedded-content\" data-secret=\"QYf3X87Wd6\"><a href=\"https:\/\/www.eldiario.net\/portal\/2026\/05\/25\/camiones-con-carga-ingresan-desde-yungas\/\">Camiones con carga ingresan desde Yungas<\/a><\/blockquote><iframe sandbox=\"allow-scripts\" security=\"restricted\" src=\"https:\/\/www.eldiario.net\/portal\/2026\/05\/25\/camiones-con-carga-ingresan-desde-yungas\/embed\/#?secret=QYf3X87Wd6\" width=\"600\" height=\"338\" title=\"\u00abCamiones con carga ingresan desde Yungas\u00bb \u2014 El Diario - Bolivia\" data-secret=\"QYf3X87Wd6\" frameborder=\"0\" marginwidth=\"0\" marginheight=\"0\" scrolling=\"no\" class=\"wp-embedded-content\"><\/iframe><script>\n\/*! This file is auto-generated *\/\n!function(d,l){\"use strict\";l.querySelector&&d.addEventListener&&\"undefined\"!=typeof URL&&(d.wp=d.wp||{},d.wp.receiveEmbedMessage||(d.wp.receiveEmbedMessage=function(e){var t=e.data;if((t||t.secret||t.message||t.value)&&!\/[^a-zA-Z0-9]\/.test(t.secret)){for(var s,r,n,a=l.querySelectorAll('iframe[data-secret=\"'+t.secret+'\"]'),o=l.querySelectorAll('blockquote[data-secret=\"'+t.secret+'\"]'),c=new RegExp(\"^https?:$\",\"i\"),i=0;i<o.length;i++)o[i].style.display=\"none\";for(i=0;i<a.length;i++)s=a[i],e.source===s.contentWindow&&(s.removeAttribute(\"style\"),\"height\"===t.message?(1e3<(r=parseInt(t.value,10))?r=1e3:~~r<200&&(r=200),s.height=r):\"link\"===t.message&&(r=new URL(s.getAttribute(\"src\")),n=new URL(t.value),c.test(n.protocol))&&n.host===r.host&&l.activeElement===s&&(d.top.location.href=t.value))}},d.addEventListener(\"message\",d.wp.receiveEmbedMessage,!1),l.addEventListener(\"DOMContentLoaded\",function(){for(var e,t,s=l.querySelectorAll(\"iframe.wp-embedded-content\"),r=0;r<s.length;r++)(t=(e=s[r]).getAttribute(\"data-secret\"))||(t=Math.random().toString(36).substring(2,12),e.src+=\"#?secret=\"+t,e.setAttribute(\"data-secret\",t)),e.contentWindow.postMessage({message:\"ready\",secret:t},\"*\")},!1)))}(window,document);\n\/\/# sourceURL=https:\/\/www.eldiario.net\/portal\/wp-includes\/js\/wp-embed.min.js\n<\/script>\n","thumbnail_url":"https:\/\/www.eldiario.net\/portal\/wp-content\/uploads\/2026\/05\/F-4-camiones.webp","thumbnail_width":1044,"thumbnail_height":564,"description":"Im\u00e1genes compartidas a EL DIARIO, por algunos lectores dan cuenta del ingreso a la urbe pace\u00f1a de varios camiones presuntamente cargados de fruta que llegan desde regiones de Los Yungas de La Paz. En la urbe pace\u00f1a, hasta el viernes no se ve\u00eda mucha variedad de fruta y la poca que hab\u00eda estaba con precios [&hellip;]"}

Imágenes compartidas a EL DIARIO, por algunos lectores dan cuenta del ingreso a la urbe paceña de varios camiones presuntamente cargados de fruta que llegan desde regiones de Los Yungas de La Paz. En la urbe paceña, hasta el viernes no se veía mucha variedad de fruta y la poca que había estaba con precios [&hellip;]
