{"version":"1.0","provider_name":"El Diario - Bolivia","provider_url":"https:\/\/www.eldiario.net\/portal","title":"Credibilidad gubernamental y nuevo equilibrio de poder - El Diario - Bolivia","type":"rich","width":600,"height":338,"html":"<blockquote class=\"wp-embedded-content\" data-secret=\"TkZLTLn3xZ\"><a href=\"https:\/\/www.eldiario.net\/portal\/2026\/04\/01\/credibilidad-gubernamental-y-nuevo-equilibrio-de-poder\/\">Credibilidad gubernamental y nuevo equilibrio de poder<\/a><\/blockquote><iframe sandbox=\"allow-scripts\" security=\"restricted\" src=\"https:\/\/www.eldiario.net\/portal\/2026\/04\/01\/credibilidad-gubernamental-y-nuevo-equilibrio-de-poder\/embed\/#?secret=TkZLTLn3xZ\" width=\"600\" height=\"338\" title=\"\u00abCredibilidad gubernamental y nuevo equilibrio de poder\u00bb \u2014 El Diario - Bolivia\" data-secret=\"TkZLTLn3xZ\" frameborder=\"0\" marginwidth=\"0\" marginheight=\"0\" scrolling=\"no\" class=\"wp-embedded-content\"><\/iframe><script>\n\/*! This file is auto-generated *\/\n!function(d,l){\"use strict\";l.querySelector&&d.addEventListener&&\"undefined\"!=typeof URL&&(d.wp=d.wp||{},d.wp.receiveEmbedMessage||(d.wp.receiveEmbedMessage=function(e){var t=e.data;if((t||t.secret||t.message||t.value)&&!\/[^a-zA-Z0-9]\/.test(t.secret)){for(var s,r,n,a=l.querySelectorAll('iframe[data-secret=\"'+t.secret+'\"]'),o=l.querySelectorAll('blockquote[data-secret=\"'+t.secret+'\"]'),c=new RegExp(\"^https?:$\",\"i\"),i=0;i<o.length;i++)o[i].style.display=\"none\";for(i=0;i<a.length;i++)s=a[i],e.source===s.contentWindow&&(s.removeAttribute(\"style\"),\"height\"===t.message?(1e3<(r=parseInt(t.value,10))?r=1e3:~~r<200&&(r=200),s.height=r):\"link\"===t.message&&(r=new URL(s.getAttribute(\"src\")),n=new URL(t.value),c.test(n.protocol))&&n.host===r.host&&l.activeElement===s&&(d.top.location.href=t.value))}},d.addEventListener(\"message\",d.wp.receiveEmbedMessage,!1),l.addEventListener(\"DOMContentLoaded\",function(){for(var e,t,s=l.querySelectorAll(\"iframe.wp-embedded-content\"),r=0;r<s.length;r++)(t=(e=s[r]).getAttribute(\"data-secret\"))||(t=Math.random().toString(36).substring(2,12),e.src+=\"#?secret=\"+t,e.setAttribute(\"data-secret\",t)),e.contentWindow.postMessage({message:\"ready\",secret:t},\"*\")},!1)))}(window,document);\n\/\/# sourceURL=https:\/\/www.eldiario.net\/portal\/wp-includes\/js\/wp-embed.min.js\n<\/script>\n","thumbnail_url":"https:\/\/www.eldiario.net\/portal\/wp-content\/uploads\/2023\/07\/Mario-Malpartida.jpg","thumbnail_width":1200,"thumbnail_height":628,"description":"Con el transcurrir de las semanas, es notorio que la estabilidad pol\u00edtica del gobierno se erosiona debido al accionar equivocado de algunos ministros y, por l\u00f3gica consecuencia, el descontento de los ciudadanos; las explicaciones de los portavoces oficiales, plet\u00f3ricas de enredos y contradicciones, m\u00e1s que aclarar complican: no se demuestra con hechos, ni los hechos [&hellip;]"}

Con el transcurrir de las semanas, es notorio que la estabilidad política del gobierno se erosiona debido al accionar equivocado de algunos ministros y, por lógica consecuencia, el descontento de los ciudadanos; las explicaciones de los portavoces oficiales, pletóricas de enredos y contradicciones, más que aclarar complican: no se demuestra con hechos, ni los hechos [&hellip;]
