{"version":"1.0","provider_name":"El Diario - Bolivia","provider_url":"https:\/\/www.eldiario.net\/portal","title":"El Deporte Paral\u00edmpico apunta a mayor inclusi\u00f3n - El Diario - Bolivia","type":"rich","width":600,"height":338,"html":"<blockquote class=\"wp-embedded-content\" data-secret=\"WZbjfGO0cg\"><a href=\"https:\/\/www.eldiario.net\/portal\/2026\/03\/24\/el-deporte-paralimpico-apunta-a-mayor-inclusion\/\">El Deporte Paral\u00edmpico apunta a mayor inclusi\u00f3n<\/a><\/blockquote><iframe sandbox=\"allow-scripts\" security=\"restricted\" src=\"https:\/\/www.eldiario.net\/portal\/2026\/03\/24\/el-deporte-paralimpico-apunta-a-mayor-inclusion\/embed\/#?secret=WZbjfGO0cg\" width=\"600\" height=\"338\" title=\"\u00abEl Deporte Paral\u00edmpico apunta a mayor inclusi\u00f3n\u00bb \u2014 El Diario - Bolivia\" data-secret=\"WZbjfGO0cg\" frameborder=\"0\" marginwidth=\"0\" marginheight=\"0\" scrolling=\"no\" class=\"wp-embedded-content\"><\/iframe><script>\n\/*! This file is auto-generated *\/\n!function(d,l){\"use strict\";l.querySelector&&d.addEventListener&&\"undefined\"!=typeof URL&&(d.wp=d.wp||{},d.wp.receiveEmbedMessage||(d.wp.receiveEmbedMessage=function(e){var t=e.data;if((t||t.secret||t.message||t.value)&&!\/[^a-zA-Z0-9]\/.test(t.secret)){for(var s,r,n,a=l.querySelectorAll('iframe[data-secret=\"'+t.secret+'\"]'),o=l.querySelectorAll('blockquote[data-secret=\"'+t.secret+'\"]'),c=new RegExp(\"^https?:$\",\"i\"),i=0;i<o.length;i++)o[i].style.display=\"none\";for(i=0;i<a.length;i++)s=a[i],e.source===s.contentWindow&&(s.removeAttribute(\"style\"),\"height\"===t.message?(1e3<(r=parseInt(t.value,10))?r=1e3:~~r<200&&(r=200),s.height=r):\"link\"===t.message&&(r=new URL(s.getAttribute(\"src\")),n=new URL(t.value),c.test(n.protocol))&&n.host===r.host&&l.activeElement===s&&(d.top.location.href=t.value))}},d.addEventListener(\"message\",d.wp.receiveEmbedMessage,!1),l.addEventListener(\"DOMContentLoaded\",function(){for(var e,t,s=l.querySelectorAll(\"iframe.wp-embedded-content\"),r=0;r<s.length;r++)(t=(e=s[r]).getAttribute(\"data-secret\"))||(t=Math.random().toString(36).substring(2,12),e.src+=\"#?secret=\"+t,e.setAttribute(\"data-secret\",t)),e.contentWindow.postMessage({message:\"ready\",secret:t},\"*\")},!1)))}(window,document);\n\/\/# sourceURL=https:\/\/www.eldiario.net\/portal\/wp-includes\/js\/wp-embed.min.js\n<\/script>\n","thumbnail_url":"https:\/\/www.eldiario.net\/portal\/wp-content\/uploads\/2026\/03\/1000136814.jpg","thumbnail_width":1600,"thumbnail_height":1066,"description":"El presidente del Comit\u00e9 Paral\u00edmpico de las Am\u00e9ricas, Julio C\u00e9sar \u00c1vila, se reuni\u00f3 este lunes con la ministra de Salud y Deportes, Marcela Flores Zambrana, para reafirmar el compromiso del Gobierno con este movimiento, que busca ser una herramienta de inclusi\u00f3n social en el territorio. \u00abAbrir estas puertas nos permite crear espacios para que nuestros [&hellip;]"}

El Deporte Paralímpico apunta a mayor inclusión - El Diario - Bolivia

<blockquote class="wp-embedded-content" data-secret="WZbjfGO0cg"><a href="https://www.eldiario.net/portal/2026/03/24/el-deporte-paralimpico-apunta-a-mayor-inclusion/">El Deporte Paralímpico apunta a mayor inclusión</a></blockquote><iframe sandbox="allow-scripts" security="restricted" src="https://www.eldiario.net/portal/2026/03/24/el-deporte-paralimpico-apunta-a-mayor-inclusion/embed/#?secret=WZbjfGO0cg" width="600" height="338" title="«El Deporte Paralímpico apunta a mayor inclusión» — El Diario - Bolivia" data-secret="WZbjfGO0cg" frameborder="0" marginwidth="0" marginheight="0" scrolling="no" class="wp-embedded-content"></iframe><script>
/*! This file is auto-generated */
!function(d,l){"use strict";l.querySelector&&d.addEventListener&&"undefined"!=typeof URL&&(d.wp=d.wp||{},d.wp.receiveEmbedMessage||(d.wp.receiveEmbedMessage=function(e){var t=e.data;if((t||t.secret||t.message||t.value)&&!/[^a-zA-Z0-9]/.test(t.secret)){for(var s,r,n,a=l.querySelectorAll('iframe[data-secret="'+t.secret+'"]'),o=l.querySelectorAll('blockquote[data-secret="'+t.secret+'"]'),c=new RegExp("^https?:$","i"),i=0;i<o.length;i++)o[i].style.display="none";for(i=0;i<a.length;i++)s=a[i],e.source===s.contentWindow&&(s.removeAttribute("style"),"height"===t.message?(1e3<(r=parseInt(t.value,10))?r=1e3:~~r<200&&(r=200),s.height=r):"link"===t.message&&(r=new URL(s.getAttribute("src")),n=new URL(t.value),c.test(n.protocol))&&n.host===r.host&&l.activeElement===s&&(d.top.location.href=t.value))}},d.addEventListener("message",d.wp.receiveEmbedMessage,!1),l.addEventListener("DOMContentLoaded",function(){for(var e,t,s=l.querySelectorAll("iframe.wp-embedded-content"),r=0;r<s.length;r++)(t=(e=s[r]).getAttribute("data-secret"))||(t=Math.random().toString(36).substring(2,12),e.src+="#?secret="+t,e.setAttribute("data-secret",t)),e.contentWindow.postMessage({message:"ready",secret:t},"*")},!1)))}(window,document);
//# sourceURL=https://www.eldiario.net/portal/wp-includes/js/wp-embed.min.js
</script>

El presidente del Comité Paralímpico de las Américas, Julio César Ávila, se reunió este lunes con la ministra de Salud y Deportes, Marcela Flores Zambrana, para reafirmar el compromiso del Gobierno con este movimiento, que busca ser una herramienta de inclusión social en el territorio. «Abrir estas puertas nos permite crear espacios para que nuestros [&hellip;]
