{"version":"1.0","provider_name":"El Diario - Bolivia","provider_url":"https:\/\/www.eldiario.net\/portal","title":"LA FASCITIS PLANTAR - El Diario - Bolivia","type":"rich","width":600,"height":338,"html":"<blockquote class=\"wp-embedded-content\" data-secret=\"mcZKbYBBs2\"><a href=\"https:\/\/www.eldiario.net\/portal\/2026\/03\/22\/la-fascitis-plantar-2\/\">LA FASCITIS PLANTAR<\/a><\/blockquote><iframe sandbox=\"allow-scripts\" security=\"restricted\" src=\"https:\/\/www.eldiario.net\/portal\/2026\/03\/22\/la-fascitis-plantar-2\/embed\/#?secret=mcZKbYBBs2\" width=\"600\" height=\"338\" title=\"\u00abLA FASCITIS PLANTAR\u00bb \u2014 El Diario - Bolivia\" data-secret=\"mcZKbYBBs2\" frameborder=\"0\" marginwidth=\"0\" marginheight=\"0\" scrolling=\"no\" class=\"wp-embedded-content\"><\/iframe><script>\n\/*! This file is auto-generated *\/\n!function(d,l){\"use strict\";l.querySelector&&d.addEventListener&&\"undefined\"!=typeof URL&&(d.wp=d.wp||{},d.wp.receiveEmbedMessage||(d.wp.receiveEmbedMessage=function(e){var t=e.data;if((t||t.secret||t.message||t.value)&&!\/[^a-zA-Z0-9]\/.test(t.secret)){for(var s,r,n,a=l.querySelectorAll('iframe[data-secret=\"'+t.secret+'\"]'),o=l.querySelectorAll('blockquote[data-secret=\"'+t.secret+'\"]'),c=new RegExp(\"^https?:$\",\"i\"),i=0;i<o.length;i++)o[i].style.display=\"none\";for(i=0;i<a.length;i++)s=a[i],e.source===s.contentWindow&&(s.removeAttribute(\"style\"),\"height\"===t.message?(1e3<(r=parseInt(t.value,10))?r=1e3:~~r<200&&(r=200),s.height=r):\"link\"===t.message&&(r=new URL(s.getAttribute(\"src\")),n=new URL(t.value),c.test(n.protocol))&&n.host===r.host&&l.activeElement===s&&(d.top.location.href=t.value))}},d.addEventListener(\"message\",d.wp.receiveEmbedMessage,!1),l.addEventListener(\"DOMContentLoaded\",function(){for(var e,t,s=l.querySelectorAll(\"iframe.wp-embedded-content\"),r=0;r<s.length;r++)(t=(e=s[r]).getAttribute(\"data-secret\"))||(t=Math.random().toString(36).substring(2,12),e.src+=\"#?secret=\"+t,e.setAttribute(\"data-secret\",t)),e.contentWindow.postMessage({message:\"ready\",secret:t},\"*\")},!1)))}(window,document);\n\/\/# sourceURL=https:\/\/www.eldiario.net\/portal\/wp-includes\/js\/wp-embed.min.js\n<\/script>\n","thumbnail_url":"https:\/\/www.eldiario.net\/portal\/wp-content\/uploads\/2026\/03\/LA-FASCITIS-PLANTAR.webp","thumbnail_width":1902,"thumbnail_height":1392,"description":"La causa m\u00e1s frecuente de dolor en los pies \u00bfQu\u00e9 es la fascitis plantar? Es un proceso degenerativo que provoca la inflamaci\u00f3n de la fascia plantar, una banda de tejido el\u00e1stico localizada en la planta del pie y va del hueso calc\u00e1neo hasta la base de los dedos. La fascitis plantar es la causa m\u00e1s [&hellip;]"}

La causa más frecuente de dolor en los pies ¿Qué es la fascitis plantar? Es un proceso degenerativo que provoca la inflamación de la fascia plantar, una banda de tejido elástico localizada en la planta del pie y va del hueso calcáneo hasta la base de los dedos. La fascitis plantar es la causa más [&hellip;]
