{"version":"1.0","provider_name":"El Diario - Bolivia","provider_url":"https:\/\/www.eldiario.net\/portal","title":"Presidente del BID recibe la casaca boliviana - El Diario - Bolivia","type":"rich","width":600,"height":338,"html":"<blockquote class=\"wp-embedded-content\" data-secret=\"v7GY9uAJzU\"><a href=\"https:\/\/www.eldiario.net\/portal\/2026\/01\/14\/presidente-del-bid-recibe-la-casaca-boliviana\/\">Presidente del BID recibe la casaca boliviana<\/a><\/blockquote><iframe sandbox=\"allow-scripts\" security=\"restricted\" src=\"https:\/\/www.eldiario.net\/portal\/2026\/01\/14\/presidente-del-bid-recibe-la-casaca-boliviana\/embed\/#?secret=v7GY9uAJzU\" width=\"600\" height=\"338\" title=\"\u00abPresidente del BID recibe la casaca boliviana\u00bb \u2014 El Diario - Bolivia\" data-secret=\"v7GY9uAJzU\" frameborder=\"0\" marginwidth=\"0\" marginheight=\"0\" scrolling=\"no\" class=\"wp-embedded-content\"><\/iframe><script>\n\/*! This file is auto-generated *\/\n!function(d,l){\"use strict\";l.querySelector&&d.addEventListener&&\"undefined\"!=typeof URL&&(d.wp=d.wp||{},d.wp.receiveEmbedMessage||(d.wp.receiveEmbedMessage=function(e){var t=e.data;if((t||t.secret||t.message||t.value)&&!\/[^a-zA-Z0-9]\/.test(t.secret)){for(var s,r,n,a=l.querySelectorAll('iframe[data-secret=\"'+t.secret+'\"]'),o=l.querySelectorAll('blockquote[data-secret=\"'+t.secret+'\"]'),c=new RegExp(\"^https?:$\",\"i\"),i=0;i<o.length;i++)o[i].style.display=\"none\";for(i=0;i<a.length;i++)s=a[i],e.source===s.contentWindow&&(s.removeAttribute(\"style\"),\"height\"===t.message?(1e3<(r=parseInt(t.value,10))?r=1e3:~~r<200&&(r=200),s.height=r):\"link\"===t.message&&(r=new URL(s.getAttribute(\"src\")),n=new URL(t.value),c.test(n.protocol))&&n.host===r.host&&l.activeElement===s&&(d.top.location.href=t.value))}},d.addEventListener(\"message\",d.wp.receiveEmbedMessage,!1),l.addEventListener(\"DOMContentLoaded\",function(){for(var e,t,s=l.querySelectorAll(\"iframe.wp-embedded-content\"),r=0;r<s.length;r++)(t=(e=s[r]).getAttribute(\"data-secret\"))||(t=Math.random().toString(36).substring(2,12),e.src+=\"#?secret=\"+t,e.setAttribute(\"data-secret\",t)),e.contentWindow.postMessage({message:\"ready\",secret:t},\"*\")},!1)))}(window,document);\n\/\/# sourceURL=https:\/\/www.eldiario.net\/portal\/wp-includes\/js\/wp-embed.min.js\n<\/script>\n","thumbnail_url":"https:\/\/www.eldiario.net\/portal\/wp-content\/uploads\/2026\/01\/FOTO-72-3.webp","thumbnail_width":576,"thumbnail_height":321,"description":"El Primer Mandatario del Estado, Rodrigo Paz, ayer obsequi\u00f3 la camiseta de la Selecci\u00f3n Boliviana de F\u00fatbol al presidente del Banco Interamericano de Desarrollo (BID), Ilan Goldfajn en oportunidad de su visita al \u00abPalacio Quemado\u00bb de la Sede de Gobierno."}

El Primer Mandatario del Estado, Rodrigo Paz, ayer obsequió la camiseta de la Selección Boliviana de Fútbol al presidente del Banco Interamericano de Desarrollo (BID), Ilan Goldfajn en oportunidad de su visita al «Palacio Quemado» de la Sede de Gobierno.
