{"version":"1.0","provider_name":"El Diario - Bolivia","provider_url":"https:\/\/www.eldiario.net\/portal","title":"Bolivia: hora de reparar injusticias - El Diario - Bolivia","type":"rich","width":600,"height":338,"html":"<blockquote class=\"wp-embedded-content\" data-secret=\"yaTs0lFrDs\"><a href=\"https:\/\/www.eldiario.net\/portal\/2025\/12\/27\/bolivia-hora-de-reparar-injusticias\/\">Bolivia: hora de reparar injusticias<\/a><\/blockquote><iframe sandbox=\"allow-scripts\" security=\"restricted\" src=\"https:\/\/www.eldiario.net\/portal\/2025\/12\/27\/bolivia-hora-de-reparar-injusticias\/embed\/#?secret=yaTs0lFrDs\" width=\"600\" height=\"338\" title=\"\u00abBolivia: hora de reparar injusticias\u00bb \u2014 El Diario - Bolivia\" data-secret=\"yaTs0lFrDs\" frameborder=\"0\" marginwidth=\"0\" marginheight=\"0\" scrolling=\"no\" class=\"wp-embedded-content\"><\/iframe><script>\n\/*! This file is auto-generated *\/\n!function(d,l){\"use strict\";l.querySelector&&d.addEventListener&&\"undefined\"!=typeof URL&&(d.wp=d.wp||{},d.wp.receiveEmbedMessage||(d.wp.receiveEmbedMessage=function(e){var t=e.data;if((t||t.secret||t.message||t.value)&&!\/[^a-zA-Z0-9]\/.test(t.secret)){for(var s,r,n,a=l.querySelectorAll('iframe[data-secret=\"'+t.secret+'\"]'),o=l.querySelectorAll('blockquote[data-secret=\"'+t.secret+'\"]'),c=new RegExp(\"^https?:$\",\"i\"),i=0;i<o.length;i++)o[i].style.display=\"none\";for(i=0;i<a.length;i++)s=a[i],e.source===s.contentWindow&&(s.removeAttribute(\"style\"),\"height\"===t.message?(1e3<(r=parseInt(t.value,10))?r=1e3:~~r<200&&(r=200),s.height=r):\"link\"===t.message&&(r=new URL(s.getAttribute(\"src\")),n=new URL(t.value),c.test(n.protocol))&&n.host===r.host&&l.activeElement===s&&(d.top.location.href=t.value))}},d.addEventListener(\"message\",d.wp.receiveEmbedMessage,!1),l.addEventListener(\"DOMContentLoaded\",function(){for(var e,t,s=l.querySelectorAll(\"iframe.wp-embedded-content\"),r=0;r<s.length;r++)(t=(e=s[r]).getAttribute(\"data-secret\"))||(t=Math.random().toString(36).substring(2,12),e.src+=\"#?secret=\"+t,e.setAttribute(\"data-secret\",t)),e.contentWindow.postMessage({message:\"ready\",secret:t},\"*\")},!1)))}(window,document);\n\/\/# sourceURL=https:\/\/www.eldiario.net\/portal\/wp-includes\/js\/wp-embed.min.js\n<\/script>\n","thumbnail_url":"https:\/\/www.eldiario.net\/portal\/wp-content\/uploads\/2025\/09\/Mauricio-Ochoa-Urioste.webp","thumbnail_width":1200,"thumbnail_height":628,"description":"El proyecto de \u201cLey para la Revisi\u00f3n de Procesos Penales Viciados por M\u00f3viles de Persecuci\u00f3n Pol\u00edtica\u201d, presentado ante la C\u00e1mara de Diputados el 17 de diciembre de 2025 por el diputado Carlos Alarc\u00f3n Mondonio, representa un paso fundamental hacia la restauraci\u00f3n del Estado de Derecho en Bolivia. Esta iniciativa legislativa aborda una deuda pendiente con [&hellip;]"}

El proyecto de “Ley para la Revisión de Procesos Penales Viciados por Móviles de Persecución Política”, presentado ante la Cámara de Diputados el 17 de diciembre de 2025 por el diputado Carlos Alarcón Mondonio, representa un paso fundamental hacia la restauración del Estado de Derecho en Bolivia. Esta iniciativa legislativa aborda una deuda pendiente con [&hellip;]
