{"version":"1.0","provider_name":"El Diario - Bolivia","provider_url":"https:\/\/www.eldiario.net\/portal","title":"Empresa privada y el desarrollo boliviano - El Diario - Bolivia","type":"rich","width":600,"height":338,"html":"<blockquote class=\"wp-embedded-content\" data-secret=\"usBnoHVivu\"><a href=\"https:\/\/www.eldiario.net\/portal\/2025\/11\/30\/empresa-privada-y-el-desarrollo-boliviano\/\">Empresa privada y el desarrollo boliviano<\/a><\/blockquote><iframe sandbox=\"allow-scripts\" security=\"restricted\" src=\"https:\/\/www.eldiario.net\/portal\/2025\/11\/30\/empresa-privada-y-el-desarrollo-boliviano\/embed\/#?secret=usBnoHVivu\" width=\"600\" height=\"338\" title=\"\u00abEmpresa privada y el desarrollo boliviano\u00bb \u2014 El Diario - Bolivia\" data-secret=\"usBnoHVivu\" frameborder=\"0\" marginwidth=\"0\" marginheight=\"0\" scrolling=\"no\" class=\"wp-embedded-content\"><\/iframe><script>\n\/*! This file is auto-generated *\/\n!function(d,l){\"use strict\";l.querySelector&&d.addEventListener&&\"undefined\"!=typeof URL&&(d.wp=d.wp||{},d.wp.receiveEmbedMessage||(d.wp.receiveEmbedMessage=function(e){var t=e.data;if((t||t.secret||t.message||t.value)&&!\/[^a-zA-Z0-9]\/.test(t.secret)){for(var s,r,n,a=l.querySelectorAll('iframe[data-secret=\"'+t.secret+'\"]'),o=l.querySelectorAll('blockquote[data-secret=\"'+t.secret+'\"]'),c=new RegExp(\"^https?:$\",\"i\"),i=0;i<o.length;i++)o[i].style.display=\"none\";for(i=0;i<a.length;i++)s=a[i],e.source===s.contentWindow&&(s.removeAttribute(\"style\"),\"height\"===t.message?(1e3<(r=parseInt(t.value,10))?r=1e3:~~r<200&&(r=200),s.height=r):\"link\"===t.message&&(r=new URL(s.getAttribute(\"src\")),n=new URL(t.value),c.test(n.protocol))&&n.host===r.host&&l.activeElement===s&&(d.top.location.href=t.value))}},d.addEventListener(\"message\",d.wp.receiveEmbedMessage,!1),l.addEventListener(\"DOMContentLoaded\",function(){for(var e,t,s=l.querySelectorAll(\"iframe.wp-embedded-content\"),r=0;r<s.length;r++)(t=(e=s[r]).getAttribute(\"data-secret\"))||(t=Math.random().toString(36).substring(2,12),e.src+=\"#?secret=\"+t,e.setAttribute(\"data-secret\",t)),e.contentWindow.postMessage({message:\"ready\",secret:t},\"*\")},!1)))}(window,document);\n\/\/# sourceURL=https:\/\/www.eldiario.net\/portal\/wp-includes\/js\/wp-embed.min.js\n<\/script>\n","thumbnail_url":"https:\/\/www.eldiario.net\/portal\/wp-content\/uploads\/2023\/06\/Rolando-Kempff-Bacigalupo2.jpg","thumbnail_width":1200,"thumbnail_height":628,"description":"En un momento cr\u00edtico para la econom\u00eda boliviana, urge reconocer un hecho inevitable: sin una participaci\u00f3n m\u00e1s fuerte y din\u00e1mica de la empresa privada, el pa\u00eds no podr\u00e1 retomar la senda del crecimiento. La reciente afirmaci\u00f3n del presidente Rodrigo Paz \u2014\u201cnos dejaron sin nada en las arcas\u2026 se gastaron toda la platita\u201d\u2014 no solo describe [&hellip;]"}

En un momento crítico para la economía boliviana, urge reconocer un hecho inevitable: sin una participación más fuerte y dinámica de la empresa privada, el país no podrá retomar la senda del crecimiento. La reciente afirmación del presidente Rodrigo Paz —“nos dejaron sin nada en las arcas… se gastaron toda la platita”— no solo describe [&hellip;]
