{"version":"1.0","provider_name":"El Diario - Bolivia","provider_url":"https:\/\/www.eldiario.net\/portal","title":"Las reformas estructurales deben gozar de legitimidad - El Diario - Bolivia","type":"rich","width":600,"height":338,"html":"<blockquote class=\"wp-embedded-content\" data-secret=\"4IjeLIIUMb\"><a href=\"https:\/\/www.eldiario.net\/portal\/2025\/11\/23\/las-reformas-estructurales-deben-gozar-de-legitimidad\/\">Las reformas estructurales  deben gozar de legitimidad<\/a><\/blockquote><iframe sandbox=\"allow-scripts\" security=\"restricted\" src=\"https:\/\/www.eldiario.net\/portal\/2025\/11\/23\/las-reformas-estructurales-deben-gozar-de-legitimidad\/embed\/#?secret=4IjeLIIUMb\" width=\"600\" height=\"338\" title=\"\u00abLas reformas estructurales  deben gozar de legitimidad\u00bb \u2014 El Diario - Bolivia\" data-secret=\"4IjeLIIUMb\" frameborder=\"0\" marginwidth=\"0\" marginheight=\"0\" scrolling=\"no\" class=\"wp-embedded-content\"><\/iframe><script>\n\/*! This file is auto-generated *\/\n!function(d,l){\"use strict\";l.querySelector&&d.addEventListener&&\"undefined\"!=typeof URL&&(d.wp=d.wp||{},d.wp.receiveEmbedMessage||(d.wp.receiveEmbedMessage=function(e){var t=e.data;if((t||t.secret||t.message||t.value)&&!\/[^a-zA-Z0-9]\/.test(t.secret)){for(var s,r,n,a=l.querySelectorAll('iframe[data-secret=\"'+t.secret+'\"]'),o=l.querySelectorAll('blockquote[data-secret=\"'+t.secret+'\"]'),c=new RegExp(\"^https?:$\",\"i\"),i=0;i<o.length;i++)o[i].style.display=\"none\";for(i=0;i<a.length;i++)s=a[i],e.source===s.contentWindow&&(s.removeAttribute(\"style\"),\"height\"===t.message?(1e3<(r=parseInt(t.value,10))?r=1e3:~~r<200&&(r=200),s.height=r):\"link\"===t.message&&(r=new URL(s.getAttribute(\"src\")),n=new URL(t.value),c.test(n.protocol))&&n.host===r.host&&l.activeElement===s&&(d.top.location.href=t.value))}},d.addEventListener(\"message\",d.wp.receiveEmbedMessage,!1),l.addEventListener(\"DOMContentLoaded\",function(){for(var e,t,s=l.querySelectorAll(\"iframe.wp-embedded-content\"),r=0;r<s.length;r++)(t=(e=s[r]).getAttribute(\"data-secret\"))||(t=Math.random().toString(36).substring(2,12),e.src+=\"#?secret=\"+t,e.setAttribute(\"data-secret\",t)),e.contentWindow.postMessage({message:\"ready\",secret:t},\"*\")},!1)))}(window,document);\n\/\/# sourceURL=https:\/\/www.eldiario.net\/portal\/wp-includes\/js\/wp-embed.min.js\n<\/script>\n","thumbnail_url":"https:\/\/www.eldiario.net\/portal\/wp-content\/uploads\/2025\/11\/40-POL-12.webp","thumbnail_width":800,"thumbnail_height":450,"description":"Ante constantes planteamientos de la clase pol\u00edtica sobre la necesidad de implementar reformas estructurales en distintos \u00e1mbitos del Estado boliviano, el abogado constitucionalista V\u00edctor Hugo Ch\u00e1vez, se\u00f1al\u00f3 que la actual Carta Magna es la \u00fanica que fue aprobada por voto popular, hecho que le da legitimidad y condiciona que cualquier cambio o modificaci\u00f3n deba gozar [&hellip;]"}

Ante constantes planteamientos de la clase política sobre la necesidad de implementar reformas estructurales en distintos ámbitos del Estado boliviano, el abogado constitucionalista Víctor Hugo Chávez, señaló que la actual Carta Magna es la única que fue aprobada por voto popular, hecho que le da legitimidad y condiciona que cualquier cambio o modificación deba gozar [&hellip;]
