{"version":"1.0","provider_name":"El Diario - Bolivia","provider_url":"https:\/\/www.eldiario.net\/portal","title":"Colombia expulsa delegaci\u00f3n diplom\u00e1tica israel\u00ed (19:02) - El Diario - Bolivia","type":"rich","width":600,"height":338,"html":"<blockquote class=\"wp-embedded-content\" data-secret=\"rg9VRbae9R\"><a href=\"https:\/\/www.eldiario.net\/portal\/2025\/10\/02\/colombia-expulsa-delegacion-diplomatica-israeli-1902\/\">Colombia expulsa delegaci\u00f3n diplom\u00e1tica israel\u00ed (19:02)<\/a><\/blockquote><iframe sandbox=\"allow-scripts\" security=\"restricted\" src=\"https:\/\/www.eldiario.net\/portal\/2025\/10\/02\/colombia-expulsa-delegacion-diplomatica-israeli-1902\/embed\/#?secret=rg9VRbae9R\" width=\"600\" height=\"338\" title=\"\u00abColombia expulsa delegaci\u00f3n diplom\u00e1tica israel\u00ed (19:02)\u00bb \u2014 El Diario - Bolivia\" data-secret=\"rg9VRbae9R\" frameborder=\"0\" marginwidth=\"0\" marginheight=\"0\" scrolling=\"no\" class=\"wp-embedded-content\"><\/iframe><script>\n\/*! This file is auto-generated *\/\n!function(d,l){\"use strict\";l.querySelector&&d.addEventListener&&\"undefined\"!=typeof URL&&(d.wp=d.wp||{},d.wp.receiveEmbedMessage||(d.wp.receiveEmbedMessage=function(e){var t=e.data;if((t||t.secret||t.message||t.value)&&!\/[^a-zA-Z0-9]\/.test(t.secret)){for(var s,r,n,a=l.querySelectorAll('iframe[data-secret=\"'+t.secret+'\"]'),o=l.querySelectorAll('blockquote[data-secret=\"'+t.secret+'\"]'),c=new RegExp(\"^https?:$\",\"i\"),i=0;i<o.length;i++)o[i].style.display=\"none\";for(i=0;i<a.length;i++)s=a[i],e.source===s.contentWindow&&(s.removeAttribute(\"style\"),\"height\"===t.message?(1e3<(r=parseInt(t.value,10))?r=1e3:~~r<200&&(r=200),s.height=r):\"link\"===t.message&&(r=new URL(s.getAttribute(\"src\")),n=new URL(t.value),c.test(n.protocol))&&n.host===r.host&&l.activeElement===s&&(d.top.location.href=t.value))}},d.addEventListener(\"message\",d.wp.receiveEmbedMessage,!1),l.addEventListener(\"DOMContentLoaded\",function(){for(var e,t,s=l.querySelectorAll(\"iframe.wp-embedded-content\"),r=0;r<s.length;r++)(t=(e=s[r]).getAttribute(\"data-secret\"))||(t=Math.random().toString(36).substring(2,12),e.src+=\"#?secret=\"+t,e.setAttribute(\"data-secret\",t)),e.contentWindow.postMessage({message:\"ready\",secret:t},\"*\")},!1)))}(window,document);\n\/\/# sourceURL=https:\/\/www.eldiario.net\/portal\/wp-includes\/js\/wp-embed.min.js\n<\/script>\n","thumbnail_url":"https:\/\/www.eldiario.net\/portal\/wp-content\/uploads\/2025\/10\/petro-2-e1759446146324.png","thumbnail_width":300,"thumbnail_height":207,"description":"El presidente Gustavo Petro orden\u00f3 la salida de todos los diplom\u00e1ticos israel\u00edes tras el abordaje por parte de Israel de una flotilla humanitaria con participaci\u00f3n de ciudadanos colombianos. Adem\u00e1s, anunci\u00f3 que denunciar\u00e1 el tratado de libre comercio entre ambos pa\u00edses, exigiendo la liberaci\u00f3n inmediata de los colombianos retenidos. La medida se suma al distanciamiento diplom\u00e1tico [&hellip;]"}

Colombia expulsa delegación diplomática israelí (19:02) - El Diario - Bolivia

<blockquote class="wp-embedded-content" data-secret="rg9VRbae9R"><a href="https://www.eldiario.net/portal/2025/10/02/colombia-expulsa-delegacion-diplomatica-israeli-1902/">Colombia expulsa delegación diplomática israelí (19:02)</a></blockquote><iframe sandbox="allow-scripts" security="restricted" src="https://www.eldiario.net/portal/2025/10/02/colombia-expulsa-delegacion-diplomatica-israeli-1902/embed/#?secret=rg9VRbae9R" width="600" height="338" title="«Colombia expulsa delegación diplomática israelí (19:02)» — El Diario - Bolivia" data-secret="rg9VRbae9R" frameborder="0" marginwidth="0" marginheight="0" scrolling="no" class="wp-embedded-content"></iframe><script>
/*! This file is auto-generated */
!function(d,l){"use strict";l.querySelector&&d.addEventListener&&"undefined"!=typeof URL&&(d.wp=d.wp||{},d.wp.receiveEmbedMessage||(d.wp.receiveEmbedMessage=function(e){var t=e.data;if((t||t.secret||t.message||t.value)&&!/[^a-zA-Z0-9]/.test(t.secret)){for(var s,r,n,a=l.querySelectorAll('iframe[data-secret="'+t.secret+'"]'),o=l.querySelectorAll('blockquote[data-secret="'+t.secret+'"]'),c=new RegExp("^https?:$","i"),i=0;i<o.length;i++)o[i].style.display="none";for(i=0;i<a.length;i++)s=a[i],e.source===s.contentWindow&&(s.removeAttribute("style"),"height"===t.message?(1e3<(r=parseInt(t.value,10))?r=1e3:~~r<200&&(r=200),s.height=r):"link"===t.message&&(r=new URL(s.getAttribute("src")),n=new URL(t.value),c.test(n.protocol))&&n.host===r.host&&l.activeElement===s&&(d.top.location.href=t.value))}},d.addEventListener("message",d.wp.receiveEmbedMessage,!1),l.addEventListener("DOMContentLoaded",function(){for(var e,t,s=l.querySelectorAll("iframe.wp-embedded-content"),r=0;r<s.length;r++)(t=(e=s[r]).getAttribute("data-secret"))||(t=Math.random().toString(36).substring(2,12),e.src+="#?secret="+t,e.setAttribute("data-secret",t)),e.contentWindow.postMessage({message:"ready",secret:t},"*")},!1)))}(window,document);
//# sourceURL=https://www.eldiario.net/portal/wp-includes/js/wp-embed.min.js
</script>

El presidente Gustavo Petro ordenó la salida de todos los diplomáticos israelíes tras el abordaje por parte de Israel de una flotilla humanitaria con participación de ciudadanos colombianos. Además, anunció que denunciará el tratado de libre comercio entre ambos países, exigiendo la liberación inmediata de los colombianos retenidos. La medida se suma al distanciamiento diplomático [&hellip;]
