{"version":"1.0","provider_name":"El Diario - Bolivia","provider_url":"https:\/\/www.eldiario.net\/portal","title":"Anuncian maniobras mar\u00edtimas en el Caribe - El Diario - Bolivia","type":"rich","width":600,"height":338,"html":"<blockquote class=\"wp-embedded-content\" data-secret=\"uhMgyGaEBf\"><a href=\"https:\/\/www.eldiario.net\/portal\/2025\/09\/19\/anuncian-maniobras-maritimas-en-el-caribe\/\">Anuncian maniobras mar\u00edtimas en el Caribe<\/a><\/blockquote><iframe sandbox=\"allow-scripts\" security=\"restricted\" src=\"https:\/\/www.eldiario.net\/portal\/2025\/09\/19\/anuncian-maniobras-maritimas-en-el-caribe\/embed\/#?secret=uhMgyGaEBf\" width=\"600\" height=\"338\" title=\"\u00abAnuncian maniobras mar\u00edtimas en el Caribe\u00bb \u2014 El Diario - Bolivia\" data-secret=\"uhMgyGaEBf\" frameborder=\"0\" marginwidth=\"0\" marginheight=\"0\" scrolling=\"no\" class=\"wp-embedded-content\"><\/iframe><script>\n\/*! This file is auto-generated *\/\n!function(d,l){\"use strict\";l.querySelector&&d.addEventListener&&\"undefined\"!=typeof URL&&(d.wp=d.wp||{},d.wp.receiveEmbedMessage||(d.wp.receiveEmbedMessage=function(e){var t=e.data;if((t||t.secret||t.message||t.value)&&!\/[^a-zA-Z0-9]\/.test(t.secret)){for(var s,r,n,a=l.querySelectorAll('iframe[data-secret=\"'+t.secret+'\"]'),o=l.querySelectorAll('blockquote[data-secret=\"'+t.secret+'\"]'),c=new RegExp(\"^https?:$\",\"i\"),i=0;i<o.length;i++)o[i].style.display=\"none\";for(i=0;i<a.length;i++)s=a[i],e.source===s.contentWindow&&(s.removeAttribute(\"style\"),\"height\"===t.message?(1e3<(r=parseInt(t.value,10))?r=1e3:~~r<200&&(r=200),s.height=r):\"link\"===t.message&&(r=new URL(s.getAttribute(\"src\")),n=new URL(t.value),c.test(n.protocol))&&n.host===r.host&&l.activeElement===s&&(d.top.location.href=t.value))}},d.addEventListener(\"message\",d.wp.receiveEmbedMessage,!1),l.addEventListener(\"DOMContentLoaded\",function(){for(var e,t,s=l.querySelectorAll(\"iframe.wp-embedded-content\"),r=0;r<s.length;r++)(t=(e=s[r]).getAttribute(\"data-secret\"))||(t=Math.random().toString(36).substring(2,12),e.src+=\"#?secret=\"+t,e.setAttribute(\"data-secret\",t)),e.contentWindow.postMessage({message:\"ready\",secret:t},\"*\")},!1)))}(window,document);\n\/\/# sourceURL=https:\/\/www.eldiario.net\/portal\/wp-includes\/js\/wp-embed.min.js\n<\/script>\n","thumbnail_url":"https:\/\/www.eldiario.net\/portal\/wp-content\/uploads\/2023\/12\/Internacional.jpg","thumbnail_width":800,"thumbnail_height":500,"description":"Maniobras a\u00e9reas, mar\u00edtimas y terrestres incluir\u00e1 el plan anunciado por el ministro de Defensa de Venezuela, Vladimir Padrino, ante lo que considera una \u201camenaza\u201d de Estados Unidos, que mantiene un despliegue naval en aguas internacionales cerca de la regi\u00f3n. Adem\u00e1s, 2.500 efectivos ser\u00e1n movilizados durante tres d\u00edas en la isla de La Orchila, en el [&hellip;]"}

Anuncian maniobras marítimas en el Caribe - El Diario - Bolivia

<blockquote class="wp-embedded-content" data-secret="uhMgyGaEBf"><a href="https://www.eldiario.net/portal/2025/09/19/anuncian-maniobras-maritimas-en-el-caribe/">Anuncian maniobras marítimas en el Caribe</a></blockquote><iframe sandbox="allow-scripts" security="restricted" src="https://www.eldiario.net/portal/2025/09/19/anuncian-maniobras-maritimas-en-el-caribe/embed/#?secret=uhMgyGaEBf" width="600" height="338" title="«Anuncian maniobras marítimas en el Caribe» — El Diario - Bolivia" data-secret="uhMgyGaEBf" frameborder="0" marginwidth="0" marginheight="0" scrolling="no" class="wp-embedded-content"></iframe><script>
/*! This file is auto-generated */
!function(d,l){"use strict";l.querySelector&&d.addEventListener&&"undefined"!=typeof URL&&(d.wp=d.wp||{},d.wp.receiveEmbedMessage||(d.wp.receiveEmbedMessage=function(e){var t=e.data;if((t||t.secret||t.message||t.value)&&!/[^a-zA-Z0-9]/.test(t.secret)){for(var s,r,n,a=l.querySelectorAll('iframe[data-secret="'+t.secret+'"]'),o=l.querySelectorAll('blockquote[data-secret="'+t.secret+'"]'),c=new RegExp("^https?:$","i"),i=0;i<o.length;i++)o[i].style.display="none";for(i=0;i<a.length;i++)s=a[i],e.source===s.contentWindow&&(s.removeAttribute("style"),"height"===t.message?(1e3<(r=parseInt(t.value,10))?r=1e3:~~r<200&&(r=200),s.height=r):"link"===t.message&&(r=new URL(s.getAttribute("src")),n=new URL(t.value),c.test(n.protocol))&&n.host===r.host&&l.activeElement===s&&(d.top.location.href=t.value))}},d.addEventListener("message",d.wp.receiveEmbedMessage,!1),l.addEventListener("DOMContentLoaded",function(){for(var e,t,s=l.querySelectorAll("iframe.wp-embedded-content"),r=0;r<s.length;r++)(t=(e=s[r]).getAttribute("data-secret"))||(t=Math.random().toString(36).substring(2,12),e.src+="#?secret="+t,e.setAttribute("data-secret",t)),e.contentWindow.postMessage({message:"ready",secret:t},"*")},!1)))}(window,document);
//# sourceURL=https://www.eldiario.net/portal/wp-includes/js/wp-embed.min.js
</script>

Maniobras aéreas, marítimas y terrestres incluirá el plan anunciado por el ministro de Defensa de Venezuela, Vladimir Padrino, ante lo que considera una “amenaza” de Estados Unidos, que mantiene un despliegue naval en aguas internacionales cerca de la región. Además, 2.500 efectivos serán movilizados durante tres días en la isla de La Orchila, en el [&hellip;]
