{"version":"1.0","provider_name":"El Diario - Bolivia","provider_url":"https:\/\/www.eldiario.net\/portal","title":"MOUSSE DE CACAO Y QUINUA REAL - El Diario - Bolivia","type":"rich","width":600,"height":338,"html":"<blockquote class=\"wp-embedded-content\" data-secret=\"vvAONvu73U\"><a href=\"https:\/\/www.eldiario.net\/portal\/2025\/09\/17\/mousse-de-cacao-y-quinua-real\/\">MOUSSE DE CACAO Y QUINUA REAL<\/a><\/blockquote><iframe sandbox=\"allow-scripts\" security=\"restricted\" src=\"https:\/\/www.eldiario.net\/portal\/2025\/09\/17\/mousse-de-cacao-y-quinua-real\/embed\/#?secret=vvAONvu73U\" width=\"600\" height=\"338\" title=\"\u00abMOUSSE DE CACAO Y QUINUA REAL\u00bb \u2014 El Diario - Bolivia\" data-secret=\"vvAONvu73U\" frameborder=\"0\" marginwidth=\"0\" marginheight=\"0\" scrolling=\"no\" class=\"wp-embedded-content\"><\/iframe><script>\n\/*! This file is auto-generated *\/\n!function(d,l){\"use strict\";l.querySelector&&d.addEventListener&&\"undefined\"!=typeof URL&&(d.wp=d.wp||{},d.wp.receiveEmbedMessage||(d.wp.receiveEmbedMessage=function(e){var t=e.data;if((t||t.secret||t.message||t.value)&&!\/[^a-zA-Z0-9]\/.test(t.secret)){for(var s,r,n,a=l.querySelectorAll('iframe[data-secret=\"'+t.secret+'\"]'),o=l.querySelectorAll('blockquote[data-secret=\"'+t.secret+'\"]'),c=new RegExp(\"^https?:$\",\"i\"),i=0;i<o.length;i++)o[i].style.display=\"none\";for(i=0;i<a.length;i++)s=a[i],e.source===s.contentWindow&&(s.removeAttribute(\"style\"),\"height\"===t.message?(1e3<(r=parseInt(t.value,10))?r=1e3:~~r<200&&(r=200),s.height=r):\"link\"===t.message&&(r=new URL(s.getAttribute(\"src\")),n=new URL(t.value),c.test(n.protocol))&&n.host===r.host&&l.activeElement===s&&(d.top.location.href=t.value))}},d.addEventListener(\"message\",d.wp.receiveEmbedMessage,!1),l.addEventListener(\"DOMContentLoaded\",function(){for(var e,t,s=l.querySelectorAll(\"iframe.wp-embedded-content\"),r=0;r<s.length;r++)(t=(e=s[r]).getAttribute(\"data-secret\"))||(t=Math.random().toString(36).substring(2,12),e.src+=\"#?secret=\"+t,e.setAttribute(\"data-secret\",t)),e.contentWindow.postMessage({message:\"ready\",secret:t},\"*\")},!1)))}(window,document);\n\/\/# sourceURL=https:\/\/www.eldiario.net\/portal\/wp-includes\/js\/wp-embed.min.js\n<\/script>\n","thumbnail_url":"https:\/\/www.eldiario.net\/portal\/wp-content\/uploads\/2025\/09\/NOTA-4-FOTO-1-2.webp","thumbnail_width":450,"thumbnail_height":560,"description":"Queridos lectores, en el mes de lucha contra la depresi\u00f3n debemos decir que, m\u00e1s que un trastorno del \u00e1nimo, es un estado que afecta la energ\u00eda vital, el sue\u00f1o, la concentraci\u00f3n y, de manera silenciosa, tambi\u00e9n la relaci\u00f3n con la comida. En muchos casos, el apetito disminuye o se transforma, inclin\u00e1ndose hacia los extremos: la [&hellip;]"}

Queridos lectores, en el mes de lucha contra la depresión debemos decir que, más que un trastorno del ánimo, es un estado que afecta la energía vital, el sueño, la concentración y, de manera silenciosa, también la relación con la comida. En muchos casos, el apetito disminuye o se transforma, inclinándose hacia los extremos: la [&hellip;]
