{"version":"1.0","provider_name":"El Diario - Bolivia","provider_url":"https:\/\/www.eldiario.net\/portal","title":"Restaurant Week regresa para conquistar los sentidos - El Diario - Bolivia","type":"rich","width":600,"height":338,"html":"<blockquote class=\"wp-embedded-content\" data-secret=\"icnLECcVoG\"><a href=\"https:\/\/www.eldiario.net\/portal\/2025\/09\/08\/restaurant-week-regresa-para-conquistar-los-sentidos\/\">Restaurant Week regresa para conquistar los sentidos<\/a><\/blockquote><iframe sandbox=\"allow-scripts\" security=\"restricted\" src=\"https:\/\/www.eldiario.net\/portal\/2025\/09\/08\/restaurant-week-regresa-para-conquistar-los-sentidos\/embed\/#?secret=icnLECcVoG\" width=\"600\" height=\"338\" title=\"\u00abRestaurant Week regresa para conquistar los sentidos\u00bb \u2014 El Diario - Bolivia\" data-secret=\"icnLECcVoG\" frameborder=\"0\" marginwidth=\"0\" marginheight=\"0\" scrolling=\"no\" class=\"wp-embedded-content\"><\/iframe><script>\n\/*! This file is auto-generated *\/\n!function(d,l){\"use strict\";l.querySelector&&d.addEventListener&&\"undefined\"!=typeof URL&&(d.wp=d.wp||{},d.wp.receiveEmbedMessage||(d.wp.receiveEmbedMessage=function(e){var t=e.data;if((t||t.secret||t.message||t.value)&&!\/[^a-zA-Z0-9]\/.test(t.secret)){for(var s,r,n,a=l.querySelectorAll('iframe[data-secret=\"'+t.secret+'\"]'),o=l.querySelectorAll('blockquote[data-secret=\"'+t.secret+'\"]'),c=new RegExp(\"^https?:$\",\"i\"),i=0;i<o.length;i++)o[i].style.display=\"none\";for(i=0;i<a.length;i++)s=a[i],e.source===s.contentWindow&&(s.removeAttribute(\"style\"),\"height\"===t.message?(1e3<(r=parseInt(t.value,10))?r=1e3:~~r<200&&(r=200),s.height=r):\"link\"===t.message&&(r=new URL(s.getAttribute(\"src\")),n=new URL(t.value),c.test(n.protocol))&&n.host===r.host&&l.activeElement===s&&(d.top.location.href=t.value))}},d.addEventListener(\"message\",d.wp.receiveEmbedMessage,!1),l.addEventListener(\"DOMContentLoaded\",function(){for(var e,t,s=l.querySelectorAll(\"iframe.wp-embedded-content\"),r=0;r<s.length;r++)(t=(e=s[r]).getAttribute(\"data-secret\"))||(t=Math.random().toString(36).substring(2,12),e.src+=\"#?secret=\"+t,e.setAttribute(\"data-secret\",t)),e.contentWindow.postMessage({message:\"ready\",secret:t},\"*\")},!1)))}(window,document);\n\/\/# sourceURL=https:\/\/www.eldiario.net\/portal\/wp-includes\/js\/wp-embed.min.js\n<\/script>\n","thumbnail_url":"https:\/\/www.eldiario.net\/portal\/wp-content\/uploads\/2025\/09\/829A8443.webp","thumbnail_width":1200,"thumbnail_height":800,"description":"El paladar pace\u00f1o est\u00e1 de fiesta, el esperado Restaurant Week ha vuelto en su 23\u00aa edici\u00f3n para deleitar a los amantes de la alta cocina. Hasta el 14 de septiembre, quince de los restaurantes m\u00e1s prestigiosos de la ciudad abren sus puertas para ofrecer un men\u00fa especial de tres tiempos (entrada, plato principal y postre) [&hellip;]"}

El paladar paceño está de fiesta, el esperado Restaurant Week ha vuelto en su 23ª edición para deleitar a los amantes de la alta cocina. Hasta el 14 de septiembre, quince de los restaurantes más prestigiosos de la ciudad abren sus puertas para ofrecer un menú especial de tres tiempos (entrada, plato principal y postre) [&hellip;]
