{"version":"1.0","provider_name":"El Diario - Bolivia","provider_url":"https:\/\/www.eldiario.net\/portal","title":"Breve relato de un viaje - El Diario - Bolivia","type":"rich","width":600,"height":338,"html":"<blockquote class=\"wp-embedded-content\" data-secret=\"AgBNJWcd5r\"><a href=\"https:\/\/www.eldiario.net\/portal\/2025\/09\/05\/breve-relato-de-un-viaje\/\">Breve relato de un viaje<\/a><\/blockquote><iframe sandbox=\"allow-scripts\" security=\"restricted\" src=\"https:\/\/www.eldiario.net\/portal\/2025\/09\/05\/breve-relato-de-un-viaje\/embed\/#?secret=AgBNJWcd5r\" width=\"600\" height=\"338\" title=\"\u00abBreve relato de un viaje\u00bb \u2014 El Diario - Bolivia\" data-secret=\"AgBNJWcd5r\" frameborder=\"0\" marginwidth=\"0\" marginheight=\"0\" scrolling=\"no\" class=\"wp-embedded-content\"><\/iframe><script>\n\/*! This file is auto-generated *\/\n!function(d,l){\"use strict\";l.querySelector&&d.addEventListener&&\"undefined\"!=typeof URL&&(d.wp=d.wp||{},d.wp.receiveEmbedMessage||(d.wp.receiveEmbedMessage=function(e){var t=e.data;if((t||t.secret||t.message||t.value)&&!\/[^a-zA-Z0-9]\/.test(t.secret)){for(var s,r,n,a=l.querySelectorAll('iframe[data-secret=\"'+t.secret+'\"]'),o=l.querySelectorAll('blockquote[data-secret=\"'+t.secret+'\"]'),c=new RegExp(\"^https?:$\",\"i\"),i=0;i<o.length;i++)o[i].style.display=\"none\";for(i=0;i<a.length;i++)s=a[i],e.source===s.contentWindow&&(s.removeAttribute(\"style\"),\"height\"===t.message?(1e3<(r=parseInt(t.value,10))?r=1e3:~~r<200&&(r=200),s.height=r):\"link\"===t.message&&(r=new URL(s.getAttribute(\"src\")),n=new URL(t.value),c.test(n.protocol))&&n.host===r.host&&l.activeElement===s&&(d.top.location.href=t.value))}},d.addEventListener(\"message\",d.wp.receiveEmbedMessage,!1),l.addEventListener(\"DOMContentLoaded\",function(){for(var e,t,s=l.querySelectorAll(\"iframe.wp-embedded-content\"),r=0;r<s.length;r++)(t=(e=s[r]).getAttribute(\"data-secret\"))||(t=Math.random().toString(36).substring(2,12),e.src+=\"#?secret=\"+t,e.setAttribute(\"data-secret\",t)),e.contentWindow.postMessage({message:\"ready\",secret:t},\"*\")},!1)))}(window,document);\n\/\/# sourceURL=https:\/\/www.eldiario.net\/portal\/wp-includes\/js\/wp-embed.min.js\n<\/script>\n","thumbnail_url":"https:\/\/www.eldiario.net\/portal\/wp-content\/uploads\/2023\/06\/Ernesto-Gonzalez-Valdes.jpg","thumbnail_width":1200,"thumbnail_height":628,"description":"Una amiga m\u00eda cuenta por d\u00eda, mes, a\u00f1o cu\u00e1ntos desastres a\u00e9reos ocurren en el planeta, por lo que se deduce que le aterra viajar usando este medio de transporte, cuyos pioneros fueron los hermanos Wright. Pero la historia destaca dos antecesores, en el Siglo XIX, que son los inventores: el franc\u00e9s Cl\u00e9ment Ader y el [&hellip;]"}

Una amiga mía cuenta por día, mes, año cuántos desastres aéreos ocurren en el planeta, por lo que se deduce que le aterra viajar usando este medio de transporte, cuyos pioneros fueron los hermanos Wright. Pero la historia destaca dos antecesores, en el Siglo XIX, que son los inventores: el francés Clément Ader y el [&hellip;]
