{"version":"1.0","provider_name":"El Diario - Bolivia","provider_url":"https:\/\/www.eldiario.net\/portal","title":"Comienza campa\u00f1a de vacunaci\u00f3n antirr\u00e1bica - El Diario - Bolivia","type":"rich","width":600,"height":338,"html":"<blockquote class=\"wp-embedded-content\" data-secret=\"OF4i9XNiDW\"><a href=\"https:\/\/www.eldiario.net\/portal\/2025\/08\/31\/comienza-campana-de-vacunacion-antirrabica\/\">Comienza campa\u00f1a de vacunaci\u00f3n antirr\u00e1bica<\/a><\/blockquote><iframe sandbox=\"allow-scripts\" security=\"restricted\" src=\"https:\/\/www.eldiario.net\/portal\/2025\/08\/31\/comienza-campana-de-vacunacion-antirrabica\/embed\/#?secret=OF4i9XNiDW\" width=\"600\" height=\"338\" title=\"\u00abComienza campa\u00f1a de vacunaci\u00f3n antirr\u00e1bica\u00bb \u2014 El Diario - Bolivia\" data-secret=\"OF4i9XNiDW\" frameborder=\"0\" marginwidth=\"0\" marginheight=\"0\" scrolling=\"no\" class=\"wp-embedded-content\"><\/iframe><script>\n\/*! This file is auto-generated *\/\n!function(d,l){\"use strict\";l.querySelector&&d.addEventListener&&\"undefined\"!=typeof URL&&(d.wp=d.wp||{},d.wp.receiveEmbedMessage||(d.wp.receiveEmbedMessage=function(e){var t=e.data;if((t||t.secret||t.message||t.value)&&!\/[^a-zA-Z0-9]\/.test(t.secret)){for(var s,r,n,a=l.querySelectorAll('iframe[data-secret=\"'+t.secret+'\"]'),o=l.querySelectorAll('blockquote[data-secret=\"'+t.secret+'\"]'),c=new RegExp(\"^https?:$\",\"i\"),i=0;i<o.length;i++)o[i].style.display=\"none\";for(i=0;i<a.length;i++)s=a[i],e.source===s.contentWindow&&(s.removeAttribute(\"style\"),\"height\"===t.message?(1e3<(r=parseInt(t.value,10))?r=1e3:~~r<200&&(r=200),s.height=r):\"link\"===t.message&&(r=new URL(s.getAttribute(\"src\")),n=new URL(t.value),c.test(n.protocol))&&n.host===r.host&&l.activeElement===s&&(d.top.location.href=t.value))}},d.addEventListener(\"message\",d.wp.receiveEmbedMessage,!1),l.addEventListener(\"DOMContentLoaded\",function(){for(var e,t,s=l.querySelectorAll(\"iframe.wp-embedded-content\"),r=0;r<s.length;r++)(t=(e=s[r]).getAttribute(\"data-secret\"))||(t=Math.random().toString(36).substring(2,12),e.src+=\"#?secret=\"+t,e.setAttribute(\"data-secret\",t)),e.contentWindow.postMessage({message:\"ready\",secret:t},\"*\")},!1)))}(window,document);\n\/\/# sourceURL=https:\/\/www.eldiario.net\/portal\/wp-includes\/js\/wp-embed.min.js\n<\/script>\n","thumbnail_url":"https:\/\/www.eldiario.net\/portal\/wp-content\/uploads\/2025\/08\/11-NAL1-COLOR.webp","thumbnail_width":960,"thumbnail_height":409,"description":"La campa\u00f1a de vacunaci\u00f3n antirr\u00e1bica comenz\u00f3 en Sucre, municipio que est\u00e1 cerca de batir su r\u00e9cord de casos de esta enfermedad, pues en lo que va del a\u00f1o report\u00f3 34 positivos, cifra pr\u00f3xima registrada en 2023, cuando se contabilizaron 39 en total. La vacunaci\u00f3n durar\u00e1 dos d\u00edas, es impulsada por el Ministerio de Salud y [&hellip;]"}

Comienza campaña de vacunación antirrábica - El Diario - Bolivia

<blockquote class="wp-embedded-content" data-secret="OF4i9XNiDW"><a href="https://www.eldiario.net/portal/2025/08/31/comienza-campana-de-vacunacion-antirrabica/">Comienza campaña de vacunación antirrábica</a></blockquote><iframe sandbox="allow-scripts" security="restricted" src="https://www.eldiario.net/portal/2025/08/31/comienza-campana-de-vacunacion-antirrabica/embed/#?secret=OF4i9XNiDW" width="600" height="338" title="«Comienza campaña de vacunación antirrábica» — El Diario - Bolivia" data-secret="OF4i9XNiDW" frameborder="0" marginwidth="0" marginheight="0" scrolling="no" class="wp-embedded-content"></iframe><script>
/*! This file is auto-generated */
!function(d,l){"use strict";l.querySelector&&d.addEventListener&&"undefined"!=typeof URL&&(d.wp=d.wp||{},d.wp.receiveEmbedMessage||(d.wp.receiveEmbedMessage=function(e){var t=e.data;if((t||t.secret||t.message||t.value)&&!/[^a-zA-Z0-9]/.test(t.secret)){for(var s,r,n,a=l.querySelectorAll('iframe[data-secret="'+t.secret+'"]'),o=l.querySelectorAll('blockquote[data-secret="'+t.secret+'"]'),c=new RegExp("^https?:$","i"),i=0;i<o.length;i++)o[i].style.display="none";for(i=0;i<a.length;i++)s=a[i],e.source===s.contentWindow&&(s.removeAttribute("style"),"height"===t.message?(1e3<(r=parseInt(t.value,10))?r=1e3:~~r<200&&(r=200),s.height=r):"link"===t.message&&(r=new URL(s.getAttribute("src")),n=new URL(t.value),c.test(n.protocol))&&n.host===r.host&&l.activeElement===s&&(d.top.location.href=t.value))}},d.addEventListener("message",d.wp.receiveEmbedMessage,!1),l.addEventListener("DOMContentLoaded",function(){for(var e,t,s=l.querySelectorAll("iframe.wp-embedded-content"),r=0;r<s.length;r++)(t=(e=s[r]).getAttribute("data-secret"))||(t=Math.random().toString(36).substring(2,12),e.src+="#?secret="+t,e.setAttribute("data-secret",t)),e.contentWindow.postMessage({message:"ready",secret:t},"*")},!1)))}(window,document);
//# sourceURL=https://www.eldiario.net/portal/wp-includes/js/wp-embed.min.js
</script>

La campaña de vacunación antirrábica comenzó en Sucre, municipio que está cerca de batir su récord de casos de esta enfermedad, pues en lo que va del año reportó 34 positivos, cifra próxima registrada en 2023, cuando se contabilizaron 39 en total. La vacunación durará dos días, es impulsada por el Ministerio de Salud y [&hellip;]
