{"version":"1.0","provider_name":"El Diario - Bolivia","provider_url":"https:\/\/www.eldiario.net\/portal","title":"Esgrima: Mayer pide m\u00e1s apoyo PARA deportistas - El Diario - Bolivia","type":"rich","width":600,"height":338,"html":"<blockquote class=\"wp-embedded-content\" data-secret=\"eIHHad5Jck\"><a href=\"https:\/\/www.eldiario.net\/portal\/2025\/08\/15\/esgrima-mayer-pide-mas-apoyo-para-deportistas\/\">Esgrima: Mayer pide m\u00e1s apoyo PARA deportistas<\/a><\/blockquote><iframe sandbox=\"allow-scripts\" security=\"restricted\" src=\"https:\/\/www.eldiario.net\/portal\/2025\/08\/15\/esgrima-mayer-pide-mas-apoyo-para-deportistas\/embed\/#?secret=eIHHad5Jck\" width=\"600\" height=\"338\" title=\"\u00abEsgrima: Mayer pide m\u00e1s apoyo PARA deportistas\u00bb \u2014 El Diario - Bolivia\" data-secret=\"eIHHad5Jck\" frameborder=\"0\" marginwidth=\"0\" marginheight=\"0\" scrolling=\"no\" class=\"wp-embedded-content\"><\/iframe><script>\n\/*! This file is auto-generated *\/\n!function(d,l){\"use strict\";l.querySelector&&d.addEventListener&&\"undefined\"!=typeof URL&&(d.wp=d.wp||{},d.wp.receiveEmbedMessage||(d.wp.receiveEmbedMessage=function(e){var t=e.data;if((t||t.secret||t.message||t.value)&&!\/[^a-zA-Z0-9]\/.test(t.secret)){for(var s,r,n,a=l.querySelectorAll('iframe[data-secret=\"'+t.secret+'\"]'),o=l.querySelectorAll('blockquote[data-secret=\"'+t.secret+'\"]'),c=new RegExp(\"^https?:$\",\"i\"),i=0;i<o.length;i++)o[i].style.display=\"none\";for(i=0;i<a.length;i++)s=a[i],e.source===s.contentWindow&&(s.removeAttribute(\"style\"),\"height\"===t.message?(1e3<(r=parseInt(t.value,10))?r=1e3:~~r<200&&(r=200),s.height=r):\"link\"===t.message&&(r=new URL(s.getAttribute(\"src\")),n=new URL(t.value),c.test(n.protocol))&&n.host===r.host&&l.activeElement===s&&(d.top.location.href=t.value))}},d.addEventListener(\"message\",d.wp.receiveEmbedMessage,!1),l.addEventListener(\"DOMContentLoaded\",function(){for(var e,t,s=l.querySelectorAll(\"iframe.wp-embedded-content\"),r=0;r<s.length;r++)(t=(e=s[r]).getAttribute(\"data-secret\"))||(t=Math.random().toString(36).substring(2,12),e.src+=\"#?secret=\"+t,e.setAttribute(\"data-secret\",t)),e.contentWindow.postMessage({message:\"ready\",secret:t},\"*\")},!1)))}(window,document);\n\/\/# sourceURL=https:\/\/www.eldiario.net\/portal\/wp-includes\/js\/wp-embed.min.js\n<\/script>\n","thumbnail_url":"https:\/\/www.eldiario.net\/portal\/wp-content\/uploads\/2025\/08\/Principal-6.webp","thumbnail_width":1200,"thumbnail_height":800,"description":"El esgrimista Esteban Gabriel Mayer Shepard, de 18 a\u00f1os, fue reconocido ayer por el Gobierno Aut\u00f3nomo Municipal de La Paz por la obtenci\u00f3n de la medalla de oro, en la modalidad de sable, en los II Juegos Panamericanos Junior Asunci\u00f3n 2025. El deportista recibi\u00f3 la distinci\u00f3n de manos del alcalde, Iv\u00e1n Arias. \u201cQue esta medalla [&hellip;]"}

Esgrima: Mayer pide más apoyo PARA deportistas - El Diario - Bolivia

<blockquote class="wp-embedded-content" data-secret="eIHHad5Jck"><a href="https://www.eldiario.net/portal/2025/08/15/esgrima-mayer-pide-mas-apoyo-para-deportistas/">Esgrima: Mayer pide más apoyo PARA deportistas</a></blockquote><iframe sandbox="allow-scripts" security="restricted" src="https://www.eldiario.net/portal/2025/08/15/esgrima-mayer-pide-mas-apoyo-para-deportistas/embed/#?secret=eIHHad5Jck" width="600" height="338" title="«Esgrima: Mayer pide más apoyo PARA deportistas» — El Diario - Bolivia" data-secret="eIHHad5Jck" frameborder="0" marginwidth="0" marginheight="0" scrolling="no" class="wp-embedded-content"></iframe><script>
/*! This file is auto-generated */
!function(d,l){"use strict";l.querySelector&&d.addEventListener&&"undefined"!=typeof URL&&(d.wp=d.wp||{},d.wp.receiveEmbedMessage||(d.wp.receiveEmbedMessage=function(e){var t=e.data;if((t||t.secret||t.message||t.value)&&!/[^a-zA-Z0-9]/.test(t.secret)){for(var s,r,n,a=l.querySelectorAll('iframe[data-secret="'+t.secret+'"]'),o=l.querySelectorAll('blockquote[data-secret="'+t.secret+'"]'),c=new RegExp("^https?:$","i"),i=0;i<o.length;i++)o[i].style.display="none";for(i=0;i<a.length;i++)s=a[i],e.source===s.contentWindow&&(s.removeAttribute("style"),"height"===t.message?(1e3<(r=parseInt(t.value,10))?r=1e3:~~r<200&&(r=200),s.height=r):"link"===t.message&&(r=new URL(s.getAttribute("src")),n=new URL(t.value),c.test(n.protocol))&&n.host===r.host&&l.activeElement===s&&(d.top.location.href=t.value))}},d.addEventListener("message",d.wp.receiveEmbedMessage,!1),l.addEventListener("DOMContentLoaded",function(){for(var e,t,s=l.querySelectorAll("iframe.wp-embedded-content"),r=0;r<s.length;r++)(t=(e=s[r]).getAttribute("data-secret"))||(t=Math.random().toString(36).substring(2,12),e.src+="#?secret="+t,e.setAttribute("data-secret",t)),e.contentWindow.postMessage({message:"ready",secret:t},"*")},!1)))}(window,document);
//# sourceURL=https://www.eldiario.net/portal/wp-includes/js/wp-embed.min.js
</script>

El esgrimista Esteban Gabriel Mayer Shepard, de 18 años, fue reconocido ayer por el Gobierno Autónomo Municipal de La Paz por la obtención de la medalla de oro, en la modalidad de sable, en los II Juegos Panamericanos Junior Asunción 2025. El deportista recibió la distinción de manos del alcalde, Iván Arias. “Que esta medalla [&hellip;]
