{"version":"1.0","provider_name":"El Diario - Bolivia","provider_url":"https:\/\/www.eldiario.net\/portal","title":"Concierto de la Libertad: Festejo franco-boliviano - El Diario - Bolivia","type":"rich","width":600,"height":338,"html":"<blockquote class=\"wp-embedded-content\" data-secret=\"PoxieUcEKA\"><a href=\"https:\/\/www.eldiario.net\/portal\/2025\/08\/01\/concierto-de-la-libertad-festejo-franco-boliviano\/\">Concierto de la Libertad: Festejo franco-boliviano<\/a><\/blockquote><iframe sandbox=\"allow-scripts\" security=\"restricted\" src=\"https:\/\/www.eldiario.net\/portal\/2025\/08\/01\/concierto-de-la-libertad-festejo-franco-boliviano\/embed\/#?secret=PoxieUcEKA\" width=\"600\" height=\"338\" title=\"\u00abConcierto de la Libertad: Festejo franco-boliviano\u00bb \u2014 El Diario - Bolivia\" data-secret=\"PoxieUcEKA\" frameborder=\"0\" marginwidth=\"0\" marginheight=\"0\" scrolling=\"no\" class=\"wp-embedded-content\"><\/iframe><script>\n\/*! This file is auto-generated *\/\n!function(d,l){\"use strict\";l.querySelector&&d.addEventListener&&\"undefined\"!=typeof URL&&(d.wp=d.wp||{},d.wp.receiveEmbedMessage||(d.wp.receiveEmbedMessage=function(e){var t=e.data;if((t||t.secret||t.message||t.value)&&!\/[^a-zA-Z0-9]\/.test(t.secret)){for(var s,r,n,a=l.querySelectorAll('iframe[data-secret=\"'+t.secret+'\"]'),o=l.querySelectorAll('blockquote[data-secret=\"'+t.secret+'\"]'),c=new RegExp(\"^https?:$\",\"i\"),i=0;i<o.length;i++)o[i].style.display=\"none\";for(i=0;i<a.length;i++)s=a[i],e.source===s.contentWindow&&(s.removeAttribute(\"style\"),\"height\"===t.message?(1e3<(r=parseInt(t.value,10))?r=1e3:~~r<200&&(r=200),s.height=r):\"link\"===t.message&&(r=new URL(s.getAttribute(\"src\")),n=new URL(t.value),c.test(n.protocol))&&n.host===r.host&&l.activeElement===s&&(d.top.location.href=t.value))}},d.addEventListener(\"message\",d.wp.receiveEmbedMessage,!1),l.addEventListener(\"DOMContentLoaded\",function(){for(var e,t,s=l.querySelectorAll(\"iframe.wp-embedded-content\"),r=0;r<s.length;r++)(t=(e=s[r]).getAttribute(\"data-secret\"))||(t=Math.random().toString(36).substring(2,12),e.src+=\"#?secret=\"+t,e.setAttribute(\"data-secret\",t)),e.contentWindow.postMessage({message:\"ready\",secret:t},\"*\")},!1)))}(window,document);\n\/\/# sourceURL=https:\/\/www.eldiario.net\/portal\/wp-includes\/js\/wp-embed.min.js\n<\/script>\n","thumbnail_url":"https:\/\/www.eldiario.net\/portal\/wp-content\/uploads\/2025\/07\/DSC_8996.webp","thumbnail_width":1200,"thumbnail_height":801,"description":"El Espacio K\u00fau Inti fue escenario de una noche memorable, el Concierto de la Libertad, que clausur\u00f3 las celebraciones del D\u00eda Nacional de Francia en el a\u00f1o del Bicentenario de la independencia de Bolivia. Este evento no solo marc\u00f3 el cierre de una gira que recorri\u00f3 Santa Cruz y Sucre, sino que tambi\u00e9n conmemor\u00f3 los [&hellip;]"}

El Espacio Kúu Inti fue escenario de una noche memorable, el Concierto de la Libertad, que clausuró las celebraciones del Día Nacional de Francia en el año del Bicentenario de la independencia de Bolivia. Este evento no solo marcó el cierre de una gira que recorrió Santa Cruz y Sucre, sino que también conmemoró los [&hellip;]
