{"version":"1.0","provider_name":"El Diario - Bolivia","provider_url":"https:\/\/www.eldiario.net\/portal","title":"Mi apuesta por un liderazgo de cambio - El Diario - Bolivia","type":"rich","width":600,"height":338,"html":"<blockquote class=\"wp-embedded-content\" data-secret=\"JPxn5JGdOK\"><a href=\"https:\/\/www.eldiario.net\/portal\/2025\/07\/20\/mi-apuesta-por-un-liderazgo-de-cambio\/\">Mi apuesta por un liderazgo de cambio<\/a><\/blockquote><iframe sandbox=\"allow-scripts\" security=\"restricted\" src=\"https:\/\/www.eldiario.net\/portal\/2025\/07\/20\/mi-apuesta-por-un-liderazgo-de-cambio\/embed\/#?secret=JPxn5JGdOK\" width=\"600\" height=\"338\" title=\"\u00abMi apuesta por un liderazgo de cambio\u00bb \u2014 El Diario - Bolivia\" data-secret=\"JPxn5JGdOK\" frameborder=\"0\" marginwidth=\"0\" marginheight=\"0\" scrolling=\"no\" class=\"wp-embedded-content\"><\/iframe><script>\n\/*! This file is auto-generated *\/\n!function(d,l){\"use strict\";l.querySelector&&d.addEventListener&&\"undefined\"!=typeof URL&&(d.wp=d.wp||{},d.wp.receiveEmbedMessage||(d.wp.receiveEmbedMessage=function(e){var t=e.data;if((t||t.secret||t.message||t.value)&&!\/[^a-zA-Z0-9]\/.test(t.secret)){for(var s,r,n,a=l.querySelectorAll('iframe[data-secret=\"'+t.secret+'\"]'),o=l.querySelectorAll('blockquote[data-secret=\"'+t.secret+'\"]'),c=new RegExp(\"^https?:$\",\"i\"),i=0;i<o.length;i++)o[i].style.display=\"none\";for(i=0;i<a.length;i++)s=a[i],e.source===s.contentWindow&&(s.removeAttribute(\"style\"),\"height\"===t.message?(1e3<(r=parseInt(t.value,10))?r=1e3:~~r<200&&(r=200),s.height=r):\"link\"===t.message&&(r=new URL(s.getAttribute(\"src\")),n=new URL(t.value),c.test(n.protocol))&&n.host===r.host&&l.activeElement===s&&(d.top.location.href=t.value))}},d.addEventListener(\"message\",d.wp.receiveEmbedMessage,!1),l.addEventListener(\"DOMContentLoaded\",function(){for(var e,t,s=l.querySelectorAll(\"iframe.wp-embedded-content\"),r=0;r<s.length;r++)(t=(e=s[r]).getAttribute(\"data-secret\"))||(t=Math.random().toString(36).substring(2,12),e.src+=\"#?secret=\"+t,e.setAttribute(\"data-secret\",t)),e.contentWindow.postMessage({message:\"ready\",secret:t},\"*\")},!1)))}(window,document);\n\/\/# sourceURL=https:\/\/www.eldiario.net\/portal\/wp-includes\/js\/wp-embed.min.js\n<\/script>\n","thumbnail_url":"https:\/\/www.eldiario.net\/portal\/wp-content\/uploads\/2025\/04\/42-POL-1.jpg","thumbnail_width":980,"thumbnail_height":551,"description":"Bolivia se encuentra en una encrucijada hist\u00f3rica. La decisi\u00f3n que tomaremos este 17 de agosto no s\u00f3lo definir\u00e1 nuestro futuro inmediato, sino tambi\u00e9n el rumbo de las pr\u00f3ximas generaciones. Como boliviano y empresario, que enfrent\u00f3 grandes desaf\u00edos, me dirijo a ustedes con un mensaje claro: es hora de unirnos, tomar decisiones valientes y apostar por [&hellip;]"}

Bolivia se encuentra en una encrucijada histórica. La decisión que tomaremos este 17 de agosto no sólo definirá nuestro futuro inmediato, sino también el rumbo de las próximas generaciones. Como boliviano y empresario, que enfrentó grandes desafíos, me dirijo a ustedes con un mensaje claro: es hora de unirnos, tomar decisiones valientes y apostar por [&hellip;]
