{"version":"1.0","provider_name":"El Diario - Bolivia","provider_url":"https:\/\/www.eldiario.net\/portal","title":"'Yoga en la Altura' despierta expectativa - El Diario - Bolivia","type":"rich","width":600,"height":338,"html":"<blockquote class=\"wp-embedded-content\" data-secret=\"MVhRw06CWT\"><a href=\"https:\/\/www.eldiario.net\/portal\/2025\/07\/05\/yoga-en-la-altura-despierta-expectativa\/\">&#8216;Yoga en la Altura&#8217;  despierta expectativa<\/a><\/blockquote><iframe sandbox=\"allow-scripts\" security=\"restricted\" src=\"https:\/\/www.eldiario.net\/portal\/2025\/07\/05\/yoga-en-la-altura-despierta-expectativa\/embed\/#?secret=MVhRw06CWT\" width=\"600\" height=\"338\" title=\"\u00ab&#8216;Yoga en la Altura&#8217;  despierta expectativa\u00bb \u2014 El Diario - Bolivia\" data-secret=\"MVhRw06CWT\" frameborder=\"0\" marginwidth=\"0\" marginheight=\"0\" scrolling=\"no\" class=\"wp-embedded-content\"><\/iframe><script>\n\/*! This file is auto-generated *\/\n!function(d,l){\"use strict\";l.querySelector&&d.addEventListener&&\"undefined\"!=typeof URL&&(d.wp=d.wp||{},d.wp.receiveEmbedMessage||(d.wp.receiveEmbedMessage=function(e){var t=e.data;if((t||t.secret||t.message||t.value)&&!\/[^a-zA-Z0-9]\/.test(t.secret)){for(var s,r,n,a=l.querySelectorAll('iframe[data-secret=\"'+t.secret+'\"]'),o=l.querySelectorAll('blockquote[data-secret=\"'+t.secret+'\"]'),c=new RegExp(\"^https?:$\",\"i\"),i=0;i<o.length;i++)o[i].style.display=\"none\";for(i=0;i<a.length;i++)s=a[i],e.source===s.contentWindow&&(s.removeAttribute(\"style\"),\"height\"===t.message?(1e3<(r=parseInt(t.value,10))?r=1e3:~~r<200&&(r=200),s.height=r):\"link\"===t.message&&(r=new URL(s.getAttribute(\"src\")),n=new URL(t.value),c.test(n.protocol))&&n.host===r.host&&l.activeElement===s&&(d.top.location.href=t.value))}},d.addEventListener(\"message\",d.wp.receiveEmbedMessage,!1),l.addEventListener(\"DOMContentLoaded\",function(){for(var e,t,s=l.querySelectorAll(\"iframe.wp-embedded-content\"),r=0;r<s.length;r++)(t=(e=s[r]).getAttribute(\"data-secret\"))||(t=Math.random().toString(36).substring(2,12),e.src+=\"#?secret=\"+t,e.setAttribute(\"data-secret\",t)),e.contentWindow.postMessage({message:\"ready\",secret:t},\"*\")},!1)))}(window,document);\n\/\/# sourceURL=https:\/\/www.eldiario.net\/portal\/wp-includes\/js\/wp-embed.min.js\n<\/script>\n","thumbnail_url":"https:\/\/www.eldiario.net\/portal\/wp-content\/uploads\/2025\/07\/FOTO-25.webp","thumbnail_width":540,"thumbnail_height":281,"description":"La mente en armon\u00eda con el cuerpo, es el principio del yoga, disciplina que tiene sus or\u00edgenes en India. El yoga es una actividad espirutual, combinada con la habilidad de ejercicio corporal, que por su intensa utilidad, es practicada- en estos tiempos- por una gran parte de la poblaci\u00f3n pace\u00f1a. En este entendido, la Direcci\u00f3n [&hellip;]"}

La mente en armonía con el cuerpo, es el principio del yoga, disciplina que tiene sus orígenes en India. El yoga es una actividad espirutual, combinada con la habilidad de ejercicio corporal, que por su intensa utilidad, es practicada- en estos tiempos- por una gran parte de la población paceña. En este entendido, la Dirección [&hellip;]
