{"version":"1.0","provider_name":"El Diario - Bolivia","provider_url":"https:\/\/www.eldiario.net\/portal","title":"Premian a la excelencia deportiva 'chukuta' - El Diario - Bolivia","type":"rich","width":600,"height":338,"html":"<blockquote class=\"wp-embedded-content\" data-secret=\"EBLAaoWAtA\"><a href=\"https:\/\/www.eldiario.net\/portal\/2025\/07\/05\/premian-a-la-excelencia-deportiva-chukuta\/\">Premian a la excelencia deportiva &#8216;chukuta&#8217;<\/a><\/blockquote><iframe sandbox=\"allow-scripts\" security=\"restricted\" src=\"https:\/\/www.eldiario.net\/portal\/2025\/07\/05\/premian-a-la-excelencia-deportiva-chukuta\/embed\/#?secret=EBLAaoWAtA\" width=\"600\" height=\"338\" title=\"\u00abPremian a la excelencia deportiva &#8216;chukuta&#8217;\u00bb \u2014 El Diario - Bolivia\" data-secret=\"EBLAaoWAtA\" frameborder=\"0\" marginwidth=\"0\" marginheight=\"0\" scrolling=\"no\" class=\"wp-embedded-content\"><\/iframe><script>\n\/*! This file is auto-generated *\/\n!function(d,l){\"use strict\";l.querySelector&&d.addEventListener&&\"undefined\"!=typeof URL&&(d.wp=d.wp||{},d.wp.receiveEmbedMessage||(d.wp.receiveEmbedMessage=function(e){var t=e.data;if((t||t.secret||t.message||t.value)&&!\/[^a-zA-Z0-9]\/.test(t.secret)){for(var s,r,n,a=l.querySelectorAll('iframe[data-secret=\"'+t.secret+'\"]'),o=l.querySelectorAll('blockquote[data-secret=\"'+t.secret+'\"]'),c=new RegExp(\"^https?:$\",\"i\"),i=0;i<o.length;i++)o[i].style.display=\"none\";for(i=0;i<a.length;i++)s=a[i],e.source===s.contentWindow&&(s.removeAttribute(\"style\"),\"height\"===t.message?(1e3<(r=parseInt(t.value,10))?r=1e3:~~r<200&&(r=200),s.height=r):\"link\"===t.message&&(r=new URL(s.getAttribute(\"src\")),n=new URL(t.value),c.test(n.protocol))&&n.host===r.host&&l.activeElement===s&&(d.top.location.href=t.value))}},d.addEventListener(\"message\",d.wp.receiveEmbedMessage,!1),l.addEventListener(\"DOMContentLoaded\",function(){for(var e,t,s=l.querySelectorAll(\"iframe.wp-embedded-content\"),r=0;r<s.length;r++)(t=(e=s[r]).getAttribute(\"data-secret\"))||(t=Math.random().toString(36).substring(2,12),e.src+=\"#?secret=\"+t,e.setAttribute(\"data-secret\",t)),e.contentWindow.postMessage({message:\"ready\",secret:t},\"*\")},!1)))}(window,document);\n\/\/# sourceURL=https:\/\/www.eldiario.net\/portal\/wp-includes\/js\/wp-embed.min.js\n<\/script>\n","thumbnail_url":"https:\/\/www.eldiario.net\/portal\/wp-content\/uploads\/2025\/07\/FOTO-21.webp","thumbnail_width":487,"thumbnail_height":727,"description":"Seg\u00fan norma edil, el pr\u00f3ximo 25 de este mes, ser\u00e1n reconocidos deportistas pace\u00f1os, por su excelencia. La Directora Municipal de La Paz, Carmen Pozo, dijo que \u00aben este 2025 se opt\u00f3 por realizar invitaciones directas a los campeones destacados de cada disciplina y rubro deportivo, que con su trayectoria y logros en los \u00faltimos a\u00f1os, [&hellip;]"}

Según norma edil, el próximo 25 de este mes, serán reconocidos deportistas paceños, por su excelencia. La Directora Municipal de La Paz, Carmen Pozo, dijo que «en este 2025 se optó por realizar invitaciones directas a los campeones destacados de cada disciplina y rubro deportivo, que con su trayectoria y logros en los últimos años, [&hellip;]
