{"version":"1.0","provider_name":"El Diario - Bolivia","provider_url":"https:\/\/www.eldiario.net\/portal","title":"Sedes pide declaratoria de desastre en Cabezas - El Diario - Bolivia","type":"rich","width":600,"height":338,"html":"<blockquote class=\"wp-embedded-content\" data-secret=\"oH3cqWyO3x\"><a href=\"https:\/\/www.eldiario.net\/portal\/2025\/06\/28\/sedes-pide-declaratoria-de-desastre-en-cabezas\/\">Sedes pide declaratoria  de desastre en Cabezas<\/a><\/blockquote><iframe sandbox=\"allow-scripts\" security=\"restricted\" src=\"https:\/\/www.eldiario.net\/portal\/2025\/06\/28\/sedes-pide-declaratoria-de-desastre-en-cabezas\/embed\/#?secret=oH3cqWyO3x\" width=\"600\" height=\"338\" title=\"\u00abSedes pide declaratoria  de desastre en Cabezas\u00bb \u2014 El Diario - Bolivia\" data-secret=\"oH3cqWyO3x\" frameborder=\"0\" marginwidth=\"0\" marginheight=\"0\" scrolling=\"no\" class=\"wp-embedded-content\"><\/iframe><script>\n\/*! This file is auto-generated *\/\n!function(d,l){\"use strict\";l.querySelector&&d.addEventListener&&\"undefined\"!=typeof URL&&(d.wp=d.wp||{},d.wp.receiveEmbedMessage||(d.wp.receiveEmbedMessage=function(e){var t=e.data;if((t||t.secret||t.message||t.value)&&!\/[^a-zA-Z0-9]\/.test(t.secret)){for(var s,r,n,a=l.querySelectorAll('iframe[data-secret=\"'+t.secret+'\"]'),o=l.querySelectorAll('blockquote[data-secret=\"'+t.secret+'\"]'),c=new RegExp(\"^https?:$\",\"i\"),i=0;i<o.length;i++)o[i].style.display=\"none\";for(i=0;i<a.length;i++)s=a[i],e.source===s.contentWindow&&(s.removeAttribute(\"style\"),\"height\"===t.message?(1e3<(r=parseInt(t.value,10))?r=1e3:~~r<200&&(r=200),s.height=r):\"link\"===t.message&&(r=new URL(s.getAttribute(\"src\")),n=new URL(t.value),c.test(n.protocol))&&n.host===r.host&&l.activeElement===s&&(d.top.location.href=t.value))}},d.addEventListener(\"message\",d.wp.receiveEmbedMessage,!1),l.addEventListener(\"DOMContentLoaded\",function(){for(var e,t,s=l.querySelectorAll(\"iframe.wp-embedded-content\"),r=0;r<s.length;r++)(t=(e=s[r]).getAttribute(\"data-secret\"))||(t=Math.random().toString(36).substring(2,12),e.src+=\"#?secret=\"+t,e.setAttribute(\"data-secret\",t)),e.contentWindow.postMessage({message:\"ready\",secret:t},\"*\")},!1)))}(window,document);\n\/\/# sourceURL=https:\/\/www.eldiario.net\/portal\/wp-includes\/js\/wp-embed.min.js\n<\/script>\n","thumbnail_url":"https:\/\/www.eldiario.net\/portal\/wp-content\/uploads\/2025\/06\/72-NAL-3.webp","thumbnail_width":1280,"thumbnail_height":545,"description":"El director del Servicio Departamental de Salud (Sedes) de Santa Cruz, Jaime Bilbao, inform\u00f3 que hasta ayer 63 eran los casos positivos de sarampi\u00f3n que se han reportado en 11 municipios cruce\u00f1os, por lo que pidi\u00f3 que el municipio de Cabezas sea declarado en desastre. Acot\u00f3 que entre las regiones donde existe gran afectaci\u00f3n est\u00e1n: [&hellip;]"}

El director del Servicio Departamental de Salud (Sedes) de Santa Cruz, Jaime Bilbao, informó que hasta ayer 63 eran los casos positivos de sarampión que se han reportado en 11 municipios cruceños, por lo que pidió que el municipio de Cabezas sea declarado en desastre. Acotó que entre las regiones donde existe gran afectación están: [&hellip;]
