{"version":"1.0","provider_name":"El Diario - Bolivia","provider_url":"https:\/\/www.eldiario.net\/portal","title":"Investigar\u00e1n muerte de Ministro - El Diario - Bolivia","type":"rich","width":600,"height":338,"html":"<blockquote class=\"wp-embedded-content\" data-secret=\"MMocyqkCSH\"><a href=\"https:\/\/www.eldiario.net\/portal\/2025\/06\/22\/investigaran-muerte-de-ministro\/\">Investigar\u00e1n  muerte de  Ministro<\/a><\/blockquote><iframe sandbox=\"allow-scripts\" security=\"restricted\" src=\"https:\/\/www.eldiario.net\/portal\/2025\/06\/22\/investigaran-muerte-de-ministro\/embed\/#?secret=MMocyqkCSH\" width=\"600\" height=\"338\" title=\"\u00abInvestigar\u00e1n  muerte de  Ministro\u00bb \u2014 El Diario - Bolivia\" data-secret=\"MMocyqkCSH\" frameborder=\"0\" marginwidth=\"0\" marginheight=\"0\" scrolling=\"no\" class=\"wp-embedded-content\"><\/iframe><script>\n\/*! This file is auto-generated *\/\n!function(d,l){\"use strict\";l.querySelector&&d.addEventListener&&\"undefined\"!=typeof URL&&(d.wp=d.wp||{},d.wp.receiveEmbedMessage||(d.wp.receiveEmbedMessage=function(e){var t=e.data;if((t||t.secret||t.message||t.value)&&!\/[^a-zA-Z0-9]\/.test(t.secret)){for(var s,r,n,a=l.querySelectorAll('iframe[data-secret=\"'+t.secret+'\"]'),o=l.querySelectorAll('blockquote[data-secret=\"'+t.secret+'\"]'),c=new RegExp(\"^https?:$\",\"i\"),i=0;i<o.length;i++)o[i].style.display=\"none\";for(i=0;i<a.length;i++)s=a[i],e.source===s.contentWindow&&(s.removeAttribute(\"style\"),\"height\"===t.message?(1e3<(r=parseInt(t.value,10))?r=1e3:~~r<200&&(r=200),s.height=r):\"link\"===t.message&&(r=new URL(s.getAttribute(\"src\")),n=new URL(t.value),c.test(n.protocol))&&n.host===r.host&&l.activeElement===s&&(d.top.location.href=t.value))}},d.addEventListener(\"message\",d.wp.receiveEmbedMessage,!1),l.addEventListener(\"DOMContentLoaded\",function(){for(var e,t,s=l.querySelectorAll(\"iframe.wp-embedded-content\"),r=0;r<s.length;r++)(t=(e=s[r]).getAttribute(\"data-secret\"))||(t=Math.random().toString(36).substring(2,12),e.src+=\"#?secret=\"+t,e.setAttribute(\"data-secret\",t)),e.contentWindow.postMessage({message:\"ready\",secret:t},\"*\")},!1)))}(window,document);\n\/\/# sourceURL=https:\/\/www.eldiario.net\/portal\/wp-includes\/js\/wp-embed.min.js\n<\/script>\n","thumbnail_url":"https:\/\/www.eldiario.net\/portal\/wp-content\/uploads\/2023\/12\/portada.jpg","thumbnail_width":800,"thumbnail_height":500,"description":"El Gobierno orden\u00f3 investigar la muerte del ministro de Trabajo, Erland Rodr\u00edguez, ocurrida ayer en su domicilio ubicado en la ciudad de El Alto en horas de la ma\u00f1ana. \u201cHemos instruido que se realicen las investigaciones sobre lo ocurrido\u201d, sostiene una parte del comunicado emitido por el Viceministerio de Comunicaci\u00f3n del Gobierno. Rodr\u00edguez particip\u00f3 ayer [&hellip;]"}

Investigarán muerte de Ministro - El Diario - Bolivia

<blockquote class="wp-embedded-content" data-secret="MMocyqkCSH"><a href="https://www.eldiario.net/portal/2025/06/22/investigaran-muerte-de-ministro/">Investigarán  muerte de  Ministro</a></blockquote><iframe sandbox="allow-scripts" security="restricted" src="https://www.eldiario.net/portal/2025/06/22/investigaran-muerte-de-ministro/embed/#?secret=MMocyqkCSH" width="600" height="338" title="«Investigarán  muerte de  Ministro» — El Diario - Bolivia" data-secret="MMocyqkCSH" frameborder="0" marginwidth="0" marginheight="0" scrolling="no" class="wp-embedded-content"></iframe><script>
/*! This file is auto-generated */
!function(d,l){"use strict";l.querySelector&&d.addEventListener&&"undefined"!=typeof URL&&(d.wp=d.wp||{},d.wp.receiveEmbedMessage||(d.wp.receiveEmbedMessage=function(e){var t=e.data;if((t||t.secret||t.message||t.value)&&!/[^a-zA-Z0-9]/.test(t.secret)){for(var s,r,n,a=l.querySelectorAll('iframe[data-secret="'+t.secret+'"]'),o=l.querySelectorAll('blockquote[data-secret="'+t.secret+'"]'),c=new RegExp("^https?:$","i"),i=0;i<o.length;i++)o[i].style.display="none";for(i=0;i<a.length;i++)s=a[i],e.source===s.contentWindow&&(s.removeAttribute("style"),"height"===t.message?(1e3<(r=parseInt(t.value,10))?r=1e3:~~r<200&&(r=200),s.height=r):"link"===t.message&&(r=new URL(s.getAttribute("src")),n=new URL(t.value),c.test(n.protocol))&&n.host===r.host&&l.activeElement===s&&(d.top.location.href=t.value))}},d.addEventListener("message",d.wp.receiveEmbedMessage,!1),l.addEventListener("DOMContentLoaded",function(){for(var e,t,s=l.querySelectorAll("iframe.wp-embedded-content"),r=0;r<s.length;r++)(t=(e=s[r]).getAttribute("data-secret"))||(t=Math.random().toString(36).substring(2,12),e.src+="#?secret="+t,e.setAttribute("data-secret",t)),e.contentWindow.postMessage({message:"ready",secret:t},"*")},!1)))}(window,document);
//# sourceURL=https://www.eldiario.net/portal/wp-includes/js/wp-embed.min.js
</script>

El Gobierno ordenó investigar la muerte del ministro de Trabajo, Erland Rodríguez, ocurrida ayer en su domicilio ubicado en la ciudad de El Alto en horas de la mañana. “Hemos instruido que se realicen las investigaciones sobre lo ocurrido”, sostiene una parte del comunicado emitido por el Viceministerio de Comunicación del Gobierno. Rodríguez participó ayer [&hellip;]
