{"version":"1.0","provider_name":"El Diario - Bolivia","provider_url":"https:\/\/www.eldiario.net\/portal","title":"Confirman 5 muertes tras enfrentamientos - El Diario - Bolivia","type":"rich","width":600,"height":338,"html":"<blockquote class=\"wp-embedded-content\" data-secret=\"WVsXRD2Yk8\"><a href=\"https:\/\/www.eldiario.net\/portal\/2025\/06\/13\/confirman-5-muertes-tras-enfrentamientos\/\">Confirman 5 muertes tras enfrentamientos<\/a><\/blockquote><iframe sandbox=\"allow-scripts\" security=\"restricted\" src=\"https:\/\/www.eldiario.net\/portal\/2025\/06\/13\/confirman-5-muertes-tras-enfrentamientos\/embed\/#?secret=WVsXRD2Yk8\" width=\"600\" height=\"338\" title=\"\u00abConfirman 5 muertes tras enfrentamientos\u00bb \u2014 El Diario - Bolivia\" data-secret=\"WVsXRD2Yk8\" frameborder=\"0\" marginwidth=\"0\" marginheight=\"0\" scrolling=\"no\" class=\"wp-embedded-content\"><\/iframe><script>\n\/*! This file is auto-generated *\/\n!function(d,l){\"use strict\";l.querySelector&&d.addEventListener&&\"undefined\"!=typeof URL&&(d.wp=d.wp||{},d.wp.receiveEmbedMessage||(d.wp.receiveEmbedMessage=function(e){var t=e.data;if((t||t.secret||t.message||t.value)&&!\/[^a-zA-Z0-9]\/.test(t.secret)){for(var s,r,n,a=l.querySelectorAll('iframe[data-secret=\"'+t.secret+'\"]'),o=l.querySelectorAll('blockquote[data-secret=\"'+t.secret+'\"]'),c=new RegExp(\"^https?:$\",\"i\"),i=0;i<o.length;i++)o[i].style.display=\"none\";for(i=0;i<a.length;i++)s=a[i],e.source===s.contentWindow&&(s.removeAttribute(\"style\"),\"height\"===t.message?(1e3<(r=parseInt(t.value,10))?r=1e3:~~r<200&&(r=200),s.height=r):\"link\"===t.message&&(r=new URL(s.getAttribute(\"src\")),n=new URL(t.value),c.test(n.protocol))&&n.host===r.host&&l.activeElement===s&&(d.top.location.href=t.value))}},d.addEventListener(\"message\",d.wp.receiveEmbedMessage,!1),l.addEventListener(\"DOMContentLoaded\",function(){for(var e,t,s=l.querySelectorAll(\"iframe.wp-embedded-content\"),r=0;r<s.length;r++)(t=(e=s[r]).getAttribute(\"data-secret\"))||(t=Math.random().toString(36).substring(2,12),e.src+=\"#?secret=\"+t,e.setAttribute(\"data-secret\",t)),e.contentWindow.postMessage({message:\"ready\",secret:t},\"*\")},!1)))}(window,document);\n\/\/# sourceURL=https:\/\/www.eldiario.net\/portal\/wp-includes\/js\/wp-embed.min.js\n<\/script>\n","thumbnail_url":"https:\/\/www.eldiario.net\/portal\/wp-content\/uploads\/2025\/06\/13-CINCO.webp","thumbnail_width":1054,"thumbnail_height":726,"description":"El ministro de Gobierno, Roberto R\u00edos Sanjin\u00e9s, confirm\u00f3 ayer que cuatro efectivos del orden y un civil perdieron la vida en medio de la violencia y enfrentamientos entre la Polic\u00eda y sectores sociales \u201cevistas\u201d en Potos\u00ed y Cochabamba, inform\u00f3 el ministro de Gobierno, Roberto R\u00edos. Las v\u00edctimas en la localidad potosina de Llallagua fueron identificadas [&hellip;]"}

El ministro de Gobierno, Roberto Ríos Sanjinés, confirmó ayer que cuatro efectivos del orden y un civil perdieron la vida en medio de la violencia y enfrentamientos entre la Policía y sectores sociales “evistas” en Potosí y Cochabamba, informó el ministro de Gobierno, Roberto Ríos. Las víctimas en la localidad potosina de Llallagua fueron identificadas [&hellip;]
