{"version":"1.0","provider_name":"El Diario - Bolivia","provider_url":"https:\/\/www.eldiario.net\/portal","title":"Ecuador empata con Brasil - El Diario - Bolivia","type":"rich","width":600,"height":338,"html":"<blockquote class=\"wp-embedded-content\" data-secret=\"Yo29DGb6A0\"><a href=\"https:\/\/www.eldiario.net\/portal\/2025\/06\/06\/ecuador-empata-con-brasil\/\">Ecuador empata con Brasil<\/a><\/blockquote><iframe sandbox=\"allow-scripts\" security=\"restricted\" src=\"https:\/\/www.eldiario.net\/portal\/2025\/06\/06\/ecuador-empata-con-brasil\/embed\/#?secret=Yo29DGb6A0\" width=\"600\" height=\"338\" title=\"\u00abEcuador empata con Brasil\u00bb \u2014 El Diario - Bolivia\" data-secret=\"Yo29DGb6A0\" frameborder=\"0\" marginwidth=\"0\" marginheight=\"0\" scrolling=\"no\" class=\"wp-embedded-content\"><\/iframe><script>\n\/*! This file is auto-generated *\/\n!function(d,l){\"use strict\";l.querySelector&&d.addEventListener&&\"undefined\"!=typeof URL&&(d.wp=d.wp||{},d.wp.receiveEmbedMessage||(d.wp.receiveEmbedMessage=function(e){var t=e.data;if((t||t.secret||t.message||t.value)&&!\/[^a-zA-Z0-9]\/.test(t.secret)){for(var s,r,n,a=l.querySelectorAll('iframe[data-secret=\"'+t.secret+'\"]'),o=l.querySelectorAll('blockquote[data-secret=\"'+t.secret+'\"]'),c=new RegExp(\"^https?:$\",\"i\"),i=0;i<o.length;i++)o[i].style.display=\"none\";for(i=0;i<a.length;i++)s=a[i],e.source===s.contentWindow&&(s.removeAttribute(\"style\"),\"height\"===t.message?(1e3<(r=parseInt(t.value,10))?r=1e3:~~r<200&&(r=200),s.height=r):\"link\"===t.message&&(r=new URL(s.getAttribute(\"src\")),n=new URL(t.value),c.test(n.protocol))&&n.host===r.host&&l.activeElement===s&&(d.top.location.href=t.value))}},d.addEventListener(\"message\",d.wp.receiveEmbedMessage,!1),l.addEventListener(\"DOMContentLoaded\",function(){for(var e,t,s=l.querySelectorAll(\"iframe.wp-embedded-content\"),r=0;r<s.length;r++)(t=(e=s[r]).getAttribute(\"data-secret\"))||(t=Math.random().toString(36).substring(2,12),e.src+=\"#?secret=\"+t,e.setAttribute(\"data-secret\",t)),e.contentWindow.postMessage({message:\"ready\",secret:t},\"*\")},!1)))}(window,document);\n\/\/# sourceURL=https:\/\/www.eldiario.net\/portal\/wp-includes\/js\/wp-embed.min.js\n<\/script>\n","thumbnail_url":"https:\/\/www.eldiario.net\/portal\/wp-content\/uploads\/2025\/06\/Ecuador.webp","thumbnail_width":959,"thumbnail_height":624,"description":"La selecci\u00f3n de Ecuador tendr\u00e1 que esperar al menos una jornada m\u00e1s para certificar su clasificaci\u00f3n al Mundial 2026 luego de empatar sin goles este jueves en el debut con Brasil del t\u00e9cnico Carlo Ancelotti en el estadio Monumental de Guayaquil. La Tri, que dirige el argentino Sebasti\u00e1n Becaccece, se mantiene segunda con 24 puntos, [&hellip;]"}

La selección de Ecuador tendrá que esperar al menos una jornada más para certificar su clasificación al Mundial 2026 luego de empatar sin goles este jueves en el debut con Brasil del técnico Carlo Ancelotti en el estadio Monumental de Guayaquil. La Tri, que dirige el argentino Sebastián Becaccece, se mantiene segunda con 24 puntos, [&hellip;]
