{"version":"1.0","provider_name":"El Diario - Bolivia","provider_url":"https:\/\/www.eldiario.net\/portal","title":"Argentina endurece su ley migratoria - El Diario - Bolivia","type":"rich","width":600,"height":338,"html":"<blockquote class=\"wp-embedded-content\" data-secret=\"8ME2zuCvhv\"><a href=\"https:\/\/www.eldiario.net\/portal\/2025\/05\/15\/argentina-endurece-su-ley-migratoria\/\">Argentina endurece  su ley migratoria<\/a><\/blockquote><iframe sandbox=\"allow-scripts\" security=\"restricted\" src=\"https:\/\/www.eldiario.net\/portal\/2025\/05\/15\/argentina-endurece-su-ley-migratoria\/embed\/#?secret=8ME2zuCvhv\" width=\"600\" height=\"338\" title=\"\u00abArgentina endurece  su ley migratoria\u00bb \u2014 El Diario - Bolivia\" data-secret=\"8ME2zuCvhv\" frameborder=\"0\" marginwidth=\"0\" marginheight=\"0\" scrolling=\"no\" class=\"wp-embedded-content\"><\/iframe><script>\n\/*! This file is auto-generated *\/\n!function(d,l){\"use strict\";l.querySelector&&d.addEventListener&&\"undefined\"!=typeof URL&&(d.wp=d.wp||{},d.wp.receiveEmbedMessage||(d.wp.receiveEmbedMessage=function(e){var t=e.data;if((t||t.secret||t.message||t.value)&&!\/[^a-zA-Z0-9]\/.test(t.secret)){for(var s,r,n,a=l.querySelectorAll('iframe[data-secret=\"'+t.secret+'\"]'),o=l.querySelectorAll('blockquote[data-secret=\"'+t.secret+'\"]'),c=new RegExp(\"^https?:$\",\"i\"),i=0;i<o.length;i++)o[i].style.display=\"none\";for(i=0;i<a.length;i++)s=a[i],e.source===s.contentWindow&&(s.removeAttribute(\"style\"),\"height\"===t.message?(1e3<(r=parseInt(t.value,10))?r=1e3:~~r<200&&(r=200),s.height=r):\"link\"===t.message&&(r=new URL(s.getAttribute(\"src\")),n=new URL(t.value),c.test(n.protocol))&&n.host===r.host&&l.activeElement===s&&(d.top.location.href=t.value))}},d.addEventListener(\"message\",d.wp.receiveEmbedMessage,!1),l.addEventListener(\"DOMContentLoaded\",function(){for(var e,t,s=l.querySelectorAll(\"iframe.wp-embedded-content\"),r=0;r<s.length;r++)(t=(e=s[r]).getAttribute(\"data-secret\"))||(t=Math.random().toString(36).substring(2,12),e.src+=\"#?secret=\"+t,e.setAttribute(\"data-secret\",t)),e.contentWindow.postMessage({message:\"ready\",secret:t},\"*\")},!1)))}(window,document);\n\/\/# sourceURL=https:\/\/www.eldiario.net\/portal\/wp-includes\/js\/wp-embed.min.js\n<\/script>\n","thumbnail_url":"https:\/\/www.eldiario.net\/portal\/wp-content\/uploads\/2025\/05\/URGEN-FOTO.jpg","thumbnail_width":781,"thumbnail_height":457,"description":"El Gobierno de Argentina anunci\u00f3 una serie de reformas para endurecer su pol\u00edtica migratoria, que van desde la expulsi\u00f3n de extranjeros condenados por cometer alg\u00fan delito, al cobro por recibir asistencia sanitaria a todas aquellas personas en situaci\u00f3n irregular o que cuenten con estatus de residencia temporal. El portavoz del Gobierno argentino, Manuel Adorni, ha [&hellip;]"}

El Gobierno de Argentina anunció una serie de reformas para endurecer su política migratoria, que van desde la expulsión de extranjeros condenados por cometer algún delito, al cobro por recibir asistencia sanitaria a todas aquellas personas en situación irregular o que cuenten con estatus de residencia temporal. El portavoz del Gobierno argentino, Manuel Adorni, ha [&hellip;]
