{"version":"1.0","provider_name":"El Diario - Bolivia","provider_url":"https:\/\/www.eldiario.net\/portal","title":"Rechazan libertad para Luis Fernando Camacho - El Diario - Bolivia","type":"rich","width":600,"height":338,"html":"<blockquote class=\"wp-embedded-content\" data-secret=\"liF6SgMeWU\"><a href=\"https:\/\/www.eldiario.net\/portal\/2025\/05\/03\/rechazan-libertad-para-luis-fernando-camacho\/\">Rechazan libertad para  Luis Fernando Camacho<\/a><\/blockquote><iframe sandbox=\"allow-scripts\" security=\"restricted\" src=\"https:\/\/www.eldiario.net\/portal\/2025\/05\/03\/rechazan-libertad-para-luis-fernando-camacho\/embed\/#?secret=liF6SgMeWU\" width=\"600\" height=\"338\" title=\"\u00abRechazan libertad para  Luis Fernando Camacho\u00bb \u2014 El Diario - Bolivia\" data-secret=\"liF6SgMeWU\" frameborder=\"0\" marginwidth=\"0\" marginheight=\"0\" scrolling=\"no\" class=\"wp-embedded-content\"><\/iframe><script>\n\/*! This file is auto-generated *\/\n!function(d,l){\"use strict\";l.querySelector&&d.addEventListener&&\"undefined\"!=typeof URL&&(d.wp=d.wp||{},d.wp.receiveEmbedMessage||(d.wp.receiveEmbedMessage=function(e){var t=e.data;if((t||t.secret||t.message||t.value)&&!\/[^a-zA-Z0-9]\/.test(t.secret)){for(var s,r,n,a=l.querySelectorAll('iframe[data-secret=\"'+t.secret+'\"]'),o=l.querySelectorAll('blockquote[data-secret=\"'+t.secret+'\"]'),c=new RegExp(\"^https?:$\",\"i\"),i=0;i<o.length;i++)o[i].style.display=\"none\";for(i=0;i<a.length;i++)s=a[i],e.source===s.contentWindow&&(s.removeAttribute(\"style\"),\"height\"===t.message?(1e3<(r=parseInt(t.value,10))?r=1e3:~~r<200&&(r=200),s.height=r):\"link\"===t.message&&(r=new URL(s.getAttribute(\"src\")),n=new URL(t.value),c.test(n.protocol))&&n.host===r.host&&l.activeElement===s&&(d.top.location.href=t.value))}},d.addEventListener(\"message\",d.wp.receiveEmbedMessage,!1),l.addEventListener(\"DOMContentLoaded\",function(){for(var e,t,s=l.querySelectorAll(\"iframe.wp-embedded-content\"),r=0;r<s.length;r++)(t=(e=s[r]).getAttribute(\"data-secret\"))||(t=Math.random().toString(36).substring(2,12),e.src+=\"#?secret=\"+t,e.setAttribute(\"data-secret\",t)),e.contentWindow.postMessage({message:\"ready\",secret:t},\"*\")},!1)))}(window,document);\n\/\/# sourceURL=https:\/\/www.eldiario.net\/portal\/wp-includes\/js\/wp-embed.min.js\n<\/script>\n","thumbnail_url":"https:\/\/www.eldiario.net\/portal\/wp-content\/uploads\/2025\/05\/Camacho-Bolivia.com_.jpg","thumbnail_width":800,"thumbnail_height":433,"description":"El Tribunal de Sentencia rechaz\u00f3 la modificaci\u00f3n de la detenci\u00f3n preventiva para el gobernador Luis Fernando Camacho, por lo que mantendr\u00e1 su detenci\u00f3n en el penal de Chonchocoro, esperando la sentencia que se emita por el caso \u201cGolpe I\u201d, inform\u00f3 el procurador Ricardo Condori. &nbsp;"}

El Tribunal de Sentencia rechazó la modificación de la detención preventiva para el gobernador Luis Fernando Camacho, por lo que mantendrá su detención en el penal de Chonchocoro, esperando la sentencia que se emita por el caso “Golpe I”, informó el procurador Ricardo Condori. &nbsp;
