{"version":"1.0","provider_name":"El Diario - Bolivia","provider_url":"https:\/\/www.eldiario.net\/portal","title":"UNTIL DAWN: NOCHE DE TERROR - El Diario - Bolivia","type":"rich","width":600,"height":338,"html":"<blockquote class=\"wp-embedded-content\" data-secret=\"QKUWXKbPGv\"><a href=\"https:\/\/www.eldiario.net\/portal\/2025\/04\/27\/until-dawn-noche-de-terror\/\">UNTIL DAWN: NOCHE DE TERROR<\/a><\/blockquote><iframe sandbox=\"allow-scripts\" security=\"restricted\" src=\"https:\/\/www.eldiario.net\/portal\/2025\/04\/27\/until-dawn-noche-de-terror\/embed\/#?secret=QKUWXKbPGv\" width=\"600\" height=\"338\" title=\"\u00abUNTIL DAWN: NOCHE DE TERROR\u00bb \u2014 El Diario - Bolivia\" data-secret=\"QKUWXKbPGv\" frameborder=\"0\" marginwidth=\"0\" marginheight=\"0\" scrolling=\"no\" class=\"wp-embedded-content\"><\/iframe><script>\n\/*! This file is auto-generated *\/\n!function(d,l){\"use strict\";l.querySelector&&d.addEventListener&&\"undefined\"!=typeof URL&&(d.wp=d.wp||{},d.wp.receiveEmbedMessage||(d.wp.receiveEmbedMessage=function(e){var t=e.data;if((t||t.secret||t.message||t.value)&&!\/[^a-zA-Z0-9]\/.test(t.secret)){for(var s,r,n,a=l.querySelectorAll('iframe[data-secret=\"'+t.secret+'\"]'),o=l.querySelectorAll('blockquote[data-secret=\"'+t.secret+'\"]'),c=new RegExp(\"^https?:$\",\"i\"),i=0;i<o.length;i++)o[i].style.display=\"none\";for(i=0;i<a.length;i++)s=a[i],e.source===s.contentWindow&&(s.removeAttribute(\"style\"),\"height\"===t.message?(1e3<(r=parseInt(t.value,10))?r=1e3:~~r<200&&(r=200),s.height=r):\"link\"===t.message&&(r=new URL(s.getAttribute(\"src\")),n=new URL(t.value),c.test(n.protocol))&&n.host===r.host&&l.activeElement===s&&(d.top.location.href=t.value))}},d.addEventListener(\"message\",d.wp.receiveEmbedMessage,!1),l.addEventListener(\"DOMContentLoaded\",function(){for(var e,t,s=l.querySelectorAll(\"iframe.wp-embedded-content\"),r=0;r<s.length;r++)(t=(e=s[r]).getAttribute(\"data-secret\"))||(t=Math.random().toString(36).substring(2,12),e.src+=\"#?secret=\"+t,e.setAttribute(\"data-secret\",t)),e.contentWindow.postMessage({message:\"ready\",secret:t},\"*\")},!1)))}(window,document);\n\/\/# sourceURL=https:\/\/www.eldiario.net\/portal\/wp-includes\/js\/wp-embed.min.js\n<\/script>\n","thumbnail_url":"https:\/\/www.eldiario.net\/portal\/wp-content\/uploads\/2025\/04\/UNTIL-DAWN-NOCHE-DE-TERROR-Terror.jpg","thumbnail_width":960,"thumbnail_height":1200,"description":"Un grupo pasa el fin de semana en un refugio de esqu\u00ed en el aniversario de la desaparici\u00f3n de sus amigos, sin saber que no est\u00e1n solos. En la silla del director de Until Dawn tenemos a David F. Sandberg, director de las dos pel\u00edculas de Shazam del antiguo Universo Extendido de DC, quien se [&hellip;]"}

Un grupo pasa el fin de semana en un refugio de esquí en el aniversario de la desaparición de sus amigos, sin saber que no están solos. En la silla del director de Until Dawn tenemos a David F. Sandberg, director de las dos películas de Shazam del antiguo Universo Extendido de DC, quien se [&hellip;]
