{"version":"1.0","provider_name":"El Diario - Bolivia","provider_url":"https:\/\/www.eldiario.net\/portal","title":"Seres El Alto reporta incremento de IRAs - El Diario - Bolivia","type":"rich","width":600,"height":338,"html":"<blockquote class=\"wp-embedded-content\" data-secret=\"n7GHqlwnfm\"><a href=\"https:\/\/www.eldiario.net\/portal\/2025\/04\/18\/seres-el-alto-reporta-incremento-de-iras\/\">Seres El Alto reporta  incremento de IRAs<\/a><\/blockquote><iframe sandbox=\"allow-scripts\" security=\"restricted\" src=\"https:\/\/www.eldiario.net\/portal\/2025\/04\/18\/seres-el-alto-reporta-incremento-de-iras\/embed\/#?secret=n7GHqlwnfm\" width=\"600\" height=\"338\" title=\"\u00abSeres El Alto reporta  incremento de IRAs\u00bb \u2014 El Diario - Bolivia\" data-secret=\"n7GHqlwnfm\" frameborder=\"0\" marginwidth=\"0\" marginheight=\"0\" scrolling=\"no\" class=\"wp-embedded-content\"><\/iframe><script>\n\/*! This file is auto-generated *\/\n!function(d,l){\"use strict\";l.querySelector&&d.addEventListener&&\"undefined\"!=typeof URL&&(d.wp=d.wp||{},d.wp.receiveEmbedMessage||(d.wp.receiveEmbedMessage=function(e){var t=e.data;if((t||t.secret||t.message||t.value)&&!\/[^a-zA-Z0-9]\/.test(t.secret)){for(var s,r,n,a=l.querySelectorAll('iframe[data-secret=\"'+t.secret+'\"]'),o=l.querySelectorAll('blockquote[data-secret=\"'+t.secret+'\"]'),c=new RegExp(\"^https?:$\",\"i\"),i=0;i<o.length;i++)o[i].style.display=\"none\";for(i=0;i<a.length;i++)s=a[i],e.source===s.contentWindow&&(s.removeAttribute(\"style\"),\"height\"===t.message?(1e3<(r=parseInt(t.value,10))?r=1e3:~~r<200&&(r=200),s.height=r):\"link\"===t.message&&(r=new URL(s.getAttribute(\"src\")),n=new URL(t.value),c.test(n.protocol))&&n.host===r.host&&l.activeElement===s&&(d.top.location.href=t.value))}},d.addEventListener(\"message\",d.wp.receiveEmbedMessage,!1),l.addEventListener(\"DOMContentLoaded\",function(){for(var e,t,s=l.querySelectorAll(\"iframe.wp-embedded-content\"),r=0;r<s.length;r++)(t=(e=s[r]).getAttribute(\"data-secret\"))||(t=Math.random().toString(36).substring(2,12),e.src+=\"#?secret=\"+t,e.setAttribute(\"data-secret\",t)),e.contentWindow.postMessage({message:\"ready\",secret:t},\"*\")},!1)))}(window,document);\n\/\/# sourceURL=https:\/\/www.eldiario.net\/portal\/wp-includes\/js\/wp-embed.min.js\n<\/script>\n","thumbnail_url":"https:\/\/www.eldiario.net\/portal\/wp-content\/uploads\/2023\/12\/Nacional.jpg","thumbnail_width":800,"thumbnail_height":500,"description":"De acuerdo con un reporte del Servicio Regional de Salud (Seres) El Alto, en la semana epidemiol\u00f3gica 15, la cantidad de casos de Infecciones Respiratorias Agudas (IRAs) se increment\u00f3 hasta en mil casos, inform\u00f3 el encargado de esa instancia de Salud, Ramiro Argollo. Ante esta situaci\u00f3n, el experto recomend\u00f3 a la poblaci\u00f3n retomar las medidas [&hellip;]"}

De acuerdo con un reporte del Servicio Regional de Salud (Seres) El Alto, en la semana epidemiológica 15, la cantidad de casos de Infecciones Respiratorias Agudas (IRAs) se incrementó hasta en mil casos, informó el encargado de esa instancia de Salud, Ramiro Argollo. Ante esta situación, el experto recomendó a la población retomar las medidas [&hellip;]
