{"version":"1.0","provider_name":"El Diario - Bolivia","provider_url":"https:\/\/www.eldiario.net\/portal","title":"\"Reflejos et\u00e9reos\" muestra individual de Fael Lara - El Diario - Bolivia","type":"rich","width":600,"height":338,"html":"<blockquote class=\"wp-embedded-content\" data-secret=\"SoPsEYMg2X\"><a href=\"https:\/\/www.eldiario.net\/portal\/2025\/04\/06\/reflejos-etereos-muestra-individual-de-fael-lara\/\">\u00abReflejos et\u00e9reos\u00bb muestra individual de Fael Lara<\/a><\/blockquote><iframe sandbox=\"allow-scripts\" security=\"restricted\" src=\"https:\/\/www.eldiario.net\/portal\/2025\/04\/06\/reflejos-etereos-muestra-individual-de-fael-lara\/embed\/#?secret=SoPsEYMg2X\" width=\"600\" height=\"338\" title=\"\u00ab\u00abReflejos et\u00e9reos\u00bb muestra individual de Fael Lara\u00bb \u2014 El Diario - Bolivia\" data-secret=\"SoPsEYMg2X\" frameborder=\"0\" marginwidth=\"0\" marginheight=\"0\" scrolling=\"no\" class=\"wp-embedded-content\"><\/iframe><script>\n\/*! This file is auto-generated *\/\n!function(d,l){\"use strict\";l.querySelector&&d.addEventListener&&\"undefined\"!=typeof URL&&(d.wp=d.wp||{},d.wp.receiveEmbedMessage||(d.wp.receiveEmbedMessage=function(e){var t=e.data;if((t||t.secret||t.message||t.value)&&!\/[^a-zA-Z0-9]\/.test(t.secret)){for(var s,r,n,a=l.querySelectorAll('iframe[data-secret=\"'+t.secret+'\"]'),o=l.querySelectorAll('blockquote[data-secret=\"'+t.secret+'\"]'),c=new RegExp(\"^https?:$\",\"i\"),i=0;i<o.length;i++)o[i].style.display=\"none\";for(i=0;i<a.length;i++)s=a[i],e.source===s.contentWindow&&(s.removeAttribute(\"style\"),\"height\"===t.message?(1e3<(r=parseInt(t.value,10))?r=1e3:~~r<200&&(r=200),s.height=r):\"link\"===t.message&&(r=new URL(s.getAttribute(\"src\")),n=new URL(t.value),c.test(n.protocol))&&n.host===r.host&&l.activeElement===s&&(d.top.location.href=t.value))}},d.addEventListener(\"message\",d.wp.receiveEmbedMessage,!1),l.addEventListener(\"DOMContentLoaded\",function(){for(var e,t,s=l.querySelectorAll(\"iframe.wp-embedded-content\"),r=0;r<s.length;r++)(t=(e=s[r]).getAttribute(\"data-secret\"))||(t=Math.random().toString(36).substring(2,12),e.src+=\"#?secret=\"+t,e.setAttribute(\"data-secret\",t)),e.contentWindow.postMessage({message:\"ready\",secret:t},\"*\")},!1)))}(window,document);\n\/\/# sourceURL=https:\/\/www.eldiario.net\/portal\/wp-includes\/js\/wp-embed.min.js\n<\/script>\n","thumbnail_url":"https:\/\/www.eldiario.net\/portal\/wp-content\/uploads\/2025\/04\/DSC_4421.jpg","thumbnail_width":1200,"thumbnail_height":801,"description":"Daniela M\u00e9rida Gallery, con el patrocinio de Laboratorios Bag\u00f3, presentan Reflejos Et\u00e9reos, la exposici\u00f3n individual del joven artista Fael Lara, miembro de la tercera generaci\u00f3n de la reconocida familia Lara. Esta muestra presenta una cuidadosa selecci\u00f3n de m\u00e1s de 170 piezas, en las que el artista explora la intersecci\u00f3n entre la tradici\u00f3n y la innovaci\u00f3n, [&hellip;]"}

"Reflejos etéreos" muestra individual de Fael Lara - El Diario - Bolivia

<blockquote class="wp-embedded-content" data-secret="SoPsEYMg2X"><a href="https://www.eldiario.net/portal/2025/04/06/reflejos-etereos-muestra-individual-de-fael-lara/">«Reflejos etéreos» muestra individual de Fael Lara</a></blockquote><iframe sandbox="allow-scripts" security="restricted" src="https://www.eldiario.net/portal/2025/04/06/reflejos-etereos-muestra-individual-de-fael-lara/embed/#?secret=SoPsEYMg2X" width="600" height="338" title="««Reflejos etéreos» muestra individual de Fael Lara» — El Diario - Bolivia" data-secret="SoPsEYMg2X" frameborder="0" marginwidth="0" marginheight="0" scrolling="no" class="wp-embedded-content"></iframe><script>
/*! This file is auto-generated */
!function(d,l){"use strict";l.querySelector&&d.addEventListener&&"undefined"!=typeof URL&&(d.wp=d.wp||{},d.wp.receiveEmbedMessage||(d.wp.receiveEmbedMessage=function(e){var t=e.data;if((t||t.secret||t.message||t.value)&&!/[^a-zA-Z0-9]/.test(t.secret)){for(var s,r,n,a=l.querySelectorAll('iframe[data-secret="'+t.secret+'"]'),o=l.querySelectorAll('blockquote[data-secret="'+t.secret+'"]'),c=new RegExp("^https?:$","i"),i=0;i<o.length;i++)o[i].style.display="none";for(i=0;i<a.length;i++)s=a[i],e.source===s.contentWindow&&(s.removeAttribute("style"),"height"===t.message?(1e3<(r=parseInt(t.value,10))?r=1e3:~~r<200&&(r=200),s.height=r):"link"===t.message&&(r=new URL(s.getAttribute("src")),n=new URL(t.value),c.test(n.protocol))&&n.host===r.host&&l.activeElement===s&&(d.top.location.href=t.value))}},d.addEventListener("message",d.wp.receiveEmbedMessage,!1),l.addEventListener("DOMContentLoaded",function(){for(var e,t,s=l.querySelectorAll("iframe.wp-embedded-content"),r=0;r<s.length;r++)(t=(e=s[r]).getAttribute("data-secret"))||(t=Math.random().toString(36).substring(2,12),e.src+="#?secret="+t,e.setAttribute("data-secret",t)),e.contentWindow.postMessage({message:"ready",secret:t},"*")},!1)))}(window,document);
//# sourceURL=https://www.eldiario.net/portal/wp-includes/js/wp-embed.min.js
</script>

Daniela Mérida Gallery, con el patrocinio de Laboratorios Bagó, presentan Reflejos Etéreos, la exposición individual del joven artista Fael Lara, miembro de la tercera generación de la reconocida familia Lara. Esta muestra presenta una cuidadosa selección de más de 170 piezas, en las que el artista explora la intersección entre la tradición y la innovación, [&hellip;]
