{"version":"1.0","provider_name":"El Diario - Bolivia","provider_url":"https:\/\/www.eldiario.net\/portal","title":"Proponen reconocer al agua como ser vivo - El Diario - Bolivia","type":"rich","width":600,"height":338,"html":"<blockquote class=\"wp-embedded-content\" data-secret=\"X8medSamFH\"><a href=\"https:\/\/www.eldiario.net\/portal\/2025\/03\/29\/proponen-reconocer-al-agua-como-ser-vivo\/\">Proponen reconocer al agua como ser vivo<\/a><\/blockquote><iframe sandbox=\"allow-scripts\" security=\"restricted\" src=\"https:\/\/www.eldiario.net\/portal\/2025\/03\/29\/proponen-reconocer-al-agua-como-ser-vivo\/embed\/#?secret=X8medSamFH\" width=\"600\" height=\"338\" title=\"\u00abProponen reconocer al agua como ser vivo\u00bb \u2014 El Diario - Bolivia\" data-secret=\"X8medSamFH\" frameborder=\"0\" marginwidth=\"0\" marginheight=\"0\" scrolling=\"no\" class=\"wp-embedded-content\"><\/iframe><script>\n\/*! This file is auto-generated *\/\n!function(d,l){\"use strict\";l.querySelector&&d.addEventListener&&\"undefined\"!=typeof URL&&(d.wp=d.wp||{},d.wp.receiveEmbedMessage||(d.wp.receiveEmbedMessage=function(e){var t=e.data;if((t||t.secret||t.message||t.value)&&!\/[^a-zA-Z0-9]\/.test(t.secret)){for(var s,r,n,a=l.querySelectorAll('iframe[data-secret=\"'+t.secret+'\"]'),o=l.querySelectorAll('blockquote[data-secret=\"'+t.secret+'\"]'),c=new RegExp(\"^https?:$\",\"i\"),i=0;i<o.length;i++)o[i].style.display=\"none\";for(i=0;i<a.length;i++)s=a[i],e.source===s.contentWindow&&(s.removeAttribute(\"style\"),\"height\"===t.message?(1e3<(r=parseInt(t.value,10))?r=1e3:~~r<200&&(r=200),s.height=r):\"link\"===t.message&&(r=new URL(s.getAttribute(\"src\")),n=new URL(t.value),c.test(n.protocol))&&n.host===r.host&&l.activeElement===s&&(d.top.location.href=t.value))}},d.addEventListener(\"message\",d.wp.receiveEmbedMessage,!1),l.addEventListener(\"DOMContentLoaded\",function(){for(var e,t,s=l.querySelectorAll(\"iframe.wp-embedded-content\"),r=0;r<s.length;r++)(t=(e=s[r]).getAttribute(\"data-secret\"))||(t=Math.random().toString(36).substring(2,12),e.src+=\"#?secret=\"+t,e.setAttribute(\"data-secret\",t)),e.contentWindow.postMessage({message:\"ready\",secret:t},\"*\")},!1)))}(window,document);\n\/\/# sourceURL=https:\/\/www.eldiario.net\/portal\/wp-includes\/js\/wp-embed.min.js\n<\/script>\n","thumbnail_url":"https:\/\/www.eldiario.net\/portal\/wp-content\/uploads\/2025\/03\/F1-AGUA.jpg","thumbnail_width":1600,"thumbnail_height":1066,"description":"Los profesionales de la Plataforma Boliviana Frente al Cambio Clim\u00e1tico (Pbfcc) proponen aprobar una norma en la que est\u00e1 su planteamiento de ver \u201cal agua como un ser vivo sujeto de derechos\u201d, adem\u00e1s que la tutela est\u00e9 a cargo de los pueblos originarios, se\u00f1al\u00f3 el secretario t\u00e9cnico de esa instancia Juan Carlos Alarc\u00f3n. \u201cNuestro planteamiento [&hellip;]"}

Los profesionales de la Plataforma Boliviana Frente al Cambio Climático (Pbfcc) proponen aprobar una norma en la que está su planteamiento de ver “al agua como un ser vivo sujeto de derechos”, además que la tutela esté a cargo de los pueblos originarios, señaló el secretario técnico de esa instancia Juan Carlos Alarcón. “Nuestro planteamiento [&hellip;]
