{"version":"1.0","provider_name":"El Diario - Bolivia","provider_url":"https:\/\/www.eldiario.net\/portal","title":"El martes se completa la plantilla - El Diario - Bolivia","type":"rich","width":600,"height":338,"html":"<blockquote class=\"wp-embedded-content\" data-secret=\"IpWn7MJ4Oa\"><a href=\"https:\/\/www.eldiario.net\/portal\/2025\/03\/15\/el-martes-se-completa-la-plantilla\/\">El martes se completa la plantilla<\/a><\/blockquote><iframe sandbox=\"allow-scripts\" security=\"restricted\" src=\"https:\/\/www.eldiario.net\/portal\/2025\/03\/15\/el-martes-se-completa-la-plantilla\/embed\/#?secret=IpWn7MJ4Oa\" width=\"600\" height=\"338\" title=\"\u00abEl martes se completa la plantilla\u00bb \u2014 El Diario - Bolivia\" data-secret=\"IpWn7MJ4Oa\" frameborder=\"0\" marginwidth=\"0\" marginheight=\"0\" scrolling=\"no\" class=\"wp-embedded-content\"><\/iframe><script>\n\/*! This file is auto-generated *\/\n!function(d,l){\"use strict\";l.querySelector&&d.addEventListener&&\"undefined\"!=typeof URL&&(d.wp=d.wp||{},d.wp.receiveEmbedMessage||(d.wp.receiveEmbedMessage=function(e){var t=e.data;if((t||t.secret||t.message||t.value)&&!\/[^a-zA-Z0-9]\/.test(t.secret)){for(var s,r,n,a=l.querySelectorAll('iframe[data-secret=\"'+t.secret+'\"]'),o=l.querySelectorAll('blockquote[data-secret=\"'+t.secret+'\"]'),c=new RegExp(\"^https?:$\",\"i\"),i=0;i<o.length;i++)o[i].style.display=\"none\";for(i=0;i<a.length;i++)s=a[i],e.source===s.contentWindow&&(s.removeAttribute(\"style\"),\"height\"===t.message?(1e3<(r=parseInt(t.value,10))?r=1e3:~~r<200&&(r=200),s.height=r):\"link\"===t.message&&(r=new URL(s.getAttribute(\"src\")),n=new URL(t.value),c.test(n.protocol))&&n.host===r.host&&l.activeElement===s&&(d.top.location.href=t.value))}},d.addEventListener(\"message\",d.wp.receiveEmbedMessage,!1),l.addEventListener(\"DOMContentLoaded\",function(){for(var e,t,s=l.querySelectorAll(\"iframe.wp-embedded-content\"),r=0;r<s.length;r++)(t=(e=s[r]).getAttribute(\"data-secret\"))||(t=Math.random().toString(36).substring(2,12),e.src+=\"#?secret=\"+t,e.setAttribute(\"data-secret\",t)),e.contentWindow.postMessage({message:\"ready\",secret:t},\"*\")},!1)))}(window,document);\n\/\/# sourceURL=https:\/\/www.eldiario.net\/portal\/wp-includes\/js\/wp-embed.min.js\n<\/script>\n","thumbnail_url":"https:\/\/www.eldiario.net\/portal\/wp-content\/uploads\/2025\/03\/FOTO-15.jpg","thumbnail_width":690,"thumbnail_height":665,"description":"El seleccionado boliviano de f\u00fatbol viajar\u00e1 el pr\u00f3ximo 18 a Lima en un vuelo charter, especialmente contratado para la delegaci\u00f3n. Seg\u00fan se inform\u00f3 desde la Federaci\u00f3n Boliviana de F\u00fatbol (FBF) el equipo cumplir\u00e1 un trabajo de entrenamiento el mismo martes 18 en los predios de Alianza Lima (en Per\u00fa) y esta ser\u00e1 la primera oportunidad [&hellip;]"}

El seleccionado boliviano de fútbol viajará el próximo 18 a Lima en un vuelo charter, especialmente contratado para la delegación. Según se informó desde la Federación Boliviana de Fútbol (FBF) el equipo cumplirá un trabajo de entrenamiento el mismo martes 18 en los predios de Alianza Lima (en Perú) y esta será la primera oportunidad [&hellip;]
