{"version":"1.0","provider_name":"El Diario - Bolivia","provider_url":"https:\/\/www.eldiario.net\/portal","title":"Camacho continuar\u00e1 en Chonchocoro - El Diario - Bolivia","type":"rich","width":600,"height":338,"html":"<blockquote class=\"wp-embedded-content\" data-secret=\"A93M90uJbp\"><a href=\"https:\/\/www.eldiario.net\/portal\/2025\/02\/15\/camacho-continuara-en-chonchocoro\/\">Camacho  continuar\u00e1 en  Chonchocoro<\/a><\/blockquote><iframe sandbox=\"allow-scripts\" security=\"restricted\" src=\"https:\/\/www.eldiario.net\/portal\/2025\/02\/15\/camacho-continuara-en-chonchocoro\/embed\/#?secret=A93M90uJbp\" width=\"600\" height=\"338\" title=\"\u00abCamacho  continuar\u00e1 en  Chonchocoro\u00bb \u2014 El Diario - Bolivia\" data-secret=\"A93M90uJbp\" frameborder=\"0\" marginwidth=\"0\" marginheight=\"0\" scrolling=\"no\" class=\"wp-embedded-content\"><\/iframe><script>\n\/*! This file is auto-generated *\/\n!function(d,l){\"use strict\";l.querySelector&&d.addEventListener&&\"undefined\"!=typeof URL&&(d.wp=d.wp||{},d.wp.receiveEmbedMessage||(d.wp.receiveEmbedMessage=function(e){var t=e.data;if((t||t.secret||t.message||t.value)&&!\/[^a-zA-Z0-9]\/.test(t.secret)){for(var s,r,n,a=l.querySelectorAll('iframe[data-secret=\"'+t.secret+'\"]'),o=l.querySelectorAll('blockquote[data-secret=\"'+t.secret+'\"]'),c=new RegExp(\"^https?:$\",\"i\"),i=0;i<o.length;i++)o[i].style.display=\"none\";for(i=0;i<a.length;i++)s=a[i],e.source===s.contentWindow&&(s.removeAttribute(\"style\"),\"height\"===t.message?(1e3<(r=parseInt(t.value,10))?r=1e3:~~r<200&&(r=200),s.height=r):\"link\"===t.message&&(r=new URL(s.getAttribute(\"src\")),n=new URL(t.value),c.test(n.protocol))&&n.host===r.host&&l.activeElement===s&&(d.top.location.href=t.value))}},d.addEventListener(\"message\",d.wp.receiveEmbedMessage,!1),l.addEventListener(\"DOMContentLoaded\",function(){for(var e,t,s=l.querySelectorAll(\"iframe.wp-embedded-content\"),r=0;r<s.length;r++)(t=(e=s[r]).getAttribute(\"data-secret\"))||(t=Math.random().toString(36).substring(2,12),e.src+=\"#?secret=\"+t,e.setAttribute(\"data-secret\",t)),e.contentWindow.postMessage({message:\"ready\",secret:t},\"*\")},!1)))}(window,document);\n\/\/# sourceURL=https:\/\/www.eldiario.net\/portal\/wp-includes\/js\/wp-embed.min.js\n<\/script>\n","thumbnail_url":"https:\/\/www.eldiario.net\/portal\/wp-content\/uploads\/2025\/02\/P-5-1.jpg","thumbnail_width":1280,"thumbnail_height":857,"description":"El gobernador electo de Santa Cruz, Luis Fernando Camacho, permanecer\u00e1 recluido en la c\u00e1rcel de Chonchocoro, debido a que el Tribunal Sexto de Sentencia Anticorrupci\u00f3n de La Paz rechaz\u00f3 ayer el pedido de cesar la detenci\u00f3n preventiva por el caso Golpe I. La defensa del Gobernador de Santa Cruz argument\u00f3 que Camacho padece de una [&hellip;]"}

Camacho continuará en Chonchocoro - El Diario - Bolivia

<blockquote class="wp-embedded-content" data-secret="A93M90uJbp"><a href="https://www.eldiario.net/portal/2025/02/15/camacho-continuara-en-chonchocoro/">Camacho  continuará en  Chonchocoro</a></blockquote><iframe sandbox="allow-scripts" security="restricted" src="https://www.eldiario.net/portal/2025/02/15/camacho-continuara-en-chonchocoro/embed/#?secret=A93M90uJbp" width="600" height="338" title="«Camacho  continuará en  Chonchocoro» — El Diario - Bolivia" data-secret="A93M90uJbp" frameborder="0" marginwidth="0" marginheight="0" scrolling="no" class="wp-embedded-content"></iframe><script>
/*! This file is auto-generated */
!function(d,l){"use strict";l.querySelector&&d.addEventListener&&"undefined"!=typeof URL&&(d.wp=d.wp||{},d.wp.receiveEmbedMessage||(d.wp.receiveEmbedMessage=function(e){var t=e.data;if((t||t.secret||t.message||t.value)&&!/[^a-zA-Z0-9]/.test(t.secret)){for(var s,r,n,a=l.querySelectorAll('iframe[data-secret="'+t.secret+'"]'),o=l.querySelectorAll('blockquote[data-secret="'+t.secret+'"]'),c=new RegExp("^https?:$","i"),i=0;i<o.length;i++)o[i].style.display="none";for(i=0;i<a.length;i++)s=a[i],e.source===s.contentWindow&&(s.removeAttribute("style"),"height"===t.message?(1e3<(r=parseInt(t.value,10))?r=1e3:~~r<200&&(r=200),s.height=r):"link"===t.message&&(r=new URL(s.getAttribute("src")),n=new URL(t.value),c.test(n.protocol))&&n.host===r.host&&l.activeElement===s&&(d.top.location.href=t.value))}},d.addEventListener("message",d.wp.receiveEmbedMessage,!1),l.addEventListener("DOMContentLoaded",function(){for(var e,t,s=l.querySelectorAll("iframe.wp-embedded-content"),r=0;r<s.length;r++)(t=(e=s[r]).getAttribute("data-secret"))||(t=Math.random().toString(36).substring(2,12),e.src+="#?secret="+t,e.setAttribute("data-secret",t)),e.contentWindow.postMessage({message:"ready",secret:t},"*")},!1)))}(window,document);
//# sourceURL=https://www.eldiario.net/portal/wp-includes/js/wp-embed.min.js
</script>

El gobernador electo de Santa Cruz, Luis Fernando Camacho, permanecerá recluido en la cárcel de Chonchocoro, debido a que el Tribunal Sexto de Sentencia Anticorrupción de La Paz rechazó ayer el pedido de cesar la detención preventiva por el caso Golpe I. La defensa del Gobernador de Santa Cruz argumentó que Camacho padece de una [&hellip;]
