{"version":"1.0","provider_name":"El Diario - Bolivia","provider_url":"https:\/\/www.eldiario.net\/portal","title":"Feriado departamental depende del Ministerio de Trabajo - El Diario - Bolivia","type":"rich","width":600,"height":338,"html":"<blockquote class=\"wp-embedded-content\" data-secret=\"g4JgRoVqgC\"><a href=\"https:\/\/www.eldiario.net\/portal\/2025\/02\/12\/feriado-departamental-depende-del-ministerio-de-trabajo\/\">Feriado departamental depende del Ministerio de Trabajo<\/a><\/blockquote><iframe sandbox=\"allow-scripts\" security=\"restricted\" src=\"https:\/\/www.eldiario.net\/portal\/2025\/02\/12\/feriado-departamental-depende-del-ministerio-de-trabajo\/embed\/#?secret=g4JgRoVqgC\" width=\"600\" height=\"338\" title=\"\u00abFeriado departamental depende del Ministerio de Trabajo\u00bb \u2014 El Diario - Bolivia\" data-secret=\"g4JgRoVqgC\" frameborder=\"0\" marginwidth=\"0\" marginheight=\"0\" scrolling=\"no\" class=\"wp-embedded-content\"><\/iframe><script>\n\/*! This file is auto-generated *\/\n!function(d,l){\"use strict\";l.querySelector&&d.addEventListener&&\"undefined\"!=typeof URL&&(d.wp=d.wp||{},d.wp.receiveEmbedMessage||(d.wp.receiveEmbedMessage=function(e){var t=e.data;if((t||t.secret||t.message||t.value)&&!\/[^a-zA-Z0-9]\/.test(t.secret)){for(var s,r,n,a=l.querySelectorAll('iframe[data-secret=\"'+t.secret+'\"]'),o=l.querySelectorAll('blockquote[data-secret=\"'+t.secret+'\"]'),c=new RegExp(\"^https?:$\",\"i\"),i=0;i<o.length;i++)o[i].style.display=\"none\";for(i=0;i<a.length;i++)s=a[i],e.source===s.contentWindow&&(s.removeAttribute(\"style\"),\"height\"===t.message?(1e3<(r=parseInt(t.value,10))?r=1e3:~~r<200&&(r=200),s.height=r):\"link\"===t.message&&(r=new URL(s.getAttribute(\"src\")),n=new URL(t.value),c.test(n.protocol))&&n.host===r.host&&l.activeElement===s&&(d.top.location.href=t.value))}},d.addEventListener(\"message\",d.wp.receiveEmbedMessage,!1),l.addEventListener(\"DOMContentLoaded\",function(){for(var e,t,s=l.querySelectorAll(\"iframe.wp-embedded-content\"),r=0;r<s.length;r++)(t=(e=s[r]).getAttribute(\"data-secret\"))||(t=Math.random().toString(36).substring(2,12),e.src+=\"#?secret=\"+t,e.setAttribute(\"data-secret\",t)),e.contentWindow.postMessage({message:\"ready\",secret:t},\"*\")},!1)))}(window,document);\n\/\/# sourceURL=https:\/\/www.eldiario.net\/portal\/wp-includes\/js\/wp-embed.min.js\n<\/script>\n","thumbnail_url":"https:\/\/www.eldiario.net\/portal\/wp-content\/uploads\/2025\/02\/12-NAL-COLOR-3.jpg","thumbnail_width":1280,"thumbnail_height":720,"description":"La vicepresidenta de la Asamblea Legislativa Departamental (ALD), Mavy Pedraza, dijo que se est\u00e1 esperando que el Ministerio de Trabajo d\u00e9 una respuesta sobre la aprobaci\u00f3n de la \u201cLey Departamental de Festejos de los 200 A\u00f1os de la Independencia de Santa Cruz\u201d, la cual establece el 14 de febrero de cada a\u00f1o en adelante como [&hellip;]"}

La vicepresidenta de la Asamblea Legislativa Departamental (ALD), Mavy Pedraza, dijo que se está esperando que el Ministerio de Trabajo dé una respuesta sobre la aprobación de la “Ley Departamental de Festejos de los 200 Años de la Independencia de Santa Cruz”, la cual establece el 14 de febrero de cada año en adelante como [&hellip;]
