{"version":"1.0","provider_name":"El Diario - Bolivia","provider_url":"https:\/\/www.eldiario.net\/portal","title":"Dictadura gubernamental - El Diario - Bolivia","type":"rich","width":600,"height":338,"html":"<blockquote class=\"wp-embedded-content\" data-secret=\"pJpZauKNQA\"><a href=\"https:\/\/www.eldiario.net\/portal\/2025\/01\/27\/dictadura-gubernamental\/\">Dictadura gubernamental<\/a><\/blockquote><iframe sandbox=\"allow-scripts\" security=\"restricted\" src=\"https:\/\/www.eldiario.net\/portal\/2025\/01\/27\/dictadura-gubernamental\/embed\/#?secret=pJpZauKNQA\" width=\"600\" height=\"338\" title=\"\u00abDictadura gubernamental\u00bb \u2014 El Diario - Bolivia\" data-secret=\"pJpZauKNQA\" frameborder=\"0\" marginwidth=\"0\" marginheight=\"0\" scrolling=\"no\" class=\"wp-embedded-content\"><\/iframe><script>\n\/*! This file is auto-generated *\/\n!function(d,l){\"use strict\";l.querySelector&&d.addEventListener&&\"undefined\"!=typeof URL&&(d.wp=d.wp||{},d.wp.receiveEmbedMessage||(d.wp.receiveEmbedMessage=function(e){var t=e.data;if((t||t.secret||t.message||t.value)&&!\/[^a-zA-Z0-9]\/.test(t.secret)){for(var s,r,n,a=l.querySelectorAll('iframe[data-secret=\"'+t.secret+'\"]'),o=l.querySelectorAll('blockquote[data-secret=\"'+t.secret+'\"]'),c=new RegExp(\"^https?:$\",\"i\"),i=0;i<o.length;i++)o[i].style.display=\"none\";for(i=0;i<a.length;i++)s=a[i],e.source===s.contentWindow&&(s.removeAttribute(\"style\"),\"height\"===t.message?(1e3<(r=parseInt(t.value,10))?r=1e3:~~r<200&&(r=200),s.height=r):\"link\"===t.message&&(r=new URL(s.getAttribute(\"src\")),n=new URL(t.value),c.test(n.protocol))&&n.host===r.host&&l.activeElement===s&&(d.top.location.href=t.value))}},d.addEventListener(\"message\",d.wp.receiveEmbedMessage,!1),l.addEventListener(\"DOMContentLoaded\",function(){for(var e,t,s=l.querySelectorAll(\"iframe.wp-embedded-content\"),r=0;r<s.length;r++)(t=(e=s[r]).getAttribute(\"data-secret\"))||(t=Math.random().toString(36).substring(2,12),e.src+=\"#?secret=\"+t,e.setAttribute(\"data-secret\",t)),e.contentWindow.postMessage({message:\"ready\",secret:t},\"*\")},!1)))}(window,document);\n\/\/# sourceURL=https:\/\/www.eldiario.net\/portal\/wp-includes\/js\/wp-embed.min.js\n<\/script>\n","thumbnail_url":"https:\/\/www.eldiario.net\/portal\/wp-content\/uploads\/2023\/06\/Severo-Cruz-1.jpg","thumbnail_width":1200,"thumbnail_height":628,"description":"Para alguna gente que se apart\u00f3 del tronco matriz del partido oficialista habr\u00eda una dictadura gubernamental en Bolivia. Una persecuci\u00f3n pol\u00edtica con la consiguiente conculcaci\u00f3n de la libertad. Posibles hechos de corrupci\u00f3n. Por el af\u00e1n de perpetuarse en el ejecutivo. La tendencia a derechizar el instrumento pol\u00edtico de los movimientos sociales. Posiblemente esa gente respira [&hellip;]"}

Para alguna gente que se apartó del tronco matriz del partido oficialista habría una dictadura gubernamental en Bolivia. Una persecución política con la consiguiente conculcación de la libertad. Posibles hechos de corrupción. Por el afán de perpetuarse en el ejecutivo. La tendencia a derechizar el instrumento político de los movimientos sociales. Posiblemente esa gente respira [&hellip;]
