{"version":"1.0","provider_name":"El Diario - Bolivia","provider_url":"https:\/\/www.eldiario.net\/portal","title":"Bol\u00edvar suma jugadores \"en silencio\" - El Diario - Bolivia","type":"rich","width":600,"height":338,"html":"<blockquote class=\"wp-embedded-content\" data-secret=\"XR1L6w50h9\"><a href=\"https:\/\/www.eldiario.net\/portal\/2025\/01\/19\/bolivar-suma-jugadores-en-silencio\/\">Bol\u00edvar suma jugadores \u00aben silencio\u00bb<\/a><\/blockquote><iframe sandbox=\"allow-scripts\" security=\"restricted\" src=\"https:\/\/www.eldiario.net\/portal\/2025\/01\/19\/bolivar-suma-jugadores-en-silencio\/embed\/#?secret=XR1L6w50h9\" width=\"600\" height=\"338\" title=\"\u00abBol\u00edvar suma jugadores \u00aben silencio\u00bb\u00bb \u2014 El Diario - Bolivia\" data-secret=\"XR1L6w50h9\" frameborder=\"0\" marginwidth=\"0\" marginheight=\"0\" scrolling=\"no\" class=\"wp-embedded-content\"><\/iframe><script>\n\/*! This file is auto-generated *\/\n!function(d,l){\"use strict\";l.querySelector&&d.addEventListener&&\"undefined\"!=typeof URL&&(d.wp=d.wp||{},d.wp.receiveEmbedMessage||(d.wp.receiveEmbedMessage=function(e){var t=e.data;if((t||t.secret||t.message||t.value)&&!\/[^a-zA-Z0-9]\/.test(t.secret)){for(var s,r,n,a=l.querySelectorAll('iframe[data-secret=\"'+t.secret+'\"]'),o=l.querySelectorAll('blockquote[data-secret=\"'+t.secret+'\"]'),c=new RegExp(\"^https?:$\",\"i\"),i=0;i<o.length;i++)o[i].style.display=\"none\";for(i=0;i<a.length;i++)s=a[i],e.source===s.contentWindow&&(s.removeAttribute(\"style\"),\"height\"===t.message?(1e3<(r=parseInt(t.value,10))?r=1e3:~~r<200&&(r=200),s.height=r):\"link\"===t.message&&(r=new URL(s.getAttribute(\"src\")),n=new URL(t.value),c.test(n.protocol))&&n.host===r.host&&l.activeElement===s&&(d.top.location.href=t.value))}},d.addEventListener(\"message\",d.wp.receiveEmbedMessage,!1),l.addEventListener(\"DOMContentLoaded\",function(){for(var e,t,s=l.querySelectorAll(\"iframe.wp-embedded-content\"),r=0;r<s.length;r++)(t=(e=s[r]).getAttribute(\"data-secret\"))||(t=Math.random().toString(36).substring(2,12),e.src+=\"#?secret=\"+t,e.setAttribute(\"data-secret\",t)),e.contentWindow.postMessage({message:\"ready\",secret:t},\"*\")},!1)))}(window,document);\n\/\/# sourceURL=https:\/\/www.eldiario.net\/portal\/wp-includes\/js\/wp-embed.min.js\n<\/script>\n","thumbnail_url":"https:\/\/www.eldiario.net\/portal\/wp-content\/uploads\/2025\/01\/BOLIVAR.jpg","thumbnail_width":823,"thumbnail_height":555,"description":"El defensor argentino Miguel \u00c1ngel Torren, de 36 a\u00f1os, lleg\u00f3 al pa\u00eds como la primera contrataci\u00f3n del club Bol\u00edvar \u2013salvo que ocurra alg\u00fan inconveniente\u2013, sin dar declaraciones en el aeropuerto internacional. Tampoco fue anunciado por el presidente Marcelo Claure ni en las redes oficiales del club pace\u00f1o. El primer refuerzo de la Academia (campe\u00f3n defensor) [&hellip;]"}

Bolívar suma jugadores "en silencio" - El Diario - Bolivia

<blockquote class="wp-embedded-content" data-secret="XR1L6w50h9"><a href="https://www.eldiario.net/portal/2025/01/19/bolivar-suma-jugadores-en-silencio/">Bolívar suma jugadores «en silencio»</a></blockquote><iframe sandbox="allow-scripts" security="restricted" src="https://www.eldiario.net/portal/2025/01/19/bolivar-suma-jugadores-en-silencio/embed/#?secret=XR1L6w50h9" width="600" height="338" title="«Bolívar suma jugadores «en silencio»» — El Diario - Bolivia" data-secret="XR1L6w50h9" frameborder="0" marginwidth="0" marginheight="0" scrolling="no" class="wp-embedded-content"></iframe><script>
/*! This file is auto-generated */
!function(d,l){"use strict";l.querySelector&&d.addEventListener&&"undefined"!=typeof URL&&(d.wp=d.wp||{},d.wp.receiveEmbedMessage||(d.wp.receiveEmbedMessage=function(e){var t=e.data;if((t||t.secret||t.message||t.value)&&!/[^a-zA-Z0-9]/.test(t.secret)){for(var s,r,n,a=l.querySelectorAll('iframe[data-secret="'+t.secret+'"]'),o=l.querySelectorAll('blockquote[data-secret="'+t.secret+'"]'),c=new RegExp("^https?:$","i"),i=0;i<o.length;i++)o[i].style.display="none";for(i=0;i<a.length;i++)s=a[i],e.source===s.contentWindow&&(s.removeAttribute("style"),"height"===t.message?(1e3<(r=parseInt(t.value,10))?r=1e3:~~r<200&&(r=200),s.height=r):"link"===t.message&&(r=new URL(s.getAttribute("src")),n=new URL(t.value),c.test(n.protocol))&&n.host===r.host&&l.activeElement===s&&(d.top.location.href=t.value))}},d.addEventListener("message",d.wp.receiveEmbedMessage,!1),l.addEventListener("DOMContentLoaded",function(){for(var e,t,s=l.querySelectorAll("iframe.wp-embedded-content"),r=0;r<s.length;r++)(t=(e=s[r]).getAttribute("data-secret"))||(t=Math.random().toString(36).substring(2,12),e.src+="#?secret="+t,e.setAttribute("data-secret",t)),e.contentWindow.postMessage({message:"ready",secret:t},"*")},!1)))}(window,document);
//# sourceURL=https://www.eldiario.net/portal/wp-includes/js/wp-embed.min.js
</script>

El defensor argentino Miguel Ángel Torren, de 36 años, llegó al país como la primera contratación del club Bolívar –salvo que ocurra algún inconveniente–, sin dar declaraciones en el aeropuerto internacional. Tampoco fue anunciado por el presidente Marcelo Claure ni en las redes oficiales del club paceño. El primer refuerzo de la Academia (campeón defensor) [&hellip;]
