{"version":"1.0","provider_name":"El Diario - Bolivia","provider_url":"https:\/\/www.eldiario.net\/portal","title":"Haitianos huyen por violencia - El Diario - Bolivia","type":"rich","width":600,"height":338,"html":"<blockquote class=\"wp-embedded-content\" data-secret=\"NG1n4NczZR\"><a href=\"https:\/\/www.eldiario.net\/portal\/2025\/01\/15\/haitianos-huyen-por-violencia\/\">Haitianos huyen por violencia<\/a><\/blockquote><iframe sandbox=\"allow-scripts\" security=\"restricted\" src=\"https:\/\/www.eldiario.net\/portal\/2025\/01\/15\/haitianos-huyen-por-violencia\/embed\/#?secret=NG1n4NczZR\" width=\"600\" height=\"338\" title=\"\u00abHaitianos huyen por violencia\u00bb \u2014 El Diario - Bolivia\" data-secret=\"NG1n4NczZR\" frameborder=\"0\" marginwidth=\"0\" marginheight=\"0\" scrolling=\"no\" class=\"wp-embedded-content\"><\/iframe><script>\n\/*! This file is auto-generated *\/\n!function(d,l){\"use strict\";l.querySelector&&d.addEventListener&&\"undefined\"!=typeof URL&&(d.wp=d.wp||{},d.wp.receiveEmbedMessage||(d.wp.receiveEmbedMessage=function(e){var t=e.data;if((t||t.secret||t.message||t.value)&&!\/[^a-zA-Z0-9]\/.test(t.secret)){for(var s,r,n,a=l.querySelectorAll('iframe[data-secret=\"'+t.secret+'\"]'),o=l.querySelectorAll('blockquote[data-secret=\"'+t.secret+'\"]'),c=new RegExp(\"^https?:$\",\"i\"),i=0;i<o.length;i++)o[i].style.display=\"none\";for(i=0;i<a.length;i++)s=a[i],e.source===s.contentWindow&&(s.removeAttribute(\"style\"),\"height\"===t.message?(1e3<(r=parseInt(t.value,10))?r=1e3:~~r<200&&(r=200),s.height=r):\"link\"===t.message&&(r=new URL(s.getAttribute(\"src\")),n=new URL(t.value),c.test(n.protocol))&&n.host===r.host&&l.activeElement===s&&(d.top.location.href=t.value))}},d.addEventListener(\"message\",d.wp.receiveEmbedMessage,!1),l.addEventListener(\"DOMContentLoaded\",function(){for(var e,t,s=l.querySelectorAll(\"iframe.wp-embedded-content\"),r=0;r<s.length;r++)(t=(e=s[r]).getAttribute(\"data-secret\"))||(t=Math.random().toString(36).substring(2,12),e.src+=\"#?secret=\"+t,e.setAttribute(\"data-secret\",t)),e.contentWindow.postMessage({message:\"ready\",secret:t},\"*\")},!1)))}(window,document);\n\/\/# sourceURL=https:\/\/www.eldiario.net\/portal\/wp-includes\/js\/wp-embed.min.js\n<\/script>\n","thumbnail_url":"https:\/\/www.eldiario.net\/portal\/wp-content\/uploads\/2025\/01\/P-4-10-cm-x-7-1.webp","thumbnail_width":1200,"thumbnail_height":675,"description":"El recrudecimiento de la violencia de las bandas en Hait\u00ed ha triplicado en un a\u00f1o el n\u00famero de personas desplazadas de sus hogares, seg\u00fan inform\u00f3 el martes la Organizaci\u00f3n Internacional para las Migraciones (OIM), que hace un llamado a mantener la ayuda humanitaria para poder salvar y proteger vidas."}

El recrudecimiento de la violencia de las bandas en Haití ha triplicado en un año el número de personas desplazadas de sus hogares, según informó el martes la Organización Internacional para las Migraciones (OIM), que hace un llamado a mantener la ayuda humanitaria para poder salvar y proteger vidas.
